INSERT INTO `city` (`CityId`, `CityName`, `StateId`, `Active`, `RecordId`, `CreatedBy`, `CreatedAt`, `UpdatedBy`, `UpdatedAt`) VALUES
(32527, 'Zambrow', 2879, 0, NULL, 0, '2023-11-23 05:24:32', 0, '0000-00-00 00:00:00'),
(32528, 'Bogumilowice', 2880, 0, NULL, 0, '2023-11-23 05:24:32', 0, '0000-00-00 00:00:00'),
(32529, 'Bytow', 2881, 0, NULL, 0, '2023-11-23 05:24:32', 0, '0000-00-00 00:00:00'),
(32530, 'Chojnice', 2881, 0, NULL, 0, '2023-11-23 05:24:32', 0, '0000-00-00 00:00:00'),
(32531, 'Czersk', 2881, 0, NULL, 0, '2023-11-23 05:24:32', 0, '0000-00-00 00:00:00'),
(32532, 'Czluchow', 2881, 0, NULL, 0, '2023-11-23 05:24:32', 0, '0000-00-00 00:00:00'),
(32533, 'Gdansk', 2881, 0, NULL, 0, '2023-11-23 05:24:32', 0, '0000-00-00 00:00:00'),
(32534, 'Gdynia', 2881, 0, NULL, 0, '2023-11-23 05:24:32', 0, '0000-00-00 00:00:00'),
(32535, 'Kartuzy', 2881, 0, NULL, 0, '2023-11-23 05:24:32', 0, '0000-00-00 00:00:00'),
(32536, 'Koscierzyna', 2881, 0, NULL, 0, '2023-11-23 05:24:32', 0, '0000-00-00 00:00:00'),
(32537, 'Kwidzyn', 2881, 0, NULL, 0, '2023-11-23 05:24:32', 0, '0000-00-00 00:00:00'),
(32538, 'Lebork', 2881, 0, NULL, 0, '2023-11-23 05:24:32', 0, '0000-00-00 00:00:00'),
(32539, 'Malbork', 2881, 0, NULL, 0, '2023-11-23 05:24:32', 0, '0000-00-00 00:00:00'),
(32540, 'Miastko', 2881, 0, NULL, 0, '2023-11-23 05:24:32', 0, '0000-00-00 00:00:00'),
(32541, 'Nowy Dwor Gdanski', 2881, 0, NULL, 0, '2023-11-23 05:24:32', 0, '0000-00-00 00:00:00'),
(32542, 'Pruszcz Gdanski', 2881, 0, NULL, 0, '2023-11-23 05:24:32', 0, '0000-00-00 00:00:00'),
(32543, 'Puck', 2881, 0, NULL, 0, '2023-11-23 05:24:32', 0, '0000-00-00 00:00:00'),
(32544, 'Reda', 2881, 0, NULL, 0, '2023-11-23 05:24:32', 0, '0000-00-00 00:00:00'),
(32545, 'Rumia', 2881, 0, NULL, 0, '2023-11-23 05:24:32', 0, '0000-00-00 00:00:00'),
(32546, 'Slupsk', 2881, 0, NULL, 0, '2023-11-23 05:24:32', 0, '0000-00-00 00:00:00'),
(32547, 'Sopot', 2881, 0, NULL, 0, '2023-11-23 05:24:32', 0, '0000-00-00 00:00:00'),
(32548, 'Starogard Gdanski', 2881, 0, NULL, 0, '2023-11-23 05:24:32', 0, '0000-00-00 00:00:00'),
(32549, 'Sztum', 2881, 0, NULL, 0, '2023-11-23 05:24:32', 0, '0000-00-00 00:00:00'),
(32550, 'Tczew', 2881, 0, NULL, 0, '2023-11-23 05:24:32', 0, '0000-00-00 00:00:00'),
(32551, 'Ustka', 2881, 0, NULL, 0, '2023-11-23 05:24:32', 0, '0000-00-00 00:00:00'),
(32552, 'Wejherowo', 2881, 0, NULL, 0, '2023-11-23 05:24:32', 0, '0000-00-00 00:00:00'),
(32553, 'Wladyslawowo', 2881, 0, NULL, 0, '2023-11-23 05:24:32', 0, '0000-00-00 00:00:00'),
(32554, 'Komorniki', 2882, 0, NULL, 0, '2023-11-23 05:24:32', 0, '0000-00-00 00:00:00'),
(32555, 'Steszew', 2882, 0, NULL, 0, '2023-11-23 05:24:32', 0, '0000-00-00 00:00:00'),
(32556, 'Raszyn', 2883, 0, NULL, 0, '2023-11-23 05:24:32', 0, '0000-00-00 00:00:00'),
(32557, 'Rymanowska', 2884, 0, NULL, 0, '2023-11-23 05:24:32', 0, '0000-00-00 00:00:00'),
(32558, 'Glogow Malopolski', 2885, 0, NULL, 0, '2023-11-23 05:24:32', 0, '0000-00-00 00:00:00'),
(32559, 'Bedzin', 2886, 0, NULL, 0, '2023-11-23 05:24:32', 0, '0000-00-00 00:00:00'),
(32560, 'Bielsko-Biala', 2886, 0, NULL, 0, '2023-11-23 05:24:32', 0, '0000-00-00 00:00:00'),
(32561, 'Bierun', 2886, 0, NULL, 0, '2023-11-23 05:24:32', 0, '0000-00-00 00:00:00'),
(32562, 'Blachowania', 2886, 0, NULL, 0, '2023-11-23 05:24:32', 0, '0000-00-00 00:00:00'),
(32563, 'Bytom', 2886, 0, NULL, 0, '2023-11-23 05:24:32', 0, '0000-00-00 00:00:00'),
(32564, 'Chorzow', 2886, 0, NULL, 0, '2023-11-23 05:24:32', 0, '0000-00-00 00:00:00'),
(32565, 'Cieszyn', 2886, 0, NULL, 0, '2023-11-23 05:24:32', 0, '0000-00-00 00:00:00'),
(32566, 'Czechowice-Dziedzice', 2886, 0, NULL, 0, '2023-11-23 05:24:32', 0, '0000-00-00 00:00:00'),
(32567, 'Czeladz', 2886, 0, NULL, 0, '2023-11-23 05:24:32', 0, '0000-00-00 00:00:00'),
(32568, 'Czerwionka-Leszczyny', 2886, 0, NULL, 0, '2023-11-23 05:24:32', 0, '0000-00-00 00:00:00'),
(32569, 'Czestochowa', 2886, 0, NULL, 0, '2023-11-23 05:24:32', 0, '0000-00-00 00:00:00'),
(32570, 'Dabrowa Gornicza', 2886, 0, NULL, 0, '2023-11-23 05:24:32', 0, '0000-00-00 00:00:00'),
(32571, 'Gliwice', 2886, 0, NULL, 0, '2023-11-23 05:24:32', 0, '0000-00-00 00:00:00'),
(32572, 'Jastrzebie-Zdroj', 2886, 0, NULL, 0, '2023-11-23 05:24:32', 0, '0000-00-00 00:00:00'),
(32573, 'Jaworzno', 2886, 0, NULL, 0, '2023-11-23 05:24:32', 0, '0000-00-00 00:00:00'),
(32574, 'Kalety', 2886, 0, NULL, 0, '2023-11-23 05:24:32', 0, '0000-00-00 00:00:00'),
(32575, 'Katowice', 2886, 0, NULL, 0, '2023-11-23 05:24:32', 0, '0000-00-00 00:00:00'),
(32576, 'Klobuck', 2886, 0, NULL, 0, '2023-11-23 05:24:32', 0, '0000-00-00 00:00:00'),
(32577, 'Knurow', 2886, 0, NULL, 0, '2023-11-23 05:24:32', 0, '0000-00-00 00:00:00'),
(32578, 'Laziska Gorne', 2886, 0, NULL, 0, '2023-11-23 05:24:32', 0, '0000-00-00 00:00:00'),
(32579, 'Ledziny', 2886, 0, NULL, 0, '2023-11-23 05:24:32', 0, '0000-00-00 00:00:00'),
(32580, 'Lubliniec', 2886, 0, NULL, 0, '2023-11-23 05:24:32', 0, '0000-00-00 00:00:00'),
(32581, 'Mikolow', 2886, 0, NULL, 0, '2023-11-23 05:24:32', 0, '0000-00-00 00:00:00'),
(32582, 'Myslowice', 2886, 0, NULL, 0, '2023-11-23 05:24:32', 0, '0000-00-00 00:00:00'),
(32583, 'Myszkow', 2886, 0, NULL, 0, '2023-11-23 05:24:32', 0, '0000-00-00 00:00:00'),
(32584, 'Orzesze', 2886, 0, NULL, 0, '2023-11-23 05:24:32', 0, '0000-00-00 00:00:00'),
(32585, 'Piekary Slaskie', 2886, 0, NULL, 0, '2023-11-23 05:24:32', 0, '0000-00-00 00:00:00'),
(32586, 'Poreba', 2886, 0, NULL, 0, '2023-11-23 05:24:32', 0, '0000-00-00 00:00:00'),
(32587, 'Pszczyna', 2886, 0, NULL, 0, '2023-11-23 05:24:32', 0, '0000-00-00 00:00:00'),
(32588, 'Pszow', 2886, 0, NULL, 0, '2023-11-23 05:24:32', 0, '0000-00-00 00:00:00'),
(32589, 'Pyskowice', 2886, 0, NULL, 0, '2023-11-23 05:24:32', 0, '0000-00-00 00:00:00'),
(32590, 'Raciborz', 2886, 0, NULL, 0, '2023-11-23 05:24:32', 0, '0000-00-00 00:00:00'),
(32591, 'Radlin', 2886, 0, NULL, 0, '2023-11-23 05:24:32', 0, '0000-00-00 00:00:00'),
(32592, 'Radzionkow', 2886, 0, NULL, 0, '2023-11-23 05:24:32', 0, '0000-00-00 00:00:00'),
(32593, 'Ruda Slaska', 2886, 0, NULL, 0, '2023-11-23 05:24:32', 0, '0000-00-00 00:00:00'),
(32594, 'Rybnik', 2886, 0, NULL, 0, '2023-11-23 05:24:32', 0, '0000-00-00 00:00:00'),
(32595, 'Rydultowy', 2886, 0, NULL, 0, '2023-11-23 05:24:32', 0, '0000-00-00 00:00:00'),
(32596, 'Siemianowice Slaskie', 2886, 0, NULL, 0, '2023-11-23 05:24:32', 0, '0000-00-00 00:00:00'),
(32597, 'Skoczow', 2886, 0, NULL, 0, '2023-11-23 05:24:32', 0, '0000-00-00 00:00:00'),
(32598, 'Sosnowiec', 2886, 0, NULL, 0, '2023-11-23 05:24:32', 0, '0000-00-00 00:00:00'),
(32599, 'Swietochlowice', 2886, 0, NULL, 0, '2023-11-23 05:24:32', 0, '0000-00-00 00:00:00'),
(32600, 'Tarnowskie Gory', 2886, 0, NULL, 0, '2023-11-23 05:24:32', 0, '0000-00-00 00:00:00'),
(32601, 'Tychy', 2886, 0, NULL, 0, '2023-11-23 05:24:32', 0, '0000-00-00 00:00:00'),
(32602, 'Ustron', 2886, 0, NULL, 0, '2023-11-23 05:24:32', 0, '0000-00-00 00:00:00'),
(32603, 'Wisla', 2886, 0, NULL, 0, '2023-11-23 05:24:32', 0, '0000-00-00 00:00:00'),
(32604, 'Wodzislaw Slaski', 2886, 0, NULL, 0, '2023-11-23 05:24:32', 0, '0000-00-00 00:00:00'),
(32605, 'Wojkowice', 2886, 0, NULL, 0, '2023-11-23 05:24:32', 0, '0000-00-00 00:00:00'),
(32606, 'Zabrze', 2886, 0, NULL, 0, '2023-11-23 05:24:32', 0, '0000-00-00 00:00:00'),
(32607, 'Zawiercie', 2886, 0, NULL, 0, '2023-11-23 05:24:32', 0, '0000-00-00 00:00:00'),
(32608, 'Zory', 2886, 0, NULL, 0, '2023-11-23 05:24:32', 0, '0000-00-00 00:00:00'),
(32609, 'Zywiec', 2886, 0, NULL, 0, '2023-11-23 05:24:32', 0, '0000-00-00 00:00:00'),
(32610, 'Busko-Zdroj', 2888, 0, NULL, 0, '2023-11-23 05:24:32', 0, '0000-00-00 00:00:00'),
(32611, 'Jedrzejow', 2888, 0, NULL, 0, '2023-11-23 05:24:32', 0, '0000-00-00 00:00:00'),
(32612, 'Kielce', 2888, 0, NULL, 0, '2023-11-23 05:24:32', 0, '0000-00-00 00:00:00'),
(32613, 'Konskie', 2888, 0, NULL, 0, '2023-11-23 05:24:32', 0, '0000-00-00 00:00:00'),
(32614, 'Ostrowiec Swietokrzyski', 2888, 0, NULL, 0, '2023-11-23 05:24:32', 0, '0000-00-00 00:00:00'),
(32615, 'Pinczow', 2888, 0, NULL, 0, '2023-11-23 05:24:32', 0, '0000-00-00 00:00:00'),
(32616, 'Polaniec', 2888, 0, NULL, 0, '2023-11-23 05:24:32', 0, '0000-00-00 00:00:00'),
(32617, 'Sandomierz', 2888, 0, NULL, 0, '2023-11-23 05:24:32', 0, '0000-00-00 00:00:00'),
(32618, 'Skarzysko-Kamienna', 2888, 0, NULL, 0, '2023-11-23 05:24:32', 0, '0000-00-00 00:00:00'),
(32619, 'Starachowice', 2888, 0, NULL, 0, '2023-11-23 05:24:32', 0, '0000-00-00 00:00:00'),
(32620, 'Staszow', 2888, 0, NULL, 0, '2023-11-23 05:24:32', 0, '0000-00-00 00:00:00'),
(32621, 'Suchedniow', 2888, 0, NULL, 0, '2023-11-23 05:24:32', 0, '0000-00-00 00:00:00'),
(32622, 'Wloszczowa', 2888, 0, NULL, 0, '2023-11-23 05:24:32', 0, '0000-00-00 00:00:00'),
(32623, 'Bartoszyce', 2889, 0, NULL, 0, '2023-11-23 05:24:32', 0, '0000-00-00 00:00:00'),
(32624, 'Biskupiec', 2889, 0, NULL, 0, '2023-11-23 05:24:32', 0, '0000-00-00 00:00:00'),
(32625, 'Braniewo', 2889, 0, NULL, 0, '2023-11-23 05:24:32', 0, '0000-00-00 00:00:00'),
(32626, 'Dobre Miasto', 2889, 0, NULL, 0, '2023-11-23 05:24:32', 0, '0000-00-00 00:00:00'),
(32627, 'Dzialdowo', 2889, 0, NULL, 0, '2023-11-23 05:24:32', 0, '0000-00-00 00:00:00'),
(32628, 'Elblag', 2889, 0, NULL, 0, '2023-11-23 05:24:32', 0, '0000-00-00 00:00:00'),
(32629, 'Elk', 2889, 0, NULL, 0, '2023-11-23 05:24:32', 0, '0000-00-00 00:00:00'),
(32630, 'Gizycko', 2889, 0, NULL, 0, '2023-11-23 05:24:32', 0, '0000-00-00 00:00:00'),
(32631, 'Goldap', 2889, 0, NULL, 0, '2023-11-23 05:24:32', 0, '0000-00-00 00:00:00'),
(32632, 'Ilawa', 2889, 0, NULL, 0, '2023-11-23 05:24:32', 0, '0000-00-00 00:00:00'),
(32633, 'Ketrzyn', 2889, 0, NULL, 0, '2023-11-23 05:24:32', 0, '0000-00-00 00:00:00'),
(32634, 'Lidzbark Warminski', 2889, 0, NULL, 0, '2023-11-23 05:24:32', 0, '0000-00-00 00:00:00'),
(32635, 'Lubawa', 2889, 0, NULL, 0, '2023-11-23 05:24:32', 0, '0000-00-00 00:00:00'),
(32636, 'Morag', 2889, 0, NULL, 0, '2023-11-23 05:24:32', 0, '0000-00-00 00:00:00'),
(32637, 'Mragowo', 2889, 0, NULL, 0, '2023-11-23 05:24:32', 0, '0000-00-00 00:00:00'),
(32638, 'Nidzica', 2889, 0, NULL, 0, '2023-11-23 05:24:32', 0, '0000-00-00 00:00:00'),
(32639, 'Nowe Miasto Lubawskie', 2889, 0, NULL, 0, '2023-11-23 05:24:32', 0, '0000-00-00 00:00:00'),
(32640, 'Olecko', 2889, 0, NULL, 0, '2023-11-23 05:24:32', 0, '0000-00-00 00:00:00'),
(32641, 'Olsztyn', 2889, 0, NULL, 0, '2023-11-23 05:24:32', 0, '0000-00-00 00:00:00'),
(32642, 'Orneta', 2889, 0, NULL, 0, '2023-11-23 05:24:32', 0, '0000-00-00 00:00:00'),
(32643, 'Ostroda', 2889, 0, NULL, 0, '2023-11-23 05:24:32', 0, '0000-00-00 00:00:00'),
(32644, 'Paslek', 2889, 0, NULL, 0, '2023-11-23 05:24:32', 0, '0000-00-00 00:00:00'),
(32645, 'Pisz', 2889, 0, NULL, 0, '2023-11-23 05:24:32', 0, '0000-00-00 00:00:00'),
(32646, 'Szczytno', 2889, 0, NULL, 0, '2023-11-23 05:24:32', 0, '0000-00-00 00:00:00'),
(32647, 'Wegorzewo', 2889, 0, NULL, 0, '2023-11-23 05:24:32', 0, '0000-00-00 00:00:00'),
(32648, 'Nadarzyn', 2890, 0, NULL, 0, '2023-11-23 05:24:32', 0, '0000-00-00 00:00:00'),
(32649, 'Szemud', 2890, 0, NULL, 0, '2023-11-23 05:24:32', 0, '0000-00-00 00:00:00'),
(32650, 'Warsaw', 2890, 0, NULL, 0, '2023-11-23 05:24:32', 0, '0000-00-00 00:00:00'),
(32651, 'Goscicino', 2891, 0, NULL, 0, '2023-11-23 05:24:32', 0, '0000-00-00 00:00:00'),
(32652, 'Chodziez', 2892, 0, NULL, 0, '2023-11-23 05:24:32', 0, '0000-00-00 00:00:00'),
(32653, 'Czarnkow', 2892, 0, NULL, 0, '2023-11-23 05:24:32', 0, '0000-00-00 00:00:00'),
(32654, 'Gniezno', 2892, 0, NULL, 0, '2023-11-23 05:24:32', 0, '0000-00-00 00:00:00'),
(32655, 'Gostyn', 2892, 0, NULL, 0, '2023-11-23 05:24:32', 0, '0000-00-00 00:00:00'),
(32656, 'Grodzisk Wielkopolski', 2892, 0, NULL, 0, '2023-11-23 05:24:32', 0, '0000-00-00 00:00:00'),
(32657, 'Jarocin', 2892, 0, NULL, 0, '2023-11-23 05:24:32', 0, '0000-00-00 00:00:00'),
(32658, 'Kalisz', 2892, 0, NULL, 0, '2023-11-23 05:24:32', 0, '0000-00-00 00:00:00'),
(32659, 'Kepno', 2892, 0, NULL, 0, '2023-11-23 05:24:32', 0, '0000-00-00 00:00:00'),
(32660, 'Kolo', 2892, 0, NULL, 0, '2023-11-23 05:24:32', 0, '0000-00-00 00:00:00'),
(32661, 'Konin', 2892, 0, NULL, 0, '2023-11-23 05:24:32', 0, '0000-00-00 00:00:00'),
(32662, 'Koscian', 2892, 0, NULL, 0, '2023-11-23 05:24:32', 0, '0000-00-00 00:00:00'),
(32663, 'Krotoszyn', 2892, 0, NULL, 0, '2023-11-23 05:24:32', 0, '0000-00-00 00:00:00'),
(32664, 'Leszno', 2892, 0, NULL, 0, '2023-11-23 05:24:32', 0, '0000-00-00 00:00:00'),
(32665, 'Lubon', 2892, 0, NULL, 0, '2023-11-23 05:24:32', 0, '0000-00-00 00:00:00'),
(32666, 'Miedzychod', 2892, 0, NULL, 0, '2023-11-23 05:24:32', 0, '0000-00-00 00:00:00'),
(32667, 'Mosina', 2892, 0, NULL, 0, '2023-11-23 05:24:32', 0, '0000-00-00 00:00:00'),
(32668, 'Murowana Goslina', 2892, 0, NULL, 0, '2023-11-23 05:24:32', 0, '0000-00-00 00:00:00'),
(32669, 'Nowy Tomysl', 2892, 0, NULL, 0, '2023-11-23 05:24:32', 0, '0000-00-00 00:00:00'),
(32670, 'Oborniki', 2892, 0, NULL, 0, '2023-11-23 05:24:32', 0, '0000-00-00 00:00:00'),
(32671, 'Opalenica', 2892, 0, NULL, 0, '2023-11-23 05:24:32', 0, '0000-00-00 00:00:00'),
(32672, 'Ostrow Wielkopolski', 2892, 0, NULL, 0, '2023-11-23 05:24:32', 0, '0000-00-00 00:00:00'),
(32673, 'Ostrzeszow', 2892, 0, NULL, 0, '2023-11-23 05:24:32', 0, '0000-00-00 00:00:00'),
(32674, 'Pila', 2892, 0, NULL, 0, '2023-11-23 05:24:32', 0, '0000-00-00 00:00:00'),
(32675, 'Pleszew', 2892, 0, NULL, 0, '2023-11-23 05:24:32', 0, '0000-00-00 00:00:00'),
(32676, 'Poznan', 2892, 0, NULL, 0, '2023-11-23 05:24:32', 0, '0000-00-00 00:00:00'),
(32677, 'Rawicz', 2892, 0, NULL, 0, '2023-11-23 05:24:32', 0, '0000-00-00 00:00:00'),
(32678, 'Rogozno', 2892, 0, NULL, 0, '2023-11-23 05:24:32', 0, '0000-00-00 00:00:00'),
(32679, 'Slupca', 2892, 0, NULL, 0, '2023-11-23 05:24:32', 0, '0000-00-00 00:00:00'),
(32680, 'Srem', 2892, 0, NULL, 0, '2023-11-23 05:24:32', 0, '0000-00-00 00:00:00'),
(32681, 'Sroda Wielkopolska', 2892, 0, NULL, 0, '2023-11-23 05:24:32', 0, '0000-00-00 00:00:00'),
(32682, 'Swarzedz', 2892, 0, NULL, 0, '2023-11-23 05:24:32', 0, '0000-00-00 00:00:00'),
(32683, 'Szamotuly', 2892, 0, NULL, 0, '2023-11-23 05:24:32', 0, '0000-00-00 00:00:00'),
(32684, 'Trzcianka', 2892, 0, NULL, 0, '2023-11-23 05:24:32', 0, '0000-00-00 00:00:00'),
(32685, 'Tuliszkow', 2892, 0, NULL, 0, '2023-11-23 05:24:32', 0, '0000-00-00 00:00:00'),
(32686, 'Turek', 2892, 0, NULL, 0, '2023-11-23 05:24:32', 0, '0000-00-00 00:00:00'),
(32687, 'Wagrowiec', 2892, 0, NULL, 0, '2023-11-23 05:24:32', 0, '0000-00-00 00:00:00'),
(32688, 'Wolsztyn', 2892, 0, NULL, 0, '2023-11-23 05:24:32', 0, '0000-00-00 00:00:00'),
(32689, 'Wronki', 2892, 0, NULL, 0, '2023-11-23 05:24:32', 0, '0000-00-00 00:00:00'),
(32690, 'Wrzesnia', 2892, 0, NULL, 0, '2023-11-23 05:24:32', 0, '0000-00-00 00:00:00'),
(32691, 'Zlotow', 2892, 0, NULL, 0, '2023-11-23 05:24:32', 0, '0000-00-00 00:00:00'),
(32692, 'Borowa', 2893, 0, NULL, 0, '2023-11-23 05:24:32', 0, '0000-00-00 00:00:00'),
(32693, 'Barlinek', 2894, 0, NULL, 0, '2023-11-23 05:24:32', 0, '0000-00-00 00:00:00'),
(32694, 'Bialogard', 2894, 0, NULL, 0, '2023-11-23 05:24:32', 0, '0000-00-00 00:00:00'),
(32695, 'Choszczno', 2894, 0, NULL, 0, '2023-11-23 05:24:32', 0, '0000-00-00 00:00:00'),
(32696, 'Darlowo', 2894, 0, NULL, 0, '2023-11-23 05:24:32', 0, '0000-00-00 00:00:00'),
(32697, 'Debno', 2894, 0, NULL, 0, '2023-11-23 05:24:32', 0, '0000-00-00 00:00:00'),
(32698, 'Drawsko Pomorskie', 2894, 0, NULL, 0, '2023-11-23 05:24:32', 0, '0000-00-00 00:00:00'),
(32699, 'Goleniow', 2894, 0, NULL, 0, '2023-11-23 05:24:32', 0, '0000-00-00 00:00:00'),
(32700, 'Gryfice', 2894, 0, NULL, 0, '2023-11-23 05:24:32', 0, '0000-00-00 00:00:00'),
(32701, 'Gryfino', 2894, 0, NULL, 0, '2023-11-23 05:24:32', 0, '0000-00-00 00:00:00'),
(32702, 'Kamien Pomorski', 2894, 0, NULL, 0, '2023-11-23 05:24:32', 0, '0000-00-00 00:00:00'),
(32703, 'Kolobrzeg', 2894, 0, NULL, 0, '2023-11-23 05:24:32', 0, '0000-00-00 00:00:00'),
(32704, 'Koszalin', 2894, 0, NULL, 0, '2023-11-23 05:24:32', 0, '0000-00-00 00:00:00'),
(32705, 'Lobez', 2894, 0, NULL, 0, '2023-11-23 05:24:32', 0, '0000-00-00 00:00:00'),
(32706, 'Mysliborz', 2894, 0, NULL, 0, '2023-11-23 05:24:32', 0, '0000-00-00 00:00:00'),
(32707, 'Nowogard', 2894, 0, NULL, 0, '2023-11-23 05:24:32', 0, '0000-00-00 00:00:00'),
(32708, 'Polczyn-Zdroj', 2894, 0, NULL, 0, '2023-11-23 05:24:32', 0, '0000-00-00 00:00:00'),
(32709, 'Police', 2894, 0, NULL, 0, '2023-11-23 05:24:32', 0, '0000-00-00 00:00:00'),
(32710, 'Pyrzyce', 2894, 0, NULL, 0, '2023-11-23 05:24:32', 0, '0000-00-00 00:00:00'),
(32711, 'Slawno', 2894, 0, NULL, 0, '2023-11-23 05:24:32', 0, '0000-00-00 00:00:00'),
(32712, 'Stargard Szczecinski', 2894, 0, NULL, 0, '2023-11-23 05:24:32', 0, '0000-00-00 00:00:00'),
(32713, 'Swidwin', 2894, 0, NULL, 0, '2023-11-23 05:24:32', 0, '0000-00-00 00:00:00'),
(32714, 'Swinoujscie', 2894, 0, NULL, 0, '2023-11-23 05:24:32', 0, '0000-00-00 00:00:00'),
(32715, 'Szczecin', 2894, 0, NULL, 0, '2023-11-23 05:24:32', 0, '0000-00-00 00:00:00'),
(32716, 'Szczecinek', 2894, 0, NULL, 0, '2023-11-23 05:24:32', 0, '0000-00-00 00:00:00'),
(32717, 'Trzebiatow', 2894, 0, NULL, 0, '2023-11-23 05:24:32', 0, '0000-00-00 00:00:00'),
(32718, 'Walcz', 2894, 0, NULL, 0, '2023-11-23 05:24:32', 0, '0000-00-00 00:00:00'),
(32719, 'Zlocieniec', 2894, 0, NULL, 0, '2023-11-23 05:24:32', 0, '0000-00-00 00:00:00'),
(32720, 'Zukowskie', 2895, 0, NULL, 0, '2023-11-23 05:24:32', 0, '0000-00-00 00:00:00'),
(32721, 'Tramagal', 2896, 0, NULL, 0, '2023-11-23 05:24:32', 0, '0000-00-00 00:00:00'),
(32722, 'Angra', 2897, 0, NULL, 0, '2023-11-23 05:24:32', 0, '0000-00-00 00:00:00'),
(32723, 'Arrifes', 2897, 0, NULL, 0, '2023-11-23 05:24:32', 0, '0000-00-00 00:00:00'),
(32724, 'Faja de Baixo', 2897, 0, NULL, 0, '2023-11-23 05:24:32', 0, '0000-00-00 00:00:00'),
(32725, 'Horta', 2897, 0, NULL, 0, '2023-11-23 05:24:32', 0, '0000-00-00 00:00:00'),
(32726, 'Lagoa', 2897, 0, NULL, 0, '2023-11-23 05:24:32', 0, '0000-00-00 00:00:00'),
(32727, 'Ponta Delgada', 2897, 0, NULL, 0, '2023-11-23 05:24:32', 0, '0000-00-00 00:00:00'),
(32728, 'Praia da Vitoria', 2897, 0, NULL, 0, '2023-11-23 05:24:32', 0, '0000-00-00 00:00:00'),
(32729, 'Rabo de Peixe', 2897, 0, NULL, 0, '2023-11-23 05:24:32', 0, '0000-00-00 00:00:00'),
(32730, 'Ribeira Grande', 2897, 0, NULL, 0, '2023-11-23 05:24:32', 0, '0000-00-00 00:00:00'),
(32731, 'Rosto do Cao', 2897, 0, NULL, 0, '2023-11-23 05:24:32', 0, '0000-00-00 00:00:00'),
(32732, 'Vila Franca do Campo', 2897, 0, NULL, 0, '2023-11-23 05:24:32', 0, '0000-00-00 00:00:00'),
(32733, 'Alcacer do Sal', 2898, 0, NULL, 0, '2023-11-23 05:24:32', 0, '0000-00-00 00:00:00'),
(32734, 'Aljustrel', 2898, 0, NULL, 0, '2023-11-23 05:24:32', 0, '0000-00-00 00:00:00'),
(32735, 'Beja', 2898, 0, NULL, 0, '2023-11-23 05:24:32', 0, '0000-00-00 00:00:00'),
(32736, 'Borba', 2898, 0, NULL, 0, '2023-11-23 05:24:32', 0, '0000-00-00 00:00:00'),
(32737, 'Caia e Sao Pedro', 2898, 0, NULL, 0, '2023-11-23 05:24:32', 0, '0000-00-00 00:00:00'),
(32738, 'Campo Maior', 2898, 0, NULL, 0, '2023-11-23 05:24:32', 0, '0000-00-00 00:00:00'),
(32739, 'Castro Verde', 2898, 0, NULL, 0, '2023-11-23 05:24:32', 0, '0000-00-00 00:00:00'),
(32740, 'Cercal', 2898, 0, NULL, 0, '2023-11-23 05:24:32', 0, '0000-00-00 00:00:00'),
(32741, 'Elvas', 2898, 0, NULL, 0, '2023-11-23 05:24:32', 0, '0000-00-00 00:00:00'),
(32742, 'Estremoz', 2898, 0, NULL, 0, '2023-11-23 05:24:32', 0, '0000-00-00 00:00:00'),
(32743, 'Evora', 2898, 0, NULL, 0, '2023-11-23 05:24:32', 0, '0000-00-00 00:00:00'),
(32744, 'Ferreira do Alentejo', 2898, 0, NULL, 0, '2023-11-23 05:24:32', 0, '0000-00-00 00:00:00'),
(32745, 'Grandola', 2898, 0, NULL, 0, '2023-11-23 05:24:32', 0, '0000-00-00 00:00:00'),
(32746, 'Montemor-o-Novo', 2898, 0, NULL, 0, '2023-11-23 05:24:32', 0, '0000-00-00 00:00:00'),
(32747, 'Moura', 2898, 0, NULL, 0, '2023-11-23 05:24:32', 0, '0000-00-00 00:00:00'),
(32748, 'Odemira', 2898, 0, NULL, 0, '2023-11-23 05:24:32', 0, '0000-00-00 00:00:00'),
(32749, 'Ponte de Sor', 2898, 0, NULL, 0, '2023-11-23 05:24:32', 0, '0000-00-00 00:00:00'),
(32750, 'Portalegre', 2898, 0, NULL, 0, '2023-11-23 05:24:32', 0, '0000-00-00 00:00:00'),
(32751, 'Redondo', 2898, 0, NULL, 0, '2023-11-23 05:24:32', 0, '0000-00-00 00:00:00'),
(32752, 'Reguengos de Monsaraz', 2898, 0, NULL, 0, '2023-11-23 05:24:32', 0, '0000-00-00 00:00:00'),
(32753, 'Santiago do Cacem', 2898, 0, NULL, 0, '2023-11-23 05:24:32', 0, '0000-00-00 00:00:00'),
(32754, 'Santo Andre', 2898, 0, NULL, 0, '2023-11-23 05:24:32', 0, '0000-00-00 00:00:00'),
(32755, 'Sao Teotonio', 2898, 0, NULL, 0, '2023-11-23 05:24:32', 0, '0000-00-00 00:00:00'),
(32756, 'Serpa', 2898, 0, NULL, 0, '2023-11-23 05:24:32', 0, '0000-00-00 00:00:00'),
(32757, 'Sines', 2898, 0, NULL, 0, '2023-11-23 05:24:32', 0, '0000-00-00 00:00:00'),
(32758, 'Vendas Novas', 2898, 0, NULL, 0, '2023-11-23 05:24:32', 0, '0000-00-00 00:00:00'),
(32759, 'Vila Nova de Milfontes', 2898, 0, NULL, 0, '2023-11-23 05:24:32', 0, '0000-00-00 00:00:00'),
(32760, 'Vila Vicosa', 2898, 0, NULL, 0, '2023-11-23 05:24:32', 0, '0000-00-00 00:00:00'),
(32761, 'Albufeira', 2899, 0, NULL, 0, '2023-11-23 05:24:32', 0, '0000-00-00 00:00:00'),
(32762, 'Aljezur', 2899, 0, NULL, 0, '2023-11-23 05:24:32', 0, '0000-00-00 00:00:00'),
(32763, 'Almancil', 2899, 0, NULL, 0, '2023-11-23 05:24:32', 0, '0000-00-00 00:00:00'),
(32764, 'Alvor', 2899, 0, NULL, 0, '2023-11-23 05:24:32', 0, '0000-00-00 00:00:00'),
(32765, 'Armacao de Pera', 2899, 0, NULL, 0, '2023-11-23 05:24:32', 0, '0000-00-00 00:00:00'),
(32766, 'Boliqueime', 2899, 0, NULL, 0, '2023-11-23 05:24:32', 0, '0000-00-00 00:00:00'),
(32767, 'Castro Marim', 2899, 0, NULL, 0, '2023-11-23 05:24:32', 0, '0000-00-00 00:00:00'),
(32768, 'Estombar', 2899, 0, NULL, 0, '2023-11-23 05:24:32', 0, '0000-00-00 00:00:00'),
(32769, 'Faro', 2899, 0, NULL, 0, '2023-11-23 05:24:32', 0, '0000-00-00 00:00:00'),
(32770, 'Ferreiras', 2899, 0, NULL, 0, '2023-11-23 05:24:32', 0, '0000-00-00 00:00:00'),
(32771, 'Guia', 2899, 0, NULL, 0, '2023-11-23 05:24:32', 0, '0000-00-00 00:00:00'),
(32772, 'Lagoa', 2899, 0, NULL, 0, '2023-11-23 05:24:32', 0, '0000-00-00 00:00:00'),
(32773, 'Lagos', 2899, 0, NULL, 0, '2023-11-23 05:24:32', 0, '0000-00-00 00:00:00'),
(32774, 'Loule', 2899, 0, NULL, 0, '2023-11-23 05:24:32', 0, '0000-00-00 00:00:00'),
(32775, 'Luz', 2899, 0, NULL, 0, '2023-11-23 05:24:32', 0, '0000-00-00 00:00:00'),
(32776, 'Moncarapacho', 2899, 0, NULL, 0, '2023-11-23 05:24:32', 0, '0000-00-00 00:00:00'),
(32777, 'Monchique', 2899, 0, NULL, 0, '2023-11-23 05:24:32', 0, '0000-00-00 00:00:00'),
(32778, 'Monte Gordo', 2899, 0, NULL, 0, '2023-11-23 05:24:32', 0, '0000-00-00 00:00:00'),
(32779, 'Montenegro', 2899, 0, NULL, 0, '2023-11-23 05:24:32', 0, '0000-00-00 00:00:00'),
(32780, 'Olhao', 2899, 0, NULL, 0, '2023-11-23 05:24:32', 0, '0000-00-00 00:00:00'),
(32781, 'Portimao', 2899, 0, NULL, 0, '2023-11-23 05:24:32', 0, '0000-00-00 00:00:00'),
(32782, 'Quarteira', 2899, 0, NULL, 0, '2023-11-23 05:24:32', 0, '0000-00-00 00:00:00'),
(32783, 'Santa Barbara de Nexe', 2899, 0, NULL, 0, '2023-11-23 05:24:32', 0, '0000-00-00 00:00:00'),
(32784, 'Sao Bartolomeu de Messines', 2899, 0, NULL, 0, '2023-11-23 05:24:32', 0, '0000-00-00 00:00:00'),
(32785, 'Sao Bras de Alportel', 2899, 0, NULL, 0, '2023-11-23 05:24:32', 0, '0000-00-00 00:00:00'),
(32786, 'Silves', 2899, 0, NULL, 0, '2023-11-23 05:24:32', 0, '0000-00-00 00:00:00'),
(32787, 'Tavira', 2899, 0, NULL, 0, '2023-11-23 05:24:32', 0, '0000-00-00 00:00:00'),
(32788, 'Vila Real de Santo Antonio', 2899, 0, NULL, 0, '2023-11-23 05:24:32', 0, '0000-00-00 00:00:00'),
(32789, 'Fafe', 2900, 0, NULL, 0, '2023-11-23 05:24:32', 0, '0000-00-00 00:00:00'),
(32790, 'Forjaes', 2900, 0, NULL, 0, '2023-11-23 05:24:32', 0, '0000-00-00 00:00:00'),
(32791, 'Vianna do Castello', 2900, 0, NULL, 0, '2023-11-23 05:24:32', 0, '0000-00-00 00:00:00'),
(32792, 'Abraveses', 2901, 0, NULL, 0, '2023-11-23 05:24:32', 0, '0000-00-00 00:00:00'),
(32793, 'Aguada de Cima', 2901, 0, NULL, 0, '2023-11-23 05:24:32', 0, '0000-00-00 00:00:00'),
(32794, 'Agueda', 2901, 0, NULL, 0, '2023-11-23 05:24:32', 0, '0000-00-00 00:00:00'),
(32795, 'Albergaria-A-Velha', 2901, 0, NULL, 0, '2023-11-23 05:24:32', 0, '0000-00-00 00:00:00'),
(32796, 'Alcains', 2901, 0, NULL, 0, '2023-11-23 05:24:32', 0, '0000-00-00 00:00:00'),
(32797, 'Alhadas', 2901, 0, NULL, 0, '2023-11-23 05:24:32', 0, '0000-00-00 00:00:00'),
(32798, 'Amor', 2901, 0, NULL, 0, '2023-11-23 05:24:32', 0, '0000-00-00 00:00:00'),
(32799, 'Aradas', 2901, 0, NULL, 0, '2023-11-23 05:24:32', 0, '0000-00-00 00:00:00'),
(32800, 'Arazede', 2901, 0, NULL, 0, '2023-11-23 05:24:32', 0, '0000-00-00 00:00:00'),
(32801, 'Arcos', 2901, 0, NULL, 0, '2023-11-23 05:24:32', 0, '0000-00-00 00:00:00'),
(32802, 'Arganil', 2901, 0, NULL, 0, '2023-11-23 05:24:32', 0, '0000-00-00 00:00:00'),
(32803, 'Avanca', 2901, 0, NULL, 0, '2023-11-23 05:24:32', 0, '0000-00-00 00:00:00'),
(32804, 'Aveiro', 2901, 0, NULL, 0, '2023-11-23 05:24:32', 0, '0000-00-00 00:00:00'),
(32805, 'Batalha', 2901, 0, NULL, 0, '2023-11-23 05:24:32', 0, '0000-00-00 00:00:00'),
(32806, 'Beduido', 2901, 0, NULL, 0, '2023-11-23 05:24:32', 0, '0000-00-00 00:00:00'),
(32807, 'Branca', 2901, 0, NULL, 0, '2023-11-23 05:24:32', 0, '0000-00-00 00:00:00'),
(32808, 'Buarcos', 2901, 0, NULL, 0, '2023-11-23 05:24:32', 0, '0000-00-00 00:00:00'),
(32809, 'Campo', 2901, 0, NULL, 0, '2023-11-23 05:24:32', 0, '0000-00-00 00:00:00'),
(32810, 'Cantanhede', 2901, 0, NULL, 0, '2023-11-23 05:24:32', 0, '0000-00-00 00:00:00'),
(32811, 'Caranguejeira', 2901, 0, NULL, 0, '2023-11-23 05:24:32', 0, '0000-00-00 00:00:00'),
(32812, 'Castanheira de Pera', 2901, 0, NULL, 0, '2023-11-23 05:24:32', 0, '0000-00-00 00:00:00'),
(32813, 'Castelo Branco', 2901, 0, NULL, 0, '2023-11-23 05:24:32', 0, '0000-00-00 00:00:00'),
(32814, 'Castro Daire', 2901, 0, NULL, 0, '2023-11-23 05:24:32', 0, '0000-00-00 00:00:00'),
(32815, 'Coimbra', 2901, 0, NULL, 0, '2023-11-23 05:24:32', 0, '0000-00-00 00:00:00'),
(32816, 'Condeixa-A-Nova', 2901, 0, NULL, 0, '2023-11-23 05:24:32', 0, '0000-00-00 00:00:00'),
(32817, 'Cortegaca', 2901, 0, NULL, 0, '2023-11-23 05:24:32', 0, '0000-00-00 00:00:00'),
(32818, 'Covilha', 2901, 0, NULL, 0, '2023-11-23 05:24:32', 0, '0000-00-00 00:00:00'),
(32819, 'Eixo', 2901, 0, NULL, 0, '2023-11-23 05:24:32', 0, '0000-00-00 00:00:00'),
(32820, 'Esmoriz', 2901, 0, NULL, 0, '2023-11-23 05:24:32', 0, '0000-00-00 00:00:00'),
(32821, 'Figueira da Foz', 2901, 0, NULL, 0, '2023-11-23 05:24:32', 0, '0000-00-00 00:00:00'),
(32822, 'Fundao', 2901, 0, NULL, 0, '2023-11-23 05:24:32', 0, '0000-00-00 00:00:00'),
(32823, 'Gafanha da Encarnacao', 2901, 0, NULL, 0, '2023-11-23 05:24:32', 0, '0000-00-00 00:00:00'),
(32824, 'Gafanha da Nazare', 2901, 0, NULL, 0, '2023-11-23 05:24:32', 0, '0000-00-00 00:00:00'),
(32825, 'Guarda', 2901, 0, NULL, 0, '2023-11-23 05:24:32', 0, '0000-00-00 00:00:00'),
(32826, 'Ilhavo', 2901, 0, NULL, 0, '2023-11-23 05:24:32', 0, '0000-00-00 00:00:00'),
(32827, 'Lavos', 2901, 0, NULL, 0, '2023-11-23 05:24:32', 0, '0000-00-00 00:00:00'),
(32828, 'Leiria', 2901, 0, NULL, 0, '2023-11-23 05:24:32', 0, '0000-00-00 00:00:00'),
(32829, 'Lorvao', 2901, 0, NULL, 0, '2023-11-23 05:24:32', 0, '0000-00-00 00:00:00'),
(32830, 'Lourical', 2901, 0, NULL, 0, '2023-11-23 05:24:32', 0, '0000-00-00 00:00:00'),
(32831, 'Lousa', 2901, 0, NULL, 0, '2023-11-23 05:24:32', 0, '0000-00-00 00:00:00'),
(32832, 'Maceira', 2901, 0, NULL, 0, '2023-11-23 05:24:32', 0, '0000-00-00 00:00:00'),
(32833, 'Mangualde', 2901, 0, NULL, 0, '2023-11-23 05:24:32', 0, '0000-00-00 00:00:00'),
(32834, 'Marinha Grande', 2901, 0, NULL, 0, '2023-11-23 05:24:32', 0, '0000-00-00 00:00:00'),
(32835, 'Mealhada', 2901, 0, NULL, 0, '2023-11-23 05:24:32', 0, '0000-00-00 00:00:00'),
(32836, 'Mira', 2901, 0, NULL, 0, '2023-11-23 05:24:32', 0, '0000-00-00 00:00:00'),
(32837, 'Mira de Aire', 2901, 0, NULL, 0, '2023-11-23 05:24:32', 0, '0000-00-00 00:00:00'),
(32838, 'Miranda do Corvo', 2901, 0, NULL, 0, '2023-11-23 05:24:32', 0, '0000-00-00 00:00:00'),
(32839, 'Monte Redondo', 2901, 0, NULL, 0, '2023-11-23 05:24:32', 0, '0000-00-00 00:00:00'),
(32840, 'Nelas', 2901, 0, NULL, 0, '2023-11-23 05:24:32', 0, '0000-00-00 00:00:00'),
(32841, 'Oia', 2901, 0, NULL, 0, '2023-11-23 05:24:32', 0, '0000-00-00 00:00:00'),
(32842, 'Oliveira do Bairro', 2901, 0, NULL, 0, '2023-11-23 05:24:32', 0, '0000-00-00 00:00:00'),
(32843, 'Oliveira do Hospital', 2901, 0, NULL, 0, '2023-11-23 05:24:32', 0, '0000-00-00 00:00:00'),
(32844, 'Oliveirinha', 2901, 0, NULL, 0, '2023-11-23 05:24:32', 0, '0000-00-00 00:00:00'),
(32845, 'Ovar', 2901, 0, NULL, 0, '2023-11-23 05:24:32', 0, '0000-00-00 00:00:00'),
(32846, 'Pampilhosa', 2901, 0, NULL, 0, '2023-11-23 05:24:32', 0, '0000-00-00 00:00:00'),
(32847, 'Pardilho', 2901, 0, NULL, 0, '2023-11-23 05:24:32', 0, '0000-00-00 00:00:00'),
(32848, 'Poiares', 2901, 0, NULL, 0, '2023-11-23 05:24:32', 0, '0000-00-00 00:00:00'),
(32849, 'Pombal', 2901, 0, NULL, 0, '2023-11-23 05:24:32', 0, '0000-00-00 00:00:00'),
(32850, 'Porto de Mos', 2901, 0, NULL, 0, '2023-11-23 05:24:32', 0, '0000-00-00 00:00:00'),
(32851, 'Proenca-A-Nova', 2901, 0, NULL, 0, '2023-11-23 05:24:32', 0, '0000-00-00 00:00:00'),
(32852, 'Rio de Loba', 2901, 0, NULL, 0, '2023-11-23 05:24:32', 0, '0000-00-00 00:00:00'),
(32853, 'Salreu', 2901, 0, NULL, 0, '2023-11-23 05:24:32', 0, '0000-00-00 00:00:00'),
(32854, 'Sangalhos', 2901, 0, NULL, 0, '2023-11-23 05:24:32', 0, '0000-00-00 00:00:00'),
(32855, 'Santa Catarina da Serra', 2901, 0, NULL, 0, '2023-11-23 05:24:32', 0, '0000-00-00 00:00:00'),
(32856, 'Sao Joao', 2901, 0, NULL, 0, '2023-11-23 05:24:32', 0, '0000-00-00 00:00:00'),
(32857, 'Sao Pedro do Sul', 2901, 0, NULL, 0, '2023-11-23 05:24:32', 0, '0000-00-00 00:00:00'),
(32858, 'Satao', 2901, 0, NULL, 0, '2023-11-23 05:24:32', 0, '0000-00-00 00:00:00'),
(32859, 'Seia', 2901, 0, NULL, 0, '2023-11-23 05:24:32', 0, '0000-00-00 00:00:00'),
(32860, 'Serta', 2901, 0, NULL, 0, '2023-11-23 05:24:32', 0, '0000-00-00 00:00:00'),
(32861, 'Soure', 2901, 0, NULL, 0, '2023-11-23 05:24:32', 0, '0000-00-00 00:00:00'),
(32862, 'Souto da Carpalhosa', 2901, 0, NULL, 0, '2023-11-23 05:24:32', 0, '0000-00-00 00:00:00'),
(32863, 'Tavarede', 2901, 0, NULL, 0, '2023-11-23 05:24:32', 0, '0000-00-00 00:00:00'),
(32864, 'Teixoso', 2901, 0, NULL, 0, '2023-11-23 05:24:32', 0, '0000-00-00 00:00:00'),
(32865, 'Tondela', 2901, 0, NULL, 0, '2023-11-23 05:24:32', 0, '0000-00-00 00:00:00'),
(32866, 'Tortosendo', 2901, 0, NULL, 0, '2023-11-23 05:24:32', 0, '0000-00-00 00:00:00'),
(32867, 'Vagos', 2901, 0, NULL, 0, '2023-11-23 05:24:32', 0, '0000-00-00 00:00:00'),
(32868, 'Valega', 2901, 0, NULL, 0, '2023-11-23 05:24:32', 0, '0000-00-00 00:00:00'),
(32869, 'Valongo do Vouga', 2901, 0, NULL, 0, '2023-11-23 05:24:32', 0, '0000-00-00 00:00:00'),
(32870, 'Vieira de Leiria', 2901, 0, NULL, 0, '2023-11-23 05:24:32', 0, '0000-00-00 00:00:00'),
(32871, 'Viseu', 2901, 0, NULL, 0, '2023-11-23 05:24:32', 0, '0000-00-00 00:00:00'),
(32872, 'Camacha', 2907, 0, NULL, 0, '2023-11-23 05:24:32', 0, '0000-00-00 00:00:00'),
(32873, 'Camara de Lobos', 2907, 0, NULL, 0, '2023-11-23 05:24:32', 0, '0000-00-00 00:00:00'),
(32874, 'Campanario', 2907, 0, NULL, 0, '2023-11-23 05:24:32', 0, '0000-00-00 00:00:00'),
(32875, 'Canico', 2907, 0, NULL, 0, '2023-11-23 05:24:32', 0, '0000-00-00 00:00:00'),
(32876, 'Funchal', 2907, 0, NULL, 0, '2023-11-23 05:24:32', 0, '0000-00-00 00:00:00'),
(32877, 'Machico', 2907, 0, NULL, 0, '2023-11-23 05:24:32', 0, '0000-00-00 00:00:00'),
(32878, 'Ponta do Sol', 2907, 0, NULL, 0, '2023-11-23 05:24:32', 0, '0000-00-00 00:00:00'),
(32879, 'Porto Santo', 2907, 0, NULL, 0, '2023-11-23 05:24:32', 0, '0000-00-00 00:00:00'),
(32880, 'Ribeira Brava', 2907, 0, NULL, 0, '2023-11-23 05:24:32', 0, '0000-00-00 00:00:00'),
(32881, 'Santa Cruz', 2907, 0, NULL, 0, '2023-11-23 05:24:32', 0, '0000-00-00 00:00:00'),
(32882, 'A Ver-o-Mar', 2908, 0, NULL, 0, '2023-11-23 05:24:32', 0, '0000-00-00 00:00:00'),
(32883, 'Adaufe', 2908, 0, NULL, 0, '2023-11-23 05:24:32', 0, '0000-00-00 00:00:00'),
(32884, 'Aguas Santas', 2908, 0, NULL, 0, '2023-11-23 05:24:32', 0, '0000-00-00 00:00:00'),
(32885, 'Agucadoura', 2908, 0, NULL, 0, '2023-11-23 05:24:32', 0, '0000-00-00 00:00:00'),
(32886, 'Alfena', 2908, 0, NULL, 0, '2023-11-23 05:24:32', 0, '0000-00-00 00:00:00'),
(32887, 'Alpendurada e Matos', 2908, 0, NULL, 0, '2023-11-23 05:24:32', 0, '0000-00-00 00:00:00'),
(32888, 'Amarante', 2908, 0, NULL, 0, '2023-11-23 05:24:32', 0, '0000-00-00 00:00:00'),
(32889, 'Anta', 2908, 0, NULL, 0, '2023-11-23 05:24:32', 0, '0000-00-00 00:00:00'),
(32890, 'Antas', 2908, 0, NULL, 0, '2023-11-23 05:24:32', 0, '0000-00-00 00:00:00'),
(32891, 'Apulia', 2908, 0, NULL, 0, '2023-11-23 05:24:32', 0, '0000-00-00 00:00:00'),
(32892, 'Arcozelo', 2908, 0, NULL, 0, '2023-11-23 05:24:32', 0, '0000-00-00 00:00:00'),
(32893, 'Areosa', 2908, 0, NULL, 0, '2023-11-23 05:24:32', 0, '0000-00-00 00:00:00'),
(32894, 'Argoncilhe', 2908, 0, NULL, 0, '2023-11-23 05:24:32', 0, '0000-00-00 00:00:00'),
(32895, 'Aroes', 2908, 0, NULL, 0, '2023-11-23 05:24:32', 0, '0000-00-00 00:00:00'),
(32896, 'Arrifana', 2908, 0, NULL, 0, '2023-11-23 05:24:32', 0, '0000-00-00 00:00:00'),
(32897, 'Arvore', 2908, 0, NULL, 0, '2023-11-23 05:24:32', 0, '0000-00-00 00:00:00'),
(32898, 'Aves', 2908, 0, NULL, 0, '2023-11-23 05:24:32', 0, '0000-00-00 00:00:00'),
(32899, 'Avintes', 2908, 0, NULL, 0, '2023-11-23 05:24:32', 0, '0000-00-00 00:00:00'),
(32900, 'Baguim do Monte', 2908, 0, NULL, 0, '2023-11-23 05:24:32', 0, '0000-00-00 00:00:00'),
(32901, 'Baltar', 2908, 0, NULL, 0, '2023-11-23 05:24:32', 0, '0000-00-00 00:00:00'),
(32902, 'Barcelos', 2908, 0, NULL, 0, '2023-11-23 05:24:32', 0, '0000-00-00 00:00:00'),
(32903, 'Barrosas', 2908, 0, NULL, 0, '2023-11-23 05:24:32', 0, '0000-00-00 00:00:00'),
(32904, 'Bougado', 2908, 0, NULL, 0, '2023-11-23 05:24:32', 0, '0000-00-00 00:00:00'),
(32905, 'Braga', 2908, 0, NULL, 0, '2023-11-23 05:24:32', 0, '0000-00-00 00:00:00'),
(32906, 'Braganca', 2908, 0, NULL, 0, '2023-11-23 05:24:32', 0, '0000-00-00 00:00:00'),
(32907, 'Brito', 2908, 0, NULL, 0, '2023-11-23 05:24:32', 0, '0000-00-00 00:00:00'),
(32908, 'Caldas de Vizela', 2908, 0, NULL, 0, '2023-11-23 05:24:32', 0, '0000-00-00 00:00:00'),
(32909, 'Caldelas', 2908, 0, NULL, 0, '2023-11-23 05:24:32', 0, '0000-00-00 00:00:00'),
(32910, 'Calendario', 2908, 0, NULL, 0, '2023-11-23 05:24:32', 0, '0000-00-00 00:00:00'),
(32911, 'Campo', 2908, 0, NULL, 0, '2023-11-23 05:24:32', 0, '0000-00-00 00:00:00'),
(32912, 'Candoso', 2908, 0, NULL, 0, '2023-11-23 05:24:32', 0, '0000-00-00 00:00:00'),
(32913, 'Canedo', 2908, 0, NULL, 0, '2023-11-23 05:24:32', 0, '0000-00-00 00:00:00'),
(32914, 'Canelas', 2908, 0, NULL, 0, '2023-11-23 05:24:32', 0, '0000-00-00 00:00:00'),
(32915, 'Canidelo', 2908, 0, NULL, 0, '2023-11-23 05:24:32', 0, '0000-00-00 00:00:00'),
(32916, 'Carvalhosa', 2908, 0, NULL, 0, '2023-11-23 05:24:32', 0, '0000-00-00 00:00:00'),
(32917, 'Casteloes de Cepeda', 2908, 0, NULL, 0, '2023-11-23 05:24:32', 0, '0000-00-00 00:00:00'),
(32918, 'Chaves', 2908, 0, NULL, 0, '2023-11-23 05:24:32', 0, '0000-00-00 00:00:00'),
(32919, 'Coronado', 2908, 0, NULL, 0, '2023-11-23 05:24:32', 0, '0000-00-00 00:00:00'),
(32920, 'Couto', 2908, 0, NULL, 0, '2023-11-23 05:24:32', 0, '0000-00-00 00:00:00'),
(32921, 'Custoias', 2908, 0, NULL, 0, '2023-11-23 05:24:32', 0, '0000-00-00 00:00:00'),
(32922, 'Darque', 2908, 0, NULL, 0, '2023-11-23 05:24:32', 0, '0000-00-00 00:00:00'),
(32923, 'Ermesinde', 2908, 0, NULL, 0, '2023-11-23 05:24:32', 0, '0000-00-00 00:00:00'),
(32924, 'Espinho', 2908, 0, NULL, 0, '2023-11-23 05:24:32', 0, '0000-00-00 00:00:00'),
(32925, 'Fafe', 2908, 0, NULL, 0, '2023-11-23 05:24:32', 0, '0000-00-00 00:00:00'),
(32926, 'Fanzeres', 2908, 0, NULL, 0, '2023-11-23 05:24:32', 0, '0000-00-00 00:00:00'),
(32927, 'Feira', 2908, 0, NULL, 0, '2023-11-23 05:24:32', 0, '0000-00-00 00:00:00'),
(32928, 'Ferreira', 2908, 0, NULL, 0, '2023-11-23 05:24:32', 0, '0000-00-00 00:00:00'),
(32929, 'Ferreiros', 2908, 0, NULL, 0, '2023-11-23 05:24:32', 0, '0000-00-00 00:00:00'),
(32930, 'Fiaes', 2908, 0, NULL, 0, '2023-11-23 05:24:32', 0, '0000-00-00 00:00:00'),
(32931, 'Figueiro', 2908, 0, NULL, 0, '2023-11-23 05:24:32', 0, '0000-00-00 00:00:00'),
(32932, 'Foz do Sousa', 2908, 0, NULL, 0, '2023-11-23 05:24:32', 0, '0000-00-00 00:00:00'),
(32933, 'Frazao', 2908, 0, NULL, 0, '2023-11-23 05:24:32', 0, '0000-00-00 00:00:00'),
(32934, 'Freamunde', 2908, 0, NULL, 0, '2023-11-23 05:24:32', 0, '0000-00-00 00:00:00'),
(32935, 'Galegos', 2908, 0, NULL, 0, '2023-11-23 05:24:32', 0, '0000-00-00 00:00:00'),
(32936, 'Gandra', 2908, 0, NULL, 0, '2023-11-23 05:24:32', 0, '0000-00-00 00:00:00'),
(32937, 'Gemunde', 2908, 0, NULL, 0, '2023-11-23 05:24:32', 0, '0000-00-00 00:00:00'),
(32938, 'Godim', 2908, 0, NULL, 0, '2023-11-23 05:24:32', 0, '0000-00-00 00:00:00'),
(32939, 'Gondomar', 2908, 0, NULL, 0, '2023-11-23 05:24:32', 0, '0000-00-00 00:00:00'),
(32940, 'Grijo', 2908, 0, NULL, 0, '2023-11-23 05:24:32', 0, '0000-00-00 00:00:00'),
(32941, 'Gueifaes', 2908, 0, NULL, 0, '2023-11-23 05:24:32', 0, '0000-00-00 00:00:00'),
(32942, 'Guifoes', 2908, 0, NULL, 0, '2023-11-23 05:24:32', 0, '0000-00-00 00:00:00'),
(32943, 'Guimaraes', 2908, 0, NULL, 0, '2023-11-23 05:24:32', 0, '0000-00-00 00:00:00'),
(32944, 'Gulpilhares', 2908, 0, NULL, 0, '2023-11-23 05:24:32', 0, '0000-00-00 00:00:00'),
(32945, 'Joane', 2908, 0, NULL, 0, '2023-11-23 05:24:32', 0, '0000-00-00 00:00:00'),
(32946, 'Jovim', 2908, 0, NULL, 0, '2023-11-23 05:24:32', 0, '0000-00-00 00:00:00'),
(32947, 'Lamego', 2908, 0, NULL, 0, '2023-11-23 05:24:32', 0, '0000-00-00 00:00:00'),
(32948, 'Lavra', 2908, 0, NULL, 0, '2023-11-23 05:24:32', 0, '0000-00-00 00:00:00'),
(32949, 'Leca da Palmeira', 2908, 0, NULL, 0, '2023-11-23 05:24:32', 0, '0000-00-00 00:00:00'),
(32950, 'Leca do Bailio', 2908, 0, NULL, 0, '2023-11-23 05:24:32', 0, '0000-00-00 00:00:00'),
(32951, 'Lobao', 2908, 0, NULL, 0, '2023-11-23 05:24:32', 0, '0000-00-00 00:00:00'),
(32952, 'Lordelo', 2908, 0, NULL, 0, '2023-11-23 05:24:32', 0, '0000-00-00 00:00:00'),
(32953, 'Lourosa', 2908, 0, NULL, 0, '2023-11-23 05:24:32', 0, '0000-00-00 00:00:00'),
(32954, 'Lustosa', 2908, 0, NULL, 0, '2023-11-23 05:24:32', 0, '0000-00-00 00:00:00'),
(32955, 'Macedo de Cavaleiros', 2908, 0, NULL, 0, '2023-11-23 05:24:32', 0, '0000-00-00 00:00:00'),
(32956, 'Macieira de Cambra', 2908, 0, NULL, 0, '2023-11-23 05:24:32', 0, '0000-00-00 00:00:00'),
(32957, 'Madalena', 2908, 0, NULL, 0, '2023-11-23 05:24:32', 0, '0000-00-00 00:00:00'),
(32958, 'Maia', 2908, 0, NULL, 0, '2023-11-23 05:24:32', 0, '0000-00-00 00:00:00'),
(32959, 'Margaride', 2908, 0, NULL, 0, '2023-11-23 05:24:32', 0, '0000-00-00 00:00:00'),
(32960, 'Marinhas', 2908, 0, NULL, 0, '2023-11-23 05:24:32', 0, '0000-00-00 00:00:00'),
(32961, 'Matosinhos', 2908, 0, NULL, 0, '2023-11-23 05:24:32', 0, '0000-00-00 00:00:00'),
(32962, 'Meadela', 2908, 0, NULL, 0, '2023-11-23 05:24:32', 0, '0000-00-00 00:00:00'),
(32963, 'Meinedo', 2908, 0, NULL, 0, '2023-11-23 05:24:32', 0, '0000-00-00 00:00:00'),
(32964, 'Milheiros', 2908, 0, NULL, 0, '2023-11-23 05:24:32', 0, '0000-00-00 00:00:00'),
(32965, 'Milheiros de Poiares', 2908, 0, NULL, 0, '2023-11-23 05:24:32', 0, '0000-00-00 00:00:00'),
(32966, 'Mirandela', 2908, 0, NULL, 0, '2023-11-23 05:24:32', 0, '0000-00-00 00:00:00'),
(32967, 'Mogadouro', 2908, 0, NULL, 0, '2023-11-23 05:24:32', 0, '0000-00-00 00:00:00'),
(32968, 'Moreira', 2908, 0, NULL, 0, '2023-11-23 05:24:32', 0, '0000-00-00 00:00:00'),
(32969, 'Moreira de Conegos', 2908, 0, NULL, 0, '2023-11-23 05:24:32', 0, '0000-00-00 00:00:00'),
(32970, 'Mozelos', 2908, 0, NULL, 0, '2023-11-23 05:24:32', 0, '0000-00-00 00:00:00'),
(32971, 'Negrelos', 2908, 0, NULL, 0, '2023-11-23 05:24:32', 0, '0000-00-00 00:00:00'),
(32972, 'Nogueira', 2908, 0, NULL, 0, '2023-11-23 05:24:32', 0, '0000-00-00 00:00:00'),
(32973, 'Nogueira da Regedoura', 2908, 0, NULL, 0, '2023-11-23 05:24:32', 0, '0000-00-00 00:00:00'),
(32974, 'Olival', 2908, 0, NULL, 0, '2023-11-23 05:24:32', 0, '0000-00-00 00:00:00'),
(32975, 'Oliveira', 2908, 0, NULL, 0, '2023-11-23 05:24:32', 0, '0000-00-00 00:00:00'),
(32976, 'Oliveira de Azemeis', 2908, 0, NULL, 0, '2023-11-23 05:24:32', 0, '0000-00-00 00:00:00'),
(32977, 'Oliveira do Douro', 2908, 0, NULL, 0, '2023-11-23 05:24:32', 0, '0000-00-00 00:00:00'),
(32978, 'Pacos de Brandao', 2908, 0, NULL, 0, '2023-11-23 05:24:32', 0, '0000-00-00 00:00:00'),
(32979, 'Pacos de Ferreira', 2908, 0, NULL, 0, '2023-11-23 05:24:32', 0, '0000-00-00 00:00:00'),
(32980, 'Pedroso', 2908, 0, NULL, 0, '2023-11-23 05:24:32', 0, '0000-00-00 00:00:00'),
(32981, 'Pedroucos', 2908, 0, NULL, 0, '2023-11-23 05:24:32', 0, '0000-00-00 00:00:00'),
(32982, 'Penafiel', 2908, 0, NULL, 0, '2023-11-23 05:24:32', 0, '0000-00-00 00:00:00'),
(32983, 'Perafita', 2908, 0, NULL, 0, '2023-11-23 05:24:32', 0, '0000-00-00 00:00:00'),
(32984, 'Perozinho', 2908, 0, NULL, 0, '2023-11-23 05:24:32', 0, '0000-00-00 00:00:00'),
(32985, 'Peso da Regua', 2908, 0, NULL, 0, '2023-11-23 05:24:32', 0, '0000-00-00 00:00:00'),
(32986, 'Ponte', 2908, 0, NULL, 0, '2023-11-23 05:24:32', 0, '0000-00-00 00:00:00'),
(32987, 'Porto', 2908, 0, NULL, 0, '2023-11-23 05:24:32', 0, '0000-00-00 00:00:00'),
(32988, 'Povoa de Lanhoso', 2908, 0, NULL, 0, '2023-11-23 05:24:32', 0, '0000-00-00 00:00:00'),
(32989, 'Povoa de Varzim', 2908, 0, NULL, 0, '2023-11-23 05:24:32', 0, '0000-00-00 00:00:00'),
(32990, 'Real', 2908, 0, NULL, 0, '2023-11-23 05:24:32', 0, '0000-00-00 00:00:00'),
(32991, 'Rebordosa', 2908, 0, NULL, 0, '2023-11-23 05:24:32', 0, '0000-00-00 00:00:00'),
(32992, 'Recarei', 2908, 0, NULL, 0, '2023-11-23 05:24:32', 0, '0000-00-00 00:00:00'),
(32993, 'Refojos de Basto', 2908, 0, NULL, 0, '2023-11-23 05:24:32', 0, '0000-00-00 00:00:00'),
(32994, 'Ribeirao', 2908, 0, NULL, 0, '2023-11-23 05:24:32', 0, '0000-00-00 00:00:00'),
(32995, 'Rio Meao', 2908, 0, NULL, 0, '2023-11-23 05:24:32', 0, '0000-00-00 00:00:00'),
(32996, 'Rio Tinto', 2908, 0, NULL, 0, '2023-11-23 05:24:32', 0, '0000-00-00 00:00:00'),
(32997, 'Ronfe', 2908, 0, NULL, 0, '2023-11-23 05:24:32', 0, '0000-00-00 00:00:00'),
(32998, 'Sande', 2908, 0, NULL, 0, '2023-11-23 05:24:32', 0, '0000-00-00 00:00:00'),
(32999, 'Sandim', 2908, 0, NULL, 0, '2023-11-23 05:24:32', 0, '0000-00-00 00:00:00'),
(33000, 'Santa Cruz do Bispo', 2908, 0, NULL, 0, '2023-11-23 05:24:32', 0, '0000-00-00 00:00:00'),
(33001, 'Santa Maria de Lamas', 2908, 0, NULL, 0, '2023-11-23 05:24:32', 0, '0000-00-00 00:00:00'),
(33002, 'Santiago da Riba-Ul', 2908, 0, NULL, 0, '2023-11-23 05:24:32', 0, '0000-00-00 00:00:00'),
(33003, 'Santo Tirso', 2908, 0, NULL, 0, '2023-11-23 05:24:32', 0, '0000-00-00 00:00:00'),
(33004, 'Sao Felix da Marinha', 2908, 0, NULL, 0, '2023-11-23 05:24:32', 0, '0000-00-00 00:00:00'),
(33005, 'Sao Joao da Madeira', 2908, 0, NULL, 0, '2023-11-23 05:24:32', 0, '0000-00-00 00:00:00'),
(33006, 'Sao Joao de Ver', 2908, 0, NULL, 0, '2023-11-23 05:24:32', 0, '0000-00-00 00:00:00'),
(33007, 'Sao Mamede de Infesta', 2908, 0, NULL, 0, '2023-11-23 05:24:32', 0, '0000-00-00 00:00:00'),
(33008, 'Sao Pedro da Cova', 2908, 0, NULL, 0, '2023-11-23 05:24:32', 0, '0000-00-00 00:00:00'),
(33009, 'Sao Pedro de Casteloes', 2908, 0, NULL, 0, '2023-11-23 05:24:32', 0, '0000-00-00 00:00:00'),
(33010, 'Sao Roque', 2908, 0, NULL, 0, '2023-11-23 05:24:32', 0, '0000-00-00 00:00:00'),
(33011, 'Selho', 2908, 0, NULL, 0, '2023-11-23 05:24:32', 0, '0000-00-00 00:00:00'),
(33012, 'Senhora da Hora', 2908, 0, NULL, 0, '2023-11-23 05:24:32', 0, '0000-00-00 00:00:00'),
(33013, 'Seroa', 2908, 0, NULL, 0, '2023-11-23 05:24:32', 0, '0000-00-00 00:00:00'),
(33014, 'Serzedelo', 2908, 0, NULL, 0, '2023-11-23 05:24:32', 0, '0000-00-00 00:00:00'),
(33015, 'Serzedo', 2908, 0, NULL, 0, '2023-11-23 05:24:32', 0, '0000-00-00 00:00:00'),
(33016, 'Silvalde', 2908, 0, NULL, 0, '2023-11-23 05:24:32', 0, '0000-00-00 00:00:00'),
(33017, 'Sobrado', 2908, 0, NULL, 0, '2023-11-23 05:24:32', 0, '0000-00-00 00:00:00'),
(33018, 'Sobreira', 2908, 0, NULL, 0, '2023-11-23 05:24:32', 0, '0000-00-00 00:00:00'),
(33019, 'Souto', 2908, 0, NULL, 0, '2023-11-23 05:24:32', 0, '0000-00-00 00:00:00'),
(33020, 'Teloes', 2908, 0, NULL, 0, '2023-11-23 05:24:32', 0, '0000-00-00 00:00:00'),
(33021, 'Urgezes', 2908, 0, NULL, 0, '2023-11-23 05:24:32', 0, '0000-00-00 00:00:00'),
(33022, 'Valadares', 2908, 0, NULL, 0, '2023-11-23 05:24:32', 0, '0000-00-00 00:00:00'),
(33023, 'Valbom', 2908, 0, NULL, 0, '2023-11-23 05:24:32', 0, '0000-00-00 00:00:00'),
(33024, 'Vale', 2908, 0, NULL, 0, '2023-11-23 05:24:32', 0, '0000-00-00 00:00:00'),
(33025, 'Valongo', 2908, 0, NULL, 0, '2023-11-23 05:24:32', 0, '0000-00-00 00:00:00'),
(33026, 'Valpacos', 2908, 0, NULL, 0, '2023-11-23 05:24:32', 0, '0000-00-00 00:00:00'),
(33027, 'Viana do Castelo', 2908, 0, NULL, 0, '2023-11-23 05:24:32', 0, '0000-00-00 00:00:00'),
(33028, 'Vila Cha', 2908, 0, NULL, 0, '2023-11-23 05:24:32', 0, '0000-00-00 00:00:00'),
(33029, 'Vila Frescainha', 2908, 0, NULL, 0, '2023-11-23 05:24:32', 0, '0000-00-00 00:00:00'),
(33030, 'Vila Nova da Telha', 2908, 0, NULL, 0, '2023-11-23 05:24:32', 0, '0000-00-00 00:00:00'),
(33031, 'Vila Nova de Famalicao', 2908, 0, NULL, 0, '2023-11-23 05:24:32', 0, '0000-00-00 00:00:00'),
(33032, 'Vila Nova de Gaia', 2908, 0, NULL, 0, '2023-11-23 05:24:32', 0, '0000-00-00 00:00:00'),
(33033, 'Vila Praia de Ancora', 2908, 0, NULL, 0, '2023-11-23 05:24:32', 0, '0000-00-00 00:00:00'),
(33034, 'Vila Real', 2908, 0, NULL, 0, '2023-11-23 05:24:32', 0, '0000-00-00 00:00:00'),
(33035, 'Vila Verde', 2908, 0, NULL, 0, '2023-11-23 05:24:32', 0, '0000-00-00 00:00:00'),
(33036, 'Vila de Cucujaes', 2908, 0, NULL, 0, '2023-11-23 05:24:32', 0, '0000-00-00 00:00:00'),
(33037, 'Vila de Prado', 2908, 0, NULL, 0, '2023-11-23 05:24:32', 0, '0000-00-00 00:00:00'),
(33038, 'Vila do Conde', 2908, 0, NULL, 0, '2023-11-23 05:24:32', 0, '0000-00-00 00:00:00'),
(33039, 'Vilar de Andorinho', 2908, 0, NULL, 0, '2023-11-23 05:24:32', 0, '0000-00-00 00:00:00'),
(33040, 'Vilar do Paraiso', 2908, 0, NULL, 0, '2023-11-23 05:24:32', 0, '0000-00-00 00:00:00'),
(33041, 'Vilarinho', 2908, 0, NULL, 0, '2023-11-23 05:24:32', 0, '0000-00-00 00:00:00'),
(33042, 'Vilela', 2908, 0, NULL, 0, '2023-11-23 05:24:32', 0, '0000-00-00 00:00:00'),
(33043, 'Vizela', 2908, 0, NULL, 0, '2023-11-23 05:24:32', 0, '0000-00-00 00:00:00'),
(33044, 'Paivas', 2909, 0, NULL, 0, '2023-11-23 05:24:32', 0, '0000-00-00 00:00:00'),
(33045, 'Arecibo', 2910, 0, NULL, 0, '2023-11-23 05:24:32', 0, '0000-00-00 00:00:00'),
(33046, 'Barceloneta', 2910, 0, NULL, 0, '2023-11-23 05:24:32', 0, '0000-00-00 00:00:00'),
(33047, 'Camuy', 2910, 0, NULL, 0, '2023-11-23 05:24:32', 0, '0000-00-00 00:00:00'),
(33048, 'Dorado', 2910, 0, NULL, 0, '2023-11-23 05:24:32', 0, '0000-00-00 00:00:00'),
(33049, 'Isabela', 2910, 0, NULL, 0, '2023-11-23 05:24:32', 0, '0000-00-00 00:00:00'),
(33050, 'Manati', 2910, 0, NULL, 0, '2023-11-23 05:24:32', 0, '0000-00-00 00:00:00'),
(33051, 'Vega Alta', 2910, 0, NULL, 0, '2023-11-23 05:24:32', 0, '0000-00-00 00:00:00'),
(33052, 'Vega Baja', 2910, 0, NULL, 0, '2023-11-23 05:24:32', 0, '0000-00-00 00:00:00'),
(33053, 'Bayamon', 2911, 0, NULL, 0, '2023-11-23 05:24:32', 0, '0000-00-00 00:00:00'),
(33054, 'Catano', 2911, 0, NULL, 0, '2023-11-23 05:24:32', 0, '0000-00-00 00:00:00'),
(33055, 'Guaynabo', 2911, 0, NULL, 0, '2023-11-23 05:24:32', 0, '0000-00-00 00:00:00'),
(33056, 'Levittown', 2911, 0, NULL, 0, '2023-11-23 05:24:32', 0, '0000-00-00 00:00:00'),
(33057, 'Valencia', 2911, 0, NULL, 0, '2023-11-23 05:24:32', 0, '0000-00-00 00:00:00'),
(33058, 'Canovanas', 2912, 0, NULL, 0, '2023-11-23 05:24:32', 0, '0000-00-00 00:00:00'),
(33059, 'Carolina', 2912, 0, NULL, 0, '2023-11-23 05:24:32', 0, '0000-00-00 00:00:00'),
(33060, 'Trujillo Alto', 2912, 0, NULL, 0, '2023-11-23 05:24:32', 0, '0000-00-00 00:00:00'),
(33061, 'Florida', 2913, 0, NULL, 0, '2023-11-23 05:24:32', 0, '0000-00-00 00:00:00'),
(33062, 'Aibonito', 2914, 0, NULL, 0, '2023-11-23 05:24:32', 0, '0000-00-00 00:00:00'),
(33063, 'Arroyo', 2914, 0, NULL, 0, '2023-11-23 05:24:32', 0, '0000-00-00 00:00:00'),
(33064, 'Barranquitas', 2914, 0, NULL, 0, '2023-11-23 05:24:32', 0, '0000-00-00 00:00:00'),
(33065, 'Cayey', 2914, 0, NULL, 0, '2023-11-23 05:24:32', 0, '0000-00-00 00:00:00'),
(33066, 'Coamo', 2914, 0, NULL, 0, '2023-11-23 05:24:32', 0, '0000-00-00 00:00:00'),
(33067, 'Corozal', 2914, 0, NULL, 0, '2023-11-23 05:24:32', 0, '0000-00-00 00:00:00'),
(33068, 'Guayama', 2914, 0, NULL, 0, '2023-11-23 05:24:32', 0, '0000-00-00 00:00:00'),
(33069, 'Juana Diaz', 2914, 0, NULL, 0, '2023-11-23 05:24:32', 0, '0000-00-00 00:00:00'),
(33070, 'Aguas Buenas', 2915, 0, NULL, 0, '2023-11-23 05:24:32', 0, '0000-00-00 00:00:00'),
(33071, 'Caguas', 2915, 0, NULL, 0, '2023-11-23 05:24:32', 0, '0000-00-00 00:00:00'),
(33072, 'Culebra', 2915, 0, NULL, 0, '2023-11-23 05:24:32', 0, '0000-00-00 00:00:00'),
(33073, 'Fajardo', 2915, 0, NULL, 0, '2023-11-23 05:24:32', 0, '0000-00-00 00:00:00'),
(33074, 'Gurabo', 2915, 0, NULL, 0, '2023-11-23 05:24:32', 0, '0000-00-00 00:00:00'),
(33075, 'Humacao', 2915, 0, NULL, 0, '2023-11-23 05:24:32', 0, '0000-00-00 00:00:00'),
(33076, 'Juncos', 2915, 0, NULL, 0, '2023-11-23 05:24:32', 0, '0000-00-00 00:00:00'),
(33077, 'Rio Grande', 2915, 0, NULL, 0, '2023-11-23 05:24:32', 0, '0000-00-00 00:00:00'),
(33078, 'Vieques', 2915, 0, NULL, 0, '2023-11-23 05:24:32', 0, '0000-00-00 00:00:00'),
(33079, 'Aguada', 2916, 0, NULL, 0, '2023-11-23 05:24:32', 0, '0000-00-00 00:00:00'),
(33080, 'Aguadilla', 2916, 0, NULL, 0, '2023-11-23 05:24:32', 0, '0000-00-00 00:00:00'),
(33081, 'Anasco', 2916, 0, NULL, 0, '2023-11-23 05:24:32', 0, '0000-00-00 00:00:00'),
(33082, 'Cabo Rojo', 2916, 0, NULL, 0, '2023-11-23 05:24:32', 0, '0000-00-00 00:00:00'),
(33083, 'Hormigueros', 2916, 0, NULL, 0, '2023-11-23 05:24:32', 0, '0000-00-00 00:00:00'),
(33084, 'Mayaguez', 2916, 0, NULL, 0, '2023-11-23 05:24:32', 0, '0000-00-00 00:00:00'),
(33085, 'San German', 2916, 0, NULL, 0, '2023-11-23 05:24:32', 0, '0000-00-00 00:00:00'),
(33086, 'San Sebastian', 2916, 0, NULL, 0, '2023-11-23 05:24:32', 0, '0000-00-00 00:00:00'),
(33087, 'Adjuntas', 2917, 0, NULL, 0, '2023-11-23 05:24:32', 0, '0000-00-00 00:00:00'),
(33088, 'Guanica', 2917, 0, NULL, 0, '2023-11-23 05:24:32', 0, '0000-00-00 00:00:00'),
(33089, 'Ponce', 2917, 0, NULL, 0, '2023-11-23 05:24:32', 0, '0000-00-00 00:00:00'),
(33090, 'Utuado', 2917, 0, NULL, 0, '2023-11-23 05:24:32', 0, '0000-00-00 00:00:00'),
(33091, 'Yauco', 2917, 0, NULL, 0, '2023-11-23 05:24:32', 0, '0000-00-00 00:00:00'),
(33092, 'Salinas', 2918, 0, NULL, 0, '2023-11-23 05:24:32', 0, '0000-00-00 00:00:00'),
(33093, 'Doha', 2920, 0, NULL, 0, '2023-11-23 05:24:32', 0, '0000-00-00 00:00:00'),
(33094, 'Umm Bab', 2921, 0, NULL, 0, '2023-11-23 05:24:32', 0, '0000-00-00 00:00:00'),
(33095, 'ad-Dawhah', 2923, 0, NULL, 0, '2023-11-23 05:24:32', 0, '0000-00-00 00:00:00'),
(33096, 'al-Ghuwayriyah', 2924, 0, NULL, 0, '2023-11-23 05:24:32', 0, '0000-00-00 00:00:00'),
(33097, 'Dukhan', 2925, 0, NULL, 0, '2023-11-23 05:24:32', 0, '0000-00-00 00:00:00');
INSERT INTO `city` (`CityId`, `CityName`, `StateId`, `Active`, `RecordId`, `CreatedBy`, `CreatedAt`, `UpdatedBy`, `UpdatedAt`) VALUES
(33098, 'al-Jumayliyah', 2925, 0, NULL, 0, '2023-11-23 05:24:32', 0, '0000-00-00 00:00:00'),
(33099, 'al-Khawr', 2926, 0, NULL, 0, '2023-11-23 05:24:32', 0, '0000-00-00 00:00:00'),
(33100, 'Musay\'id', 2927, 0, NULL, 0, '2023-11-23 05:24:32', 0, '0000-00-00 00:00:00'),
(33101, 'al-Wakrah', 2927, 0, NULL, 0, '2023-11-23 05:24:32', 0, '0000-00-00 00:00:00'),
(33102, 'al-Wukayr', 2927, 0, NULL, 0, '2023-11-23 05:24:32', 0, '0000-00-00 00:00:00'),
(33103, 'ar-Rayyan', 2928, 0, NULL, 0, '2023-11-23 05:24:32', 0, '0000-00-00 00:00:00'),
(33104, 'ash-Shahaniyah', 2928, 0, NULL, 0, '2023-11-23 05:24:32', 0, '0000-00-00 00:00:00'),
(33105, 'ar-Ruways', 2929, 0, NULL, 0, '2023-11-23 05:24:32', 0, '0000-00-00 00:00:00'),
(33106, 'Bras-Panon', 2930, 0, NULL, 0, '2023-11-23 05:24:32', 0, '0000-00-00 00:00:00'),
(33107, 'Saint-Andre', 2930, 0, NULL, 0, '2023-11-23 05:24:32', 0, '0000-00-00 00:00:00'),
(33108, 'Saint-Benoit', 2930, 0, NULL, 0, '2023-11-23 05:24:32', 0, '0000-00-00 00:00:00'),
(33109, 'Sainte-Rose', 2930, 0, NULL, 0, '2023-11-23 05:24:32', 0, '0000-00-00 00:00:00'),
(33110, 'Salazie', 2930, 0, NULL, 0, '2023-11-23 05:24:32', 0, '0000-00-00 00:00:00'),
(33111, 'La Possession', 2931, 0, NULL, 0, '2023-11-23 05:24:32', 0, '0000-00-00 00:00:00'),
(33112, 'Le Port', 2931, 0, NULL, 0, '2023-11-23 05:24:32', 0, '0000-00-00 00:00:00'),
(33113, 'Saint-Denis', 2931, 0, NULL, 0, '2023-11-23 05:24:32', 0, '0000-00-00 00:00:00'),
(33114, 'Sainte-Marie', 2931, 0, NULL, 0, '2023-11-23 05:24:32', 0, '0000-00-00 00:00:00'),
(33115, 'Sainte-Suzanne', 2931, 0, NULL, 0, '2023-11-23 05:24:32', 0, '0000-00-00 00:00:00'),
(33116, 'L\'Etang-Sale', 2932, 0, NULL, 0, '2023-11-23 05:24:32', 0, '0000-00-00 00:00:00'),
(33117, 'Les Aviron', 2932, 0, NULL, 0, '2023-11-23 05:24:32', 0, '0000-00-00 00:00:00'),
(33118, 'Les Trois-Bassins', 2932, 0, NULL, 0, '2023-11-23 05:24:32', 0, '0000-00-00 00:00:00'),
(33119, 'Saint-Leu', 2932, 0, NULL, 0, '2023-11-23 05:24:32', 0, '0000-00-00 00:00:00'),
(33120, 'Saint-Paul', 2932, 0, NULL, 0, '2023-11-23 05:24:32', 0, '0000-00-00 00:00:00'),
(33121, 'Cilaos', 2933, 0, NULL, 0, '2023-11-23 05:24:32', 0, '0000-00-00 00:00:00'),
(33122, 'Entre-Deux', 2933, 0, NULL, 0, '2023-11-23 05:24:32', 0, '0000-00-00 00:00:00'),
(33123, 'Le Tampon', 2933, 0, NULL, 0, '2023-11-23 05:24:32', 0, '0000-00-00 00:00:00'),
(33124, 'Petite-Ile', 2933, 0, NULL, 0, '2023-11-23 05:24:32', 0, '0000-00-00 00:00:00'),
(33125, 'Saint-Joseph', 2933, 0, NULL, 0, '2023-11-23 05:24:32', 0, '0000-00-00 00:00:00'),
(33126, 'Saint-Louis', 2933, 0, NULL, 0, '2023-11-23 05:24:32', 0, '0000-00-00 00:00:00'),
(33127, 'Saint-Philippe', 2933, 0, NULL, 0, '2023-11-23 05:24:32', 0, '0000-00-00 00:00:00'),
(33128, 'Saint-Pierre', 2933, 0, NULL, 0, '2023-11-23 05:24:32', 0, '0000-00-00 00:00:00'),
(33129, 'Abrud', 2934, 0, NULL, 0, '2023-11-23 05:24:32', 0, '0000-00-00 00:00:00'),
(33130, 'Aiud', 2934, 0, NULL, 0, '2023-11-23 05:24:32', 0, '0000-00-00 00:00:00'),
(33131, 'Alba Iulia', 2934, 0, NULL, 0, '2023-11-23 05:24:32', 0, '0000-00-00 00:00:00'),
(33132, 'Albac', 2934, 0, NULL, 0, '2023-11-23 05:24:32', 0, '0000-00-00 00:00:00'),
(33133, 'Almasu Mare', 2934, 0, NULL, 0, '2023-11-23 05:24:32', 0, '0000-00-00 00:00:00'),
(33134, 'Arieseni', 2934, 0, NULL, 0, '2023-11-23 05:24:32', 0, '0000-00-00 00:00:00'),
(33135, 'Avram Iancu', 2934, 0, NULL, 0, '2023-11-23 05:24:32', 0, '0000-00-00 00:00:00'),
(33136, 'Baia de Aries', 2934, 0, NULL, 0, '2023-11-23 05:24:32', 0, '0000-00-00 00:00:00'),
(33137, 'Berghin', 2934, 0, NULL, 0, '2023-11-23 05:24:32', 0, '0000-00-00 00:00:00'),
(33138, 'Bistra', 2934, 0, NULL, 0, '2023-11-23 05:24:32', 0, '0000-00-00 00:00:00'),
(33139, 'Blaj', 2934, 0, NULL, 0, '2023-11-23 05:24:32', 0, '0000-00-00 00:00:00'),
(33140, 'Blandiana', 2934, 0, NULL, 0, '2023-11-23 05:24:32', 0, '0000-00-00 00:00:00'),
(33141, 'Bucium', 2934, 0, NULL, 0, '2023-11-23 05:24:32', 0, '0000-00-00 00:00:00'),
(33142, 'Calnic', 2934, 0, NULL, 0, '2023-11-23 05:24:32', 0, '0000-00-00 00:00:00'),
(33143, 'Campeni', 2934, 0, NULL, 0, '2023-11-23 05:24:32', 0, '0000-00-00 00:00:00'),
(33144, 'Cenade', 2934, 0, NULL, 0, '2023-11-23 05:24:32', 0, '0000-00-00 00:00:00'),
(33145, 'Cergau', 2934, 0, NULL, 0, '2023-11-23 05:24:32', 0, '0000-00-00 00:00:00'),
(33146, 'Ceru-Bacainti', 2934, 0, NULL, 0, '2023-11-23 05:24:32', 0, '0000-00-00 00:00:00'),
(33147, 'Cetatea de Balta', 2934, 0, NULL, 0, '2023-11-23 05:24:32', 0, '0000-00-00 00:00:00'),
(33148, 'Ciugud', 2934, 0, NULL, 0, '2023-11-23 05:24:32', 0, '0000-00-00 00:00:00'),
(33149, 'Ciuruleasa', 2934, 0, NULL, 0, '2023-11-23 05:24:32', 0, '0000-00-00 00:00:00'),
(33150, 'Craciunelu de Jos', 2934, 0, NULL, 0, '2023-11-23 05:24:32', 0, '0000-00-00 00:00:00'),
(33151, 'Cricau', 2934, 0, NULL, 0, '2023-11-23 05:24:32', 0, '0000-00-00 00:00:00'),
(33152, 'Cugir', 2934, 0, NULL, 0, '2023-11-23 05:24:32', 0, '0000-00-00 00:00:00'),
(33153, 'Daia Romana', 2934, 0, NULL, 0, '2023-11-23 05:24:32', 0, '0000-00-00 00:00:00'),
(33154, 'Dostat', 2934, 0, NULL, 0, '2023-11-23 05:24:32', 0, '0000-00-00 00:00:00'),
(33155, 'Farau', 2934, 0, NULL, 0, '2023-11-23 05:24:32', 0, '0000-00-00 00:00:00'),
(33156, 'Galda de Jos', 2934, 0, NULL, 0, '2023-11-23 05:24:32', 0, '0000-00-00 00:00:00'),
(33157, 'Garbova', 2934, 0, NULL, 0, '2023-11-23 05:24:32', 0, '0000-00-00 00:00:00'),
(33158, 'Garda de Sus', 2934, 0, NULL, 0, '2023-11-23 05:24:32', 0, '0000-00-00 00:00:00'),
(33159, 'Hoparta', 2934, 0, NULL, 0, '2023-11-23 05:24:32', 0, '0000-00-00 00:00:00'),
(33160, 'Horea', 2934, 0, NULL, 0, '2023-11-23 05:24:32', 0, '0000-00-00 00:00:00'),
(33161, 'Ighiu', 2934, 0, NULL, 0, '2023-11-23 05:24:32', 0, '0000-00-00 00:00:00'),
(33162, 'Intregalde', 2934, 0, NULL, 0, '2023-11-23 05:24:32', 0, '0000-00-00 00:00:00'),
(33163, 'Jidvei', 2934, 0, NULL, 0, '2023-11-23 05:24:32', 0, '0000-00-00 00:00:00'),
(33164, 'Livezile', 2934, 0, NULL, 0, '2023-11-23 05:24:32', 0, '0000-00-00 00:00:00'),
(33165, 'Lopadea Noua', 2934, 0, NULL, 0, '2023-11-23 05:24:32', 0, '0000-00-00 00:00:00'),
(33166, 'Lunca Muresului', 2934, 0, NULL, 0, '2023-11-23 05:24:32', 0, '0000-00-00 00:00:00'),
(33167, 'Lupsa', 2934, 0, NULL, 0, '2023-11-23 05:24:32', 0, '0000-00-00 00:00:00'),
(33168, 'Metes', 2934, 0, NULL, 0, '2023-11-23 05:24:32', 0, '0000-00-00 00:00:00'),
(33169, 'Mihalt', 2934, 0, NULL, 0, '2023-11-23 05:24:32', 0, '0000-00-00 00:00:00'),
(33170, 'Miraslau', 2934, 0, NULL, 0, '2023-11-23 05:24:32', 0, '0000-00-00 00:00:00'),
(33171, 'Mogos', 2934, 0, NULL, 0, '2023-11-23 05:24:32', 0, '0000-00-00 00:00:00'),
(33172, 'Noslac', 2934, 0, NULL, 0, '2023-11-23 05:24:32', 0, '0000-00-00 00:00:00'),
(33173, 'Ocna Mures', 2934, 0, NULL, 0, '2023-11-23 05:24:32', 0, '0000-00-00 00:00:00'),
(33174, 'Ocolis', 2934, 0, NULL, 0, '2023-11-23 05:24:32', 0, '0000-00-00 00:00:00'),
(33175, 'Ohaba', 2934, 0, NULL, 0, '2023-11-23 05:24:32', 0, '0000-00-00 00:00:00'),
(33176, 'Pianu', 2934, 0, NULL, 0, '2023-11-23 05:24:32', 0, '0000-00-00 00:00:00'),
(33177, 'Poiana Vadului', 2934, 0, NULL, 0, '2023-11-23 05:24:32', 0, '0000-00-00 00:00:00'),
(33178, 'Ponor', 2934, 0, NULL, 0, '2023-11-23 05:24:32', 0, '0000-00-00 00:00:00'),
(33179, 'Posaga', 2934, 0, NULL, 0, '2023-11-23 05:24:32', 0, '0000-00-00 00:00:00'),
(33180, 'Radesti', 2934, 0, NULL, 0, '2023-11-23 05:24:32', 0, '0000-00-00 00:00:00'),
(33181, 'Ramet', 2934, 0, NULL, 0, '2023-11-23 05:24:32', 0, '0000-00-00 00:00:00'),
(33182, 'Rimetea', 2934, 0, NULL, 0, '2023-11-23 05:24:32', 0, '0000-00-00 00:00:00'),
(33183, 'Rosia Montana', 2934, 0, NULL, 0, '2023-11-23 05:24:32', 0, '0000-00-00 00:00:00'),
(33184, 'Rosia de Secas', 2934, 0, NULL, 0, '2023-11-23 05:24:32', 0, '0000-00-00 00:00:00'),
(33185, 'Salciua', 2934, 0, NULL, 0, '2023-11-23 05:24:32', 0, '0000-00-00 00:00:00'),
(33186, 'Salistea', 2934, 0, NULL, 0, '2023-11-23 05:24:32', 0, '0000-00-00 00:00:00'),
(33187, 'Sancel', 2934, 0, NULL, 0, '2023-11-23 05:24:32', 0, '0000-00-00 00:00:00'),
(33188, 'Santimbru', 2934, 0, NULL, 0, '2023-11-23 05:24:32', 0, '0000-00-00 00:00:00'),
(33189, 'Sasciori', 2934, 0, NULL, 0, '2023-11-23 05:24:32', 0, '0000-00-00 00:00:00'),
(33190, 'Scarisoara', 2934, 0, NULL, 0, '2023-11-23 05:24:32', 0, '0000-00-00 00:00:00'),
(33191, 'Sebes', 2934, 0, NULL, 0, '2023-11-23 05:24:32', 0, '0000-00-00 00:00:00'),
(33192, 'Sibot', 2934, 0, NULL, 0, '2023-11-23 05:24:32', 0, '0000-00-00 00:00:00'),
(33193, 'Sohodol', 2934, 0, NULL, 0, '2023-11-23 05:24:32', 0, '0000-00-00 00:00:00'),
(33194, 'Sona', 2934, 0, NULL, 0, '2023-11-23 05:24:32', 0, '0000-00-00 00:00:00'),
(33195, 'Spring', 2934, 0, NULL, 0, '2023-11-23 05:24:32', 0, '0000-00-00 00:00:00'),
(33196, 'Stremt', 2934, 0, NULL, 0, '2023-11-23 05:24:32', 0, '0000-00-00 00:00:00'),
(33197, 'Sugag', 2934, 0, NULL, 0, '2023-11-23 05:24:32', 0, '0000-00-00 00:00:00'),
(33198, 'Teius', 2934, 0, NULL, 0, '2023-11-23 05:24:32', 0, '0000-00-00 00:00:00'),
(33199, 'Unirea', 2934, 0, NULL, 0, '2023-11-23 05:24:32', 0, '0000-00-00 00:00:00'),
(33200, 'Vadu Motilor', 2934, 0, NULL, 0, '2023-11-23 05:24:32', 0, '0000-00-00 00:00:00'),
(33201, 'Valea Lunga', 2934, 0, NULL, 0, '2023-11-23 05:24:32', 0, '0000-00-00 00:00:00'),
(33202, 'Vidra', 2934, 0, NULL, 0, '2023-11-23 05:24:32', 0, '0000-00-00 00:00:00'),
(33203, 'Vintu de Jos', 2934, 0, NULL, 0, '2023-11-23 05:24:32', 0, '0000-00-00 00:00:00'),
(33204, 'Zlatna', 2934, 0, NULL, 0, '2023-11-23 05:24:32', 0, '0000-00-00 00:00:00'),
(33205, 'Almas', 2935, 0, NULL, 0, '2023-11-23 05:24:32', 0, '0000-00-00 00:00:00'),
(33206, 'Apateu', 2935, 0, NULL, 0, '2023-11-23 05:24:32', 0, '0000-00-00 00:00:00'),
(33207, 'Arad', 2935, 0, NULL, 0, '2023-11-23 05:24:32', 0, '0000-00-00 00:00:00'),
(33208, 'Archis', 2935, 0, NULL, 0, '2023-11-23 05:24:32', 0, '0000-00-00 00:00:00'),
(33209, 'Barsa', 2935, 0, NULL, 0, '2023-11-23 05:24:32', 0, '0000-00-00 00:00:00'),
(33210, 'Barzava', 2935, 0, NULL, 0, '2023-11-23 05:24:32', 0, '0000-00-00 00:00:00'),
(33211, 'Bata', 2935, 0, NULL, 0, '2023-11-23 05:24:32', 0, '0000-00-00 00:00:00'),
(33212, 'Beliu', 2935, 0, NULL, 0, '2023-11-23 05:24:32', 0, '0000-00-00 00:00:00'),
(33213, 'Birchis', 2935, 0, NULL, 0, '2023-11-23 05:24:32', 0, '0000-00-00 00:00:00'),
(33214, 'Bocsig', 2935, 0, NULL, 0, '2023-11-23 05:24:32', 0, '0000-00-00 00:00:00'),
(33215, 'Brazii', 2935, 0, NULL, 0, '2023-11-23 05:24:32', 0, '0000-00-00 00:00:00'),
(33216, 'Buteni', 2935, 0, NULL, 0, '2023-11-23 05:24:32', 0, '0000-00-00 00:00:00'),
(33217, 'Carand', 2935, 0, NULL, 0, '2023-11-23 05:24:32', 0, '0000-00-00 00:00:00'),
(33218, 'Cermei', 2935, 0, NULL, 0, '2023-11-23 05:24:32', 0, '0000-00-00 00:00:00'),
(33219, 'Chisindia', 2935, 0, NULL, 0, '2023-11-23 05:24:32', 0, '0000-00-00 00:00:00'),
(33220, 'Chisineu Cris', 2935, 0, NULL, 0, '2023-11-23 05:24:32', 0, '0000-00-00 00:00:00'),
(33221, 'Conop', 2935, 0, NULL, 0, '2023-11-23 05:24:32', 0, '0000-00-00 00:00:00'),
(33222, 'Covasint', 2935, 0, NULL, 0, '2023-11-23 05:24:32', 0, '0000-00-00 00:00:00'),
(33223, 'Craiva', 2935, 0, NULL, 0, '2023-11-23 05:24:32', 0, '0000-00-00 00:00:00'),
(33224, 'Curtici', 2935, 0, NULL, 0, '2023-11-23 05:24:32', 0, '0000-00-00 00:00:00'),
(33225, 'Dezna', 2935, 0, NULL, 0, '2023-11-23 05:24:32', 0, '0000-00-00 00:00:00'),
(33226, 'Dieci', 2935, 0, NULL, 0, '2023-11-23 05:24:32', 0, '0000-00-00 00:00:00'),
(33227, 'Dorgos', 2935, 0, NULL, 0, '2023-11-23 05:24:32', 0, '0000-00-00 00:00:00'),
(33228, 'Fantanele', 2935, 0, NULL, 0, '2023-11-23 05:24:32', 0, '0000-00-00 00:00:00'),
(33229, 'Felnac', 2935, 0, NULL, 0, '2023-11-23 05:24:32', 0, '0000-00-00 00:00:00'),
(33230, 'Ghioroc', 2935, 0, NULL, 0, '2023-11-23 05:24:32', 0, '0000-00-00 00:00:00'),
(33231, 'Graniceri', 2935, 0, NULL, 0, '2023-11-23 05:24:32', 0, '0000-00-00 00:00:00'),
(33232, 'Gurahont', 2935, 0, NULL, 0, '2023-11-23 05:24:32', 0, '0000-00-00 00:00:00'),
(33233, 'Halmagel', 2935, 0, NULL, 0, '2023-11-23 05:24:32', 0, '0000-00-00 00:00:00'),
(33234, 'Halmagiu', 2935, 0, NULL, 0, '2023-11-23 05:24:32', 0, '0000-00-00 00:00:00'),
(33235, 'Hasmas', 2935, 0, NULL, 0, '2023-11-23 05:24:32', 0, '0000-00-00 00:00:00'),
(33236, 'Ignesti', 2935, 0, NULL, 0, '2023-11-23 05:24:32', 0, '0000-00-00 00:00:00'),
(33237, 'Ineu', 2935, 0, NULL, 0, '2023-11-23 05:24:32', 0, '0000-00-00 00:00:00'),
(33238, 'Iratosu', 2935, 0, NULL, 0, '2023-11-23 05:24:32', 0, '0000-00-00 00:00:00'),
(33239, 'Lipova', 2935, 0, NULL, 0, '2023-11-23 05:24:32', 0, '0000-00-00 00:00:00'),
(33240, 'Livada', 2935, 0, NULL, 0, '2023-11-23 05:24:32', 0, '0000-00-00 00:00:00'),
(33241, 'Macea', 2935, 0, NULL, 0, '2023-11-23 05:24:32', 0, '0000-00-00 00:00:00'),
(33242, 'Masca', 2935, 0, NULL, 0, '2023-11-23 05:24:32', 0, '0000-00-00 00:00:00'),
(33243, 'Moneasa', 2935, 0, NULL, 0, '2023-11-23 05:24:32', 0, '0000-00-00 00:00:00'),
(33244, 'Nadlac', 2935, 0, NULL, 0, '2023-11-23 05:24:32', 0, '0000-00-00 00:00:00'),
(33245, 'Olari', 2935, 0, NULL, 0, '2023-11-23 05:24:32', 0, '0000-00-00 00:00:00'),
(33246, 'Pancota', 2935, 0, NULL, 0, '2023-11-23 05:24:32', 0, '0000-00-00 00:00:00'),
(33247, 'Paulis', 2935, 0, NULL, 0, '2023-11-23 05:24:32', 0, '0000-00-00 00:00:00'),
(33248, 'Pecica', 2935, 0, NULL, 0, '2023-11-23 05:24:32', 0, '0000-00-00 00:00:00'),
(33249, 'Peregu Mare', 2935, 0, NULL, 0, '2023-11-23 05:24:32', 0, '0000-00-00 00:00:00'),
(33250, 'Petris', 2935, 0, NULL, 0, '2023-11-23 05:24:32', 0, '0000-00-00 00:00:00'),
(33251, 'Pilu', 2935, 0, NULL, 0, '2023-11-23 05:24:32', 0, '0000-00-00 00:00:00'),
(33252, 'Plescuta', 2935, 0, NULL, 0, '2023-11-23 05:24:32', 0, '0000-00-00 00:00:00'),
(33253, 'Sagu', 2935, 0, NULL, 0, '2023-11-23 05:24:32', 0, '0000-00-00 00:00:00'),
(33254, 'Santana', 2935, 0, NULL, 0, '2023-11-23 05:24:32', 0, '0000-00-00 00:00:00'),
(33255, 'Savarsin', 2935, 0, NULL, 0, '2023-11-23 05:24:32', 0, '0000-00-00 00:00:00'),
(33256, 'Sebis', 2935, 0, NULL, 0, '2023-11-23 05:24:32', 0, '0000-00-00 00:00:00'),
(33257, 'Secusigiu', 2935, 0, NULL, 0, '2023-11-23 05:24:32', 0, '0000-00-00 00:00:00'),
(33258, 'Seitin', 2935, 0, NULL, 0, '2023-11-23 05:24:32', 0, '0000-00-00 00:00:00'),
(33259, 'Seleus', 2935, 0, NULL, 0, '2023-11-23 05:24:32', 0, '0000-00-00 00:00:00'),
(33260, 'Semlac', 2935, 0, NULL, 0, '2023-11-23 05:24:32', 0, '0000-00-00 00:00:00'),
(33261, 'Sepreus', 2935, 0, NULL, 0, '2023-11-23 05:24:32', 0, '0000-00-00 00:00:00'),
(33262, 'Sicula', 2935, 0, NULL, 0, '2023-11-23 05:24:32', 0, '0000-00-00 00:00:00'),
(33263, 'Silindia', 2935, 0, NULL, 0, '2023-11-23 05:24:32', 0, '0000-00-00 00:00:00'),
(33264, 'Simand', 2935, 0, NULL, 0, '2023-11-23 05:24:32', 0, '0000-00-00 00:00:00'),
(33265, 'Sintea Mare', 2935, 0, NULL, 0, '2023-11-23 05:24:32', 0, '0000-00-00 00:00:00'),
(33266, 'Siria', 2935, 0, NULL, 0, '2023-11-23 05:24:32', 0, '0000-00-00 00:00:00'),
(33267, 'Sistarovat', 2935, 0, NULL, 0, '2023-11-23 05:24:32', 0, '0000-00-00 00:00:00'),
(33268, 'Socodor', 2935, 0, NULL, 0, '2023-11-23 05:24:32', 0, '0000-00-00 00:00:00'),
(33269, 'Sofronea', 2935, 0, NULL, 0, '2023-11-23 05:24:32', 0, '0000-00-00 00:00:00'),
(33270, 'Tarnova', 2935, 0, NULL, 0, '2023-11-23 05:24:32', 0, '0000-00-00 00:00:00'),
(33271, 'Taut', 2935, 0, NULL, 0, '2023-11-23 05:24:32', 0, '0000-00-00 00:00:00'),
(33272, 'Varadia de Mures', 2935, 0, NULL, 0, '2023-11-23 05:24:32', 0, '0000-00-00 00:00:00'),
(33273, 'Varfurile', 2935, 0, NULL, 0, '2023-11-23 05:24:32', 0, '0000-00-00 00:00:00'),
(33274, 'Vinga', 2935, 0, NULL, 0, '2023-11-23 05:24:32', 0, '0000-00-00 00:00:00'),
(33275, 'Vladimirescu', 2935, 0, NULL, 0, '2023-11-23 05:24:32', 0, '0000-00-00 00:00:00'),
(33276, 'Zabrani', 2935, 0, NULL, 0, '2023-11-23 05:24:32', 0, '0000-00-00 00:00:00'),
(33277, 'Zarand', 2935, 0, NULL, 0, '2023-11-23 05:24:32', 0, '0000-00-00 00:00:00'),
(33278, 'Zerind', 2935, 0, NULL, 0, '2023-11-23 05:24:32', 0, '0000-00-00 00:00:00'),
(33279, 'Zimandu Nou', 2935, 0, NULL, 0, '2023-11-23 05:24:32', 0, '0000-00-00 00:00:00'),
(33280, 'Albesti', 2936, 0, NULL, 0, '2023-11-23 05:24:32', 0, '0000-00-00 00:00:00'),
(33281, 'Albestii-Pamanteni', 2936, 0, NULL, 0, '2023-11-23 05:24:32', 0, '0000-00-00 00:00:00'),
(33282, 'Albota', 2936, 0, NULL, 0, '2023-11-23 05:24:32', 0, '0000-00-00 00:00:00'),
(33283, 'Aninoasa', 2936, 0, NULL, 0, '2023-11-23 05:24:32', 0, '0000-00-00 00:00:00'),
(33284, 'Arefu', 2936, 0, NULL, 0, '2023-11-23 05:24:32', 0, '0000-00-00 00:00:00'),
(33285, 'Babana', 2936, 0, NULL, 0, '2023-11-23 05:24:32', 0, '0000-00-00 00:00:00'),
(33286, 'Baiculesti', 2936, 0, NULL, 0, '2023-11-23 05:24:32', 0, '0000-00-00 00:00:00'),
(33287, 'Balilesti', 2936, 0, NULL, 0, '2023-11-23 05:24:32', 0, '0000-00-00 00:00:00'),
(33288, 'Barla', 2936, 0, NULL, 0, '2023-11-23 05:24:32', 0, '0000-00-00 00:00:00'),
(33289, 'Bascov', 2936, 0, NULL, 0, '2023-11-23 05:24:32', 0, '0000-00-00 00:00:00'),
(33290, 'Beleti-Negresti', 2936, 0, NULL, 0, '2023-11-23 05:24:32', 0, '0000-00-00 00:00:00'),
(33291, 'Berevoesti', 2936, 0, NULL, 0, '2023-11-23 05:24:32', 0, '0000-00-00 00:00:00'),
(33292, 'Bogati', 2936, 0, NULL, 0, '2023-11-23 05:24:32', 0, '0000-00-00 00:00:00'),
(33293, 'Boteni', 2936, 0, NULL, 0, '2023-11-23 05:24:32', 0, '0000-00-00 00:00:00'),
(33294, 'Botesti', 2936, 0, NULL, 0, '2023-11-23 05:24:32', 0, '0000-00-00 00:00:00'),
(33295, 'Bradu', 2936, 0, NULL, 0, '2023-11-23 05:24:32', 0, '0000-00-00 00:00:00'),
(33296, 'Bradulet', 2936, 0, NULL, 0, '2023-11-23 05:24:32', 0, '0000-00-00 00:00:00'),
(33297, 'Budeasa', 2936, 0, NULL, 0, '2023-11-23 05:24:32', 0, '0000-00-00 00:00:00'),
(33298, 'Bughea de Jos', 2936, 0, NULL, 0, '2023-11-23 05:24:32', 0, '0000-00-00 00:00:00'),
(33299, 'Buzoesti', 2936, 0, NULL, 0, '2023-11-23 05:24:32', 0, '0000-00-00 00:00:00'),
(33300, 'Caldararu', 2936, 0, NULL, 0, '2023-11-23 05:24:32', 0, '0000-00-00 00:00:00'),
(33301, 'Calinesti', 2936, 0, NULL, 0, '2023-11-23 05:24:32', 0, '0000-00-00 00:00:00'),
(33302, 'Campulung', 2936, 0, NULL, 0, '2023-11-23 05:24:32', 0, '0000-00-00 00:00:00'),
(33303, 'Cateasca', 2936, 0, NULL, 0, '2023-11-23 05:24:32', 0, '0000-00-00 00:00:00'),
(33304, 'Cepari', 2936, 0, NULL, 0, '2023-11-23 05:24:32', 0, '0000-00-00 00:00:00'),
(33305, 'Cetateni', 2936, 0, NULL, 0, '2023-11-23 05:24:32', 0, '0000-00-00 00:00:00'),
(33306, 'Cicanesti', 2936, 0, NULL, 0, '2023-11-23 05:24:32', 0, '0000-00-00 00:00:00'),
(33307, 'Ciofrangeni', 2936, 0, NULL, 0, '2023-11-23 05:24:32', 0, '0000-00-00 00:00:00'),
(33308, 'Ciomagesti', 2936, 0, NULL, 0, '2023-11-23 05:24:32', 0, '0000-00-00 00:00:00'),
(33309, 'Cocu', 2936, 0, NULL, 0, '2023-11-23 05:24:32', 0, '0000-00-00 00:00:00'),
(33310, 'Corbeni', 2936, 0, NULL, 0, '2023-11-23 05:24:32', 0, '0000-00-00 00:00:00'),
(33311, 'Corbi', 2936, 0, NULL, 0, '2023-11-23 05:24:32', 0, '0000-00-00 00:00:00'),
(33312, 'Cosesti', 2936, 0, NULL, 0, '2023-11-23 05:24:32', 0, '0000-00-00 00:00:00'),
(33313, 'Costesti', 2936, 0, NULL, 0, '2023-11-23 05:24:32', 0, '0000-00-00 00:00:00'),
(33314, 'Cotmeana', 2936, 0, NULL, 0, '2023-11-23 05:24:32', 0, '0000-00-00 00:00:00'),
(33315, 'Cuca', 2936, 0, NULL, 0, '2023-11-23 05:24:32', 0, '0000-00-00 00:00:00'),
(33316, 'Curtea de Arges', 2936, 0, NULL, 0, '2023-11-23 05:24:32', 0, '0000-00-00 00:00:00'),
(33317, 'Dambovicioara', 2936, 0, NULL, 0, '2023-11-23 05:24:32', 0, '0000-00-00 00:00:00'),
(33318, 'Darmanesti', 2936, 0, NULL, 0, '2023-11-23 05:24:32', 0, '0000-00-00 00:00:00'),
(33319, 'Davidesti', 2936, 0, NULL, 0, '2023-11-23 05:24:32', 0, '0000-00-00 00:00:00'),
(33320, 'Dobresti', 2936, 0, NULL, 0, '2023-11-23 05:24:32', 0, '0000-00-00 00:00:00'),
(33321, 'Domnesti', 2936, 0, NULL, 0, '2023-11-23 05:24:32', 0, '0000-00-00 00:00:00'),
(33322, 'Draganu', 2936, 0, NULL, 0, '2023-11-23 05:24:32', 0, '0000-00-00 00:00:00'),
(33323, 'Dragoslavele', 2936, 0, NULL, 0, '2023-11-23 05:24:32', 0, '0000-00-00 00:00:00'),
(33324, 'Godeni', 2936, 0, NULL, 0, '2023-11-23 05:24:32', 0, '0000-00-00 00:00:00'),
(33325, 'Harsesti', 2936, 0, NULL, 0, '2023-11-23 05:24:32', 0, '0000-00-00 00:00:00'),
(33326, 'Hartiesti', 2936, 0, NULL, 0, '2023-11-23 05:24:32', 0, '0000-00-00 00:00:00'),
(33327, 'Izvoru', 2936, 0, NULL, 0, '2023-11-23 05:24:32', 0, '0000-00-00 00:00:00'),
(33328, 'Leordeni', 2936, 0, NULL, 0, '2023-11-23 05:24:32', 0, '0000-00-00 00:00:00'),
(33329, 'Leresti', 2936, 0, NULL, 0, '2023-11-23 05:24:32', 0, '0000-00-00 00:00:00'),
(33330, 'Lunca Corbului', 2936, 0, NULL, 0, '2023-11-23 05:24:32', 0, '0000-00-00 00:00:00'),
(33331, 'Malureni', 2936, 0, NULL, 0, '2023-11-23 05:24:32', 0, '0000-00-00 00:00:00'),
(33332, 'Maracineni', 2936, 0, NULL, 0, '2023-11-23 05:24:32', 0, '0000-00-00 00:00:00'),
(33333, 'Merisani', 2936, 0, NULL, 0, '2023-11-23 05:24:32', 0, '0000-00-00 00:00:00'),
(33334, 'Micesti', 2936, 0, NULL, 0, '2023-11-23 05:24:32', 0, '0000-00-00 00:00:00'),
(33335, 'Mihaesti', 2936, 0, NULL, 0, '2023-11-23 05:24:32', 0, '0000-00-00 00:00:00'),
(33336, 'Mioarele', 2936, 0, NULL, 0, '2023-11-23 05:24:32', 0, '0000-00-00 00:00:00'),
(33337, 'Mioveni', 2936, 0, NULL, 0, '2023-11-23 05:24:32', 0, '0000-00-00 00:00:00'),
(33338, 'Mirosi', 2936, 0, NULL, 0, '2023-11-23 05:24:32', 0, '0000-00-00 00:00:00'),
(33339, 'Moraresti', 2936, 0, NULL, 0, '2023-11-23 05:24:32', 0, '0000-00-00 00:00:00'),
(33340, 'Mosoaia', 2936, 0, NULL, 0, '2023-11-23 05:24:32', 0, '0000-00-00 00:00:00'),
(33341, 'Mozaceni', 2936, 0, NULL, 0, '2023-11-23 05:24:32', 0, '0000-00-00 00:00:00'),
(33342, 'Musatesti', 2936, 0, NULL, 0, '2023-11-23 05:24:32', 0, '0000-00-00 00:00:00'),
(33343, 'Negrasi', 2936, 0, NULL, 0, '2023-11-23 05:24:32', 0, '0000-00-00 00:00:00'),
(33344, 'Nucsoara', 2936, 0, NULL, 0, '2023-11-23 05:24:32', 0, '0000-00-00 00:00:00'),
(33345, 'Oarja', 2936, 0, NULL, 0, '2023-11-23 05:24:32', 0, '0000-00-00 00:00:00'),
(33346, 'Pietrosani', 2936, 0, NULL, 0, '2023-11-23 05:24:32', 0, '0000-00-00 00:00:00'),
(33347, 'Pitesti', 2936, 0, NULL, 0, '2023-11-23 05:24:32', 0, '0000-00-00 00:00:00'),
(33348, 'Poenari', 2936, 0, NULL, 0, '2023-11-23 05:24:32', 0, '0000-00-00 00:00:00'),
(33349, 'Poiana Lacului', 2936, 0, NULL, 0, '2023-11-23 05:24:32', 0, '0000-00-00 00:00:00'),
(33350, 'Popesti', 2936, 0, NULL, 0, '2023-11-23 05:24:32', 0, '0000-00-00 00:00:00'),
(33351, 'Priboieni', 2936, 0, NULL, 0, '2023-11-23 05:24:32', 0, '0000-00-00 00:00:00'),
(33352, 'Ratesti', 2936, 0, NULL, 0, '2023-11-23 05:24:32', 0, '0000-00-00 00:00:00'),
(33353, 'Recea', 2936, 0, NULL, 0, '2023-11-23 05:24:32', 0, '0000-00-00 00:00:00'),
(33354, 'Rociu', 2936, 0, NULL, 0, '2023-11-23 05:24:32', 0, '0000-00-00 00:00:00'),
(33355, 'Rucar', 2936, 0, NULL, 0, '2023-11-23 05:24:32', 0, '0000-00-00 00:00:00'),
(33356, 'Salatrucu', 2936, 0, NULL, 0, '2023-11-23 05:24:32', 0, '0000-00-00 00:00:00'),
(33357, 'Sapata', 2936, 0, NULL, 0, '2023-11-23 05:24:32', 0, '0000-00-00 00:00:00'),
(33358, 'Schitu-Golesti', 2936, 0, NULL, 0, '2023-11-23 05:24:32', 0, '0000-00-00 00:00:00'),
(33359, 'Slobozia', 2936, 0, NULL, 0, '2023-11-23 05:24:32', 0, '0000-00-00 00:00:00'),
(33360, 'Stalpeni', 2936, 0, NULL, 0, '2023-11-23 05:24:32', 0, '0000-00-00 00:00:00'),
(33361, 'Stefan cel Mare', 2936, 0, NULL, 0, '2023-11-23 05:24:32', 0, '0000-00-00 00:00:00'),
(33362, 'Stefanesti', 2936, 0, NULL, 0, '2023-11-23 05:24:32', 0, '0000-00-00 00:00:00'),
(33363, 'Stoenesti', 2936, 0, NULL, 0, '2023-11-23 05:24:32', 0, '0000-00-00 00:00:00'),
(33364, 'Stolnici', 2936, 0, NULL, 0, '2023-11-23 05:24:32', 0, '0000-00-00 00:00:00'),
(33365, 'Suici', 2936, 0, NULL, 0, '2023-11-23 05:24:32', 0, '0000-00-00 00:00:00'),
(33366, 'Suseni', 2936, 0, NULL, 0, '2023-11-23 05:24:32', 0, '0000-00-00 00:00:00'),
(33367, 'Teiu', 2936, 0, NULL, 0, '2023-11-23 05:24:32', 0, '0000-00-00 00:00:00'),
(33368, 'Tigveni', 2936, 0, NULL, 0, '2023-11-23 05:24:32', 0, '0000-00-00 00:00:00'),
(33369, 'Titesti', 2936, 0, NULL, 0, '2023-11-23 05:24:32', 0, '0000-00-00 00:00:00'),
(33370, 'Topoloveni', 2936, 0, NULL, 0, '2023-11-23 05:24:32', 0, '0000-00-00 00:00:00'),
(33371, 'Uda', 2936, 0, NULL, 0, '2023-11-23 05:24:32', 0, '0000-00-00 00:00:00'),
(33372, 'Ungheni', 2936, 0, NULL, 0, '2023-11-23 05:24:32', 0, '0000-00-00 00:00:00'),
(33373, 'Valea Danului', 2936, 0, NULL, 0, '2023-11-23 05:24:32', 0, '0000-00-00 00:00:00'),
(33374, 'Valea Iasului', 2936, 0, NULL, 0, '2023-11-23 05:24:32', 0, '0000-00-00 00:00:00'),
(33375, 'Valea Mare-Pravat', 2936, 0, NULL, 0, '2023-11-23 05:24:32', 0, '0000-00-00 00:00:00'),
(33376, 'Vedea', 2936, 0, NULL, 0, '2023-11-23 05:24:32', 0, '0000-00-00 00:00:00'),
(33377, 'Vladesti', 2936, 0, NULL, 0, '2023-11-23 05:24:32', 0, '0000-00-00 00:00:00'),
(33378, 'Agas', 2937, 0, NULL, 0, '2023-11-23 05:24:32', 0, '0000-00-00 00:00:00'),
(33379, 'Ardeoani', 2937, 0, NULL, 0, '2023-11-23 05:24:32', 0, '0000-00-00 00:00:00'),
(33380, 'Asau', 2937, 0, NULL, 0, '2023-11-23 05:24:32', 0, '0000-00-00 00:00:00'),
(33381, 'Bacau', 2937, 0, NULL, 0, '2023-11-23 05:24:32', 0, '0000-00-00 00:00:00'),
(33382, 'Balcani', 2937, 0, NULL, 0, '2023-11-23 05:24:32', 0, '0000-00-00 00:00:00'),
(33383, 'Barsanesti', 2937, 0, NULL, 0, '2023-11-23 05:24:32', 0, '0000-00-00 00:00:00'),
(33384, 'Beresti-Bistrita', 2937, 0, NULL, 0, '2023-11-23 05:24:32', 0, '0000-00-00 00:00:00'),
(33385, 'Beresti-Tazlau', 2937, 0, NULL, 0, '2023-11-23 05:24:32', 0, '0000-00-00 00:00:00'),
(33386, 'Berzunti', 2937, 0, NULL, 0, '2023-11-23 05:24:32', 0, '0000-00-00 00:00:00'),
(33387, 'Blagesti', 2937, 0, NULL, 0, '2023-11-23 05:24:32', 0, '0000-00-00 00:00:00'),
(33388, 'Bogdanesti', 2937, 0, NULL, 0, '2023-11-23 05:24:32', 0, '0000-00-00 00:00:00'),
(33389, 'Brusturoasa', 2937, 0, NULL, 0, '2023-11-23 05:24:32', 0, '0000-00-00 00:00:00'),
(33390, 'Buhoci', 2937, 0, NULL, 0, '2023-11-23 05:24:32', 0, '0000-00-00 00:00:00'),
(33391, 'Buhusi', 2937, 0, NULL, 0, '2023-11-23 05:24:32', 0, '0000-00-00 00:00:00'),
(33392, 'Caiuti', 2937, 0, NULL, 0, '2023-11-23 05:24:32', 0, '0000-00-00 00:00:00'),
(33393, 'Casin', 2937, 0, NULL, 0, '2023-11-23 05:24:32', 0, '0000-00-00 00:00:00'),
(33394, 'Cleja', 2937, 0, NULL, 0, '2023-11-23 05:24:32', 0, '0000-00-00 00:00:00'),
(33395, 'Colonesti', 2937, 0, NULL, 0, '2023-11-23 05:24:32', 0, '0000-00-00 00:00:00'),
(33396, 'Comanesti', 2937, 0, NULL, 0, '2023-11-23 05:24:32', 0, '0000-00-00 00:00:00'),
(33397, 'Corbasca', 2937, 0, NULL, 0, '2023-11-23 05:24:32', 0, '0000-00-00 00:00:00'),
(33398, 'Cotofanesti', 2937, 0, NULL, 0, '2023-11-23 05:24:32', 0, '0000-00-00 00:00:00'),
(33399, 'Damienesti', 2937, 0, NULL, 0, '2023-11-23 05:24:32', 0, '0000-00-00 00:00:00'),
(33400, 'Darmanesti', 2937, 0, NULL, 0, '2023-11-23 05:24:32', 0, '0000-00-00 00:00:00'),
(33401, 'Dealu Morii', 2937, 0, NULL, 0, '2023-11-23 05:24:32', 0, '0000-00-00 00:00:00'),
(33402, 'Dofteana', 2937, 0, NULL, 0, '2023-11-23 05:24:32', 0, '0000-00-00 00:00:00'),
(33403, 'Faraoani', 2937, 0, NULL, 0, '2023-11-23 05:24:32', 0, '0000-00-00 00:00:00'),
(33404, 'Filipeni', 2937, 0, NULL, 0, '2023-11-23 05:24:32', 0, '0000-00-00 00:00:00'),
(33405, 'Filipesti', 2937, 0, NULL, 0, '2023-11-23 05:24:32', 0, '0000-00-00 00:00:00'),
(33406, 'Gaiceana', 2937, 0, NULL, 0, '2023-11-23 05:24:32', 0, '0000-00-00 00:00:00'),
(33407, 'Garleni', 2937, 0, NULL, 0, '2023-11-23 05:24:32', 0, '0000-00-00 00:00:00'),
(33408, 'Ghimes-Faget', 2937, 0, NULL, 0, '2023-11-23 05:24:32', 0, '0000-00-00 00:00:00'),
(33409, 'Glavanesti', 2937, 0, NULL, 0, '2023-11-23 05:24:32', 0, '0000-00-00 00:00:00'),
(33410, 'Gura Vaii', 2937, 0, NULL, 0, '2023-11-23 05:24:32', 0, '0000-00-00 00:00:00'),
(33411, 'Helegiu', 2937, 0, NULL, 0, '2023-11-23 05:24:32', 0, '0000-00-00 00:00:00'),
(33412, 'Hemeius', 2937, 0, NULL, 0, '2023-11-23 05:24:32', 0, '0000-00-00 00:00:00'),
(33413, 'Horgesti', 2937, 0, NULL, 0, '2023-11-23 05:24:32', 0, '0000-00-00 00:00:00'),
(33414, 'Huruesti', 2937, 0, NULL, 0, '2023-11-23 05:24:32', 0, '0000-00-00 00:00:00'),
(33415, 'Izvoru Berheciului', 2937, 0, NULL, 0, '2023-11-23 05:24:32', 0, '0000-00-00 00:00:00'),
(33416, 'Letea Veche', 2937, 0, NULL, 0, '2023-11-23 05:24:32', 0, '0000-00-00 00:00:00'),
(33417, 'Lipova', 2937, 0, NULL, 0, '2023-11-23 05:24:32', 0, '0000-00-00 00:00:00'),
(33418, 'Livezi', 2937, 0, NULL, 0, '2023-11-23 05:24:32', 0, '0000-00-00 00:00:00'),
(33419, 'Luizi-Calugara', 2937, 0, NULL, 0, '2023-11-23 05:24:32', 0, '0000-00-00 00:00:00'),
(33420, 'Magiresti', 2937, 0, NULL, 0, '2023-11-23 05:24:32', 0, '0000-00-00 00:00:00'),
(33421, 'Magura', 2937, 0, NULL, 0, '2023-11-23 05:24:32', 0, '0000-00-00 00:00:00'),
(33422, 'Manastirea Casin', 2937, 0, NULL, 0, '2023-11-23 05:24:32', 0, '0000-00-00 00:00:00'),
(33423, 'Margineni', 2937, 0, NULL, 0, '2023-11-23 05:24:32', 0, '0000-00-00 00:00:00'),
(33424, 'Moinesti', 2937, 0, NULL, 0, '2023-11-23 05:24:32', 0, '0000-00-00 00:00:00'),
(33425, 'Motoseni', 2937, 0, NULL, 0, '2023-11-23 05:24:32', 0, '0000-00-00 00:00:00'),
(33426, 'Negri', 2937, 0, NULL, 0, '2023-11-23 05:24:32', 0, '0000-00-00 00:00:00'),
(33427, 'Nicolae Balcescu', 2937, 0, NULL, 0, '2023-11-23 05:24:32', 0, '0000-00-00 00:00:00'),
(33428, 'Oituz', 2937, 0, NULL, 0, '2023-11-23 05:24:32', 0, '0000-00-00 00:00:00'),
(33429, 'Oncesti', 2937, 0, NULL, 0, '2023-11-23 05:24:32', 0, '0000-00-00 00:00:00'),
(33430, 'Onesti', 2937, 0, NULL, 0, '2023-11-23 05:24:32', 0, '0000-00-00 00:00:00'),
(33431, 'Orbeni', 2937, 0, NULL, 0, '2023-11-23 05:24:32', 0, '0000-00-00 00:00:00'),
(33432, 'Palanca', 2937, 0, NULL, 0, '2023-11-23 05:24:32', 0, '0000-00-00 00:00:00'),
(33433, 'Pancesti', 2937, 0, NULL, 0, '2023-11-23 05:24:32', 0, '0000-00-00 00:00:00'),
(33434, 'Parava', 2937, 0, NULL, 0, '2023-11-23 05:24:32', 0, '0000-00-00 00:00:00'),
(33435, 'Pargaresti', 2937, 0, NULL, 0, '2023-11-23 05:24:32', 0, '0000-00-00 00:00:00'),
(33436, 'Parincea', 2937, 0, NULL, 0, '2023-11-23 05:24:32', 0, '0000-00-00 00:00:00'),
(33437, 'Parjol', 2937, 0, NULL, 0, '2023-11-23 05:24:32', 0, '0000-00-00 00:00:00'),
(33438, 'Plopana', 2937, 0, NULL, 0, '2023-11-23 05:24:32', 0, '0000-00-00 00:00:00'),
(33439, 'Podu Turcului', 2937, 0, NULL, 0, '2023-11-23 05:24:32', 0, '0000-00-00 00:00:00'),
(33440, 'Poduri', 2937, 0, NULL, 0, '2023-11-23 05:24:32', 0, '0000-00-00 00:00:00'),
(33441, 'Racaciuni', 2937, 0, NULL, 0, '2023-11-23 05:24:32', 0, '0000-00-00 00:00:00'),
(33442, 'Rachitoasa', 2937, 0, NULL, 0, '2023-11-23 05:24:32', 0, '0000-00-00 00:00:00'),
(33443, 'Racova', 2937, 0, NULL, 0, '2023-11-23 05:24:32', 0, '0000-00-00 00:00:00'),
(33444, 'Rosiori', 2937, 0, NULL, 0, '2023-11-23 05:24:32', 0, '0000-00-00 00:00:00'),
(33445, 'Sanduleni', 2937, 0, NULL, 0, '2023-11-23 05:24:32', 0, '0000-00-00 00:00:00'),
(33446, 'Sascut', 2937, 0, NULL, 0, '2023-11-23 05:24:32', 0, '0000-00-00 00:00:00'),
(33447, 'Saucesti', 2937, 0, NULL, 0, '2023-11-23 05:24:32', 0, '0000-00-00 00:00:00'),
(33448, 'Scorteni', 2937, 0, NULL, 0, '2023-11-23 05:24:32', 0, '0000-00-00 00:00:00'),
(33449, 'Secuieni', 2937, 0, NULL, 0, '2023-11-23 05:24:32', 0, '0000-00-00 00:00:00'),
(33450, 'Slanic-Moldova', 2937, 0, NULL, 0, '2023-11-23 05:24:32', 0, '0000-00-00 00:00:00'),
(33451, 'Solont', 2937, 0, NULL, 0, '2023-11-23 05:24:32', 0, '0000-00-00 00:00:00'),
(33452, 'Stanisesti', 2937, 0, NULL, 0, '2023-11-23 05:24:32', 0, '0000-00-00 00:00:00'),
(33453, 'Stefan cel Mare', 2937, 0, NULL, 0, '2023-11-23 05:24:32', 0, '0000-00-00 00:00:00'),
(33454, 'Strugari', 2937, 0, NULL, 0, '2023-11-23 05:24:32', 0, '0000-00-00 00:00:00'),
(33455, 'Tamasi', 2937, 0, NULL, 0, '2023-11-23 05:24:32', 0, '0000-00-00 00:00:00'),
(33456, 'Targu Ocna', 2937, 0, NULL, 0, '2023-11-23 05:24:32', 0, '0000-00-00 00:00:00'),
(33457, 'Targu-Trotus', 2937, 0, NULL, 0, '2023-11-23 05:24:32', 0, '0000-00-00 00:00:00'),
(33458, 'Tatarasti', 2937, 0, NULL, 0, '2023-11-23 05:24:32', 0, '0000-00-00 00:00:00'),
(33459, 'Traian', 2937, 0, NULL, 0, '2023-11-23 05:24:32', 0, '0000-00-00 00:00:00'),
(33460, 'Ungureni', 2937, 0, NULL, 0, '2023-11-23 05:24:32', 0, '0000-00-00 00:00:00'),
(33461, 'Urechesti', 2937, 0, NULL, 0, '2023-11-23 05:24:32', 0, '0000-00-00 00:00:00'),
(33462, 'Valea Seaca', 2937, 0, NULL, 0, '2023-11-23 05:24:32', 0, '0000-00-00 00:00:00'),
(33463, 'Vultureni', 2937, 0, NULL, 0, '2023-11-23 05:24:32', 0, '0000-00-00 00:00:00'),
(33464, 'Zemes', 2937, 0, NULL, 0, '2023-11-23 05:24:32', 0, '0000-00-00 00:00:00'),
(33465, 'Abram', 2938, 0, NULL, 0, '2023-11-23 05:24:32', 0, '0000-00-00 00:00:00'),
(33466, 'Abramut', 2938, 0, NULL, 0, '2023-11-23 05:24:32', 0, '0000-00-00 00:00:00'),
(33467, 'Alesd', 2938, 0, NULL, 0, '2023-11-23 05:24:32', 0, '0000-00-00 00:00:00'),
(33468, 'Astileu', 2938, 0, NULL, 0, '2023-11-23 05:24:32', 0, '0000-00-00 00:00:00'),
(33469, 'Auseu', 2938, 0, NULL, 0, '2023-11-23 05:24:32', 0, '0000-00-00 00:00:00'),
(33470, 'Avram Iancu', 2938, 0, NULL, 0, '2023-11-23 05:24:32', 0, '0000-00-00 00:00:00'),
(33471, 'Balc', 2938, 0, NULL, 0, '2023-11-23 05:24:32', 0, '0000-00-00 00:00:00'),
(33472, 'Batar', 2938, 0, NULL, 0, '2023-11-23 05:24:32', 0, '0000-00-00 00:00:00'),
(33473, 'Beius', 2938, 0, NULL, 0, '2023-11-23 05:24:32', 0, '0000-00-00 00:00:00'),
(33474, 'Biharia', 2938, 0, NULL, 0, '2023-11-23 05:24:32', 0, '0000-00-00 00:00:00'),
(33475, 'Boianu Mare', 2938, 0, NULL, 0, '2023-11-23 05:24:32', 0, '0000-00-00 00:00:00'),
(33476, 'Borod', 2938, 0, NULL, 0, '2023-11-23 05:24:32', 0, '0000-00-00 00:00:00'),
(33477, 'Bors', 2938, 0, NULL, 0, '2023-11-23 05:24:32', 0, '0000-00-00 00:00:00'),
(33478, 'Bratca', 2938, 0, NULL, 0, '2023-11-23 05:24:32', 0, '0000-00-00 00:00:00'),
(33479, 'Brusturi', 2938, 0, NULL, 0, '2023-11-23 05:24:32', 0, '0000-00-00 00:00:00'),
(33480, 'Budureasa', 2938, 0, NULL, 0, '2023-11-23 05:24:32', 0, '0000-00-00 00:00:00'),
(33481, 'Buduslau', 2938, 0, NULL, 0, '2023-11-23 05:24:32', 0, '0000-00-00 00:00:00'),
(33482, 'Bulz', 2938, 0, NULL, 0, '2023-11-23 05:24:32', 0, '0000-00-00 00:00:00'),
(33483, 'Buntesti', 2938, 0, NULL, 0, '2023-11-23 05:24:32', 0, '0000-00-00 00:00:00'),
(33484, 'Cabesti', 2938, 0, NULL, 0, '2023-11-23 05:24:32', 0, '0000-00-00 00:00:00'),
(33485, 'Campani', 2938, 0, NULL, 0, '2023-11-23 05:24:32', 0, '0000-00-00 00:00:00'),
(33486, 'Capalna', 2938, 0, NULL, 0, '2023-11-23 05:24:32', 0, '0000-00-00 00:00:00'),
(33487, 'Carpinet', 2938, 0, NULL, 0, '2023-11-23 05:24:32', 0, '0000-00-00 00:00:00'),
(33488, 'Cefa', 2938, 0, NULL, 0, '2023-11-23 05:24:32', 0, '0000-00-00 00:00:00'),
(33489, 'Ceica', 2938, 0, NULL, 0, '2023-11-23 05:24:32', 0, '0000-00-00 00:00:00'),
(33490, 'Cetariu', 2938, 0, NULL, 0, '2023-11-23 05:24:32', 0, '0000-00-00 00:00:00'),
(33491, 'Cherechiu', 2938, 0, NULL, 0, '2023-11-23 05:24:32', 0, '0000-00-00 00:00:00'),
(33492, 'Chislaz', 2938, 0, NULL, 0, '2023-11-23 05:24:32', 0, '0000-00-00 00:00:00'),
(33493, 'Ciuhoiu', 2938, 0, NULL, 0, '2023-11-23 05:24:32', 0, '0000-00-00 00:00:00'),
(33494, 'Ciumeghiu', 2938, 0, NULL, 0, '2023-11-23 05:24:32', 0, '0000-00-00 00:00:00'),
(33495, 'Cociuba Mare', 2938, 0, NULL, 0, '2023-11-23 05:24:32', 0, '0000-00-00 00:00:00'),
(33496, 'Copacel', 2938, 0, NULL, 0, '2023-11-23 05:24:32', 0, '0000-00-00 00:00:00'),
(33497, 'Cristioru de Jos', 2938, 0, NULL, 0, '2023-11-23 05:24:32', 0, '0000-00-00 00:00:00'),
(33498, 'Curatele', 2938, 0, NULL, 0, '2023-11-23 05:24:32', 0, '0000-00-00 00:00:00'),
(33499, 'Curtuiseni', 2938, 0, NULL, 0, '2023-11-23 05:24:32', 0, '0000-00-00 00:00:00'),
(33500, 'Derna', 2938, 0, NULL, 0, '2023-11-23 05:24:32', 0, '0000-00-00 00:00:00'),
(33501, 'Diosig', 2938, 0, NULL, 0, '2023-11-23 05:24:32', 0, '0000-00-00 00:00:00'),
(33502, 'Dobresti', 2938, 0, NULL, 0, '2023-11-23 05:24:32', 0, '0000-00-00 00:00:00'),
(33503, 'Draganesti', 2938, 0, NULL, 0, '2023-11-23 05:24:32', 0, '0000-00-00 00:00:00'),
(33504, 'Dragesti', 2938, 0, NULL, 0, '2023-11-23 05:24:32', 0, '0000-00-00 00:00:00'),
(33505, 'Finis', 2938, 0, NULL, 0, '2023-11-23 05:24:32', 0, '0000-00-00 00:00:00'),
(33506, 'Girisu de Cris', 2938, 0, NULL, 0, '2023-11-23 05:24:32', 0, '0000-00-00 00:00:00'),
(33507, 'Hidiselu de Sus', 2938, 0, NULL, 0, '2023-11-23 05:24:32', 0, '0000-00-00 00:00:00'),
(33508, 'Holod', 2938, 0, NULL, 0, '2023-11-23 05:24:32', 0, '0000-00-00 00:00:00'),
(33509, 'Husasau de Tinca', 2938, 0, NULL, 0, '2023-11-23 05:24:32', 0, '0000-00-00 00:00:00'),
(33510, 'Ineu', 2938, 0, NULL, 0, '2023-11-23 05:24:32', 0, '0000-00-00 00:00:00'),
(33511, 'Lazareni', 2938, 0, NULL, 0, '2023-11-23 05:24:32', 0, '0000-00-00 00:00:00'),
(33512, 'Lazuri de Beius', 2938, 0, NULL, 0, '2023-11-23 05:24:32', 0, '0000-00-00 00:00:00'),
(33513, 'Lugasu de Jos', 2938, 0, NULL, 0, '2023-11-23 05:24:32', 0, '0000-00-00 00:00:00'),
(33514, 'Lunca', 2938, 0, NULL, 0, '2023-11-23 05:24:32', 0, '0000-00-00 00:00:00'),
(33515, 'Madaras', 2938, 0, NULL, 0, '2023-11-23 05:24:32', 0, '0000-00-00 00:00:00'),
(33516, 'Magesti', 2938, 0, NULL, 0, '2023-11-23 05:24:32', 0, '0000-00-00 00:00:00'),
(33517, 'Marghita', 2938, 0, NULL, 0, '2023-11-23 05:24:32', 0, '0000-00-00 00:00:00'),
(33518, 'Nojorid', 2938, 0, NULL, 0, '2023-11-23 05:24:32', 0, '0000-00-00 00:00:00'),
(33519, 'Nucet', 2938, 0, NULL, 0, '2023-11-23 05:24:32', 0, '0000-00-00 00:00:00'),
(33520, 'Olcea', 2938, 0, NULL, 0, '2023-11-23 05:24:32', 0, '0000-00-00 00:00:00'),
(33521, 'Oradea', 2938, 0, NULL, 0, '2023-11-23 05:24:32', 0, '0000-00-00 00:00:00'),
(33522, 'Osorheiu', 2938, 0, NULL, 0, '2023-11-23 05:24:32', 0, '0000-00-00 00:00:00'),
(33523, 'Pietroasa', 2938, 0, NULL, 0, '2023-11-23 05:24:32', 0, '0000-00-00 00:00:00'),
(33524, 'Pocola', 2938, 0, NULL, 0, '2023-11-23 05:24:32', 0, '0000-00-00 00:00:00'),
(33525, 'Pomezeu', 2938, 0, NULL, 0, '2023-11-23 05:24:32', 0, '0000-00-00 00:00:00'),
(33526, 'Popesti', 2938, 0, NULL, 0, '2023-11-23 05:24:32', 0, '0000-00-00 00:00:00'),
(33527, 'Rabagani', 2938, 0, NULL, 0, '2023-11-23 05:24:32', 0, '0000-00-00 00:00:00'),
(33528, 'Remetea', 2938, 0, NULL, 0, '2023-11-23 05:24:32', 0, '0000-00-00 00:00:00'),
(33529, 'Rieni', 2938, 0, NULL, 0, '2023-11-23 05:24:32', 0, '0000-00-00 00:00:00'),
(33530, 'Rosia', 2938, 0, NULL, 0, '2023-11-23 05:24:32', 0, '0000-00-00 00:00:00'),
(33531, 'Sacadat', 2938, 0, NULL, 0, '2023-11-23 05:24:32', 0, '0000-00-00 00:00:00'),
(33532, 'Sacueni', 2938, 0, NULL, 0, '2023-11-23 05:24:32', 0, '0000-00-00 00:00:00'),
(33533, 'Salacea', 2938, 0, NULL, 0, '2023-11-23 05:24:32', 0, '0000-00-00 00:00:00'),
(33534, 'Salard', 2938, 0, NULL, 0, '2023-11-23 05:24:32', 0, '0000-00-00 00:00:00'),
(33535, 'Salonta', 2938, 0, NULL, 0, '2023-11-23 05:24:32', 0, '0000-00-00 00:00:00'),
(33536, 'Sambata', 2938, 0, NULL, 0, '2023-11-23 05:24:32', 0, '0000-00-00 00:00:00'),
(33537, 'Sanmartin', 2938, 0, NULL, 0, '2023-11-23 05:24:32', 0, '0000-00-00 00:00:00'),
(33538, 'Santandrei', 2938, 0, NULL, 0, '2023-11-23 05:24:32', 0, '0000-00-00 00:00:00'),
(33539, 'Sarbi', 2938, 0, NULL, 0, '2023-11-23 05:24:32', 0, '0000-00-00 00:00:00'),
(33540, 'Simian', 2938, 0, NULL, 0, '2023-11-23 05:24:32', 0, '0000-00-00 00:00:00'),
(33541, 'Sinteu', 2938, 0, NULL, 0, '2023-11-23 05:24:32', 0, '0000-00-00 00:00:00'),
(33542, 'Soimi', 2938, 0, NULL, 0, '2023-11-23 05:24:32', 0, '0000-00-00 00:00:00'),
(33543, 'Spinus', 2938, 0, NULL, 0, '2023-11-23 05:24:32', 0, '0000-00-00 00:00:00'),
(33544, 'Stei', 2938, 0, NULL, 0, '2023-11-23 05:24:32', 0, '0000-00-00 00:00:00'),
(33545, 'Suncuius', 2938, 0, NULL, 0, '2023-11-23 05:24:32', 0, '0000-00-00 00:00:00'),
(33546, 'Suplacu de Barcau', 2938, 0, NULL, 0, '2023-11-23 05:24:32', 0, '0000-00-00 00:00:00'),
(33547, 'Tarcaia', 2938, 0, NULL, 0, '2023-11-23 05:24:32', 0, '0000-00-00 00:00:00'),
(33548, 'Tarcea', 2938, 0, NULL, 0, '2023-11-23 05:24:32', 0, '0000-00-00 00:00:00'),
(33549, 'Tauteu', 2938, 0, NULL, 0, '2023-11-23 05:24:32', 0, '0000-00-00 00:00:00'),
(33550, 'Tetchea', 2938, 0, NULL, 0, '2023-11-23 05:24:32', 0, '0000-00-00 00:00:00'),
(33551, 'Tileagd', 2938, 0, NULL, 0, '2023-11-23 05:24:32', 0, '0000-00-00 00:00:00'),
(33552, 'Tinca', 2938, 0, NULL, 0, '2023-11-23 05:24:32', 0, '0000-00-00 00:00:00'),
(33553, 'Tulca', 2938, 0, NULL, 0, '2023-11-23 05:24:32', 0, '0000-00-00 00:00:00'),
(33554, 'Uileacu de Beius', 2938, 0, NULL, 0, '2023-11-23 05:24:32', 0, '0000-00-00 00:00:00'),
(33555, 'Vadu Crisului', 2938, 0, NULL, 0, '2023-11-23 05:24:32', 0, '0000-00-00 00:00:00'),
(33556, 'Valea lui Mihai', 2938, 0, NULL, 0, '2023-11-23 05:24:32', 0, '0000-00-00 00:00:00'),
(33557, 'Varciorog', 2938, 0, NULL, 0, '2023-11-23 05:24:32', 0, '0000-00-00 00:00:00'),
(33558, 'Vascau', 2938, 0, NULL, 0, '2023-11-23 05:24:32', 0, '0000-00-00 00:00:00'),
(33559, 'Viisoara', 2938, 0, NULL, 0, '2023-11-23 05:24:32', 0, '0000-00-00 00:00:00'),
(33560, 'Beclean', 2939, 0, NULL, 0, '2023-11-23 05:24:32', 0, '0000-00-00 00:00:00'),
(33561, 'Bistrita', 2939, 0, NULL, 0, '2023-11-23 05:24:32', 0, '0000-00-00 00:00:00'),
(33562, 'Bistrita Bargaului', 2939, 0, NULL, 0, '2023-11-23 05:24:32', 0, '0000-00-00 00:00:00'),
(33563, 'Branistea', 2939, 0, NULL, 0, '2023-11-23 05:24:32', 0, '0000-00-00 00:00:00'),
(33564, 'Budacu de Jos', 2939, 0, NULL, 0, '2023-11-23 05:24:32', 0, '0000-00-00 00:00:00'),
(33565, 'Budesti', 2939, 0, NULL, 0, '2023-11-23 05:24:32', 0, '0000-00-00 00:00:00'),
(33566, 'Caianu Mic', 2939, 0, NULL, 0, '2023-11-23 05:24:32', 0, '0000-00-00 00:00:00'),
(33567, 'Cetate', 2939, 0, NULL, 0, '2023-11-23 05:24:32', 0, '0000-00-00 00:00:00'),
(33568, 'Chiochis', 2939, 0, NULL, 0, '2023-11-23 05:24:32', 0, '0000-00-00 00:00:00'),
(33569, 'Chiuza', 2939, 0, NULL, 0, '2023-11-23 05:24:32', 0, '0000-00-00 00:00:00'),
(33570, 'Ciceu-Giurgesti', 2939, 0, NULL, 0, '2023-11-23 05:24:32', 0, '0000-00-00 00:00:00'),
(33571, 'Cosbuc', 2939, 0, NULL, 0, '2023-11-23 05:24:32', 0, '0000-00-00 00:00:00'),
(33572, 'Dumitra', 2939, 0, NULL, 0, '2023-11-23 05:24:32', 0, '0000-00-00 00:00:00'),
(33573, 'Feldru', 2939, 0, NULL, 0, '2023-11-23 05:24:32', 0, '0000-00-00 00:00:00'),
(33574, 'Galatii Bistritei', 2939, 0, NULL, 0, '2023-11-23 05:24:32', 0, '0000-00-00 00:00:00'),
(33575, 'Ilva Mare', 2939, 0, NULL, 0, '2023-11-23 05:24:32', 0, '0000-00-00 00:00:00'),
(33576, 'Ilva Mica', 2939, 0, NULL, 0, '2023-11-23 05:24:32', 0, '0000-00-00 00:00:00'),
(33577, 'Josenii Bargaului', 2939, 0, NULL, 0, '2023-11-23 05:24:32', 0, '0000-00-00 00:00:00'),
(33578, 'Lechinta', 2939, 0, NULL, 0, '2023-11-23 05:24:32', 0, '0000-00-00 00:00:00'),
(33579, 'Lesu', 2939, 0, NULL, 0, '2023-11-23 05:24:32', 0, '0000-00-00 00:00:00'),
(33580, 'Livezile', 2939, 0, NULL, 0, '2023-11-23 05:24:32', 0, '0000-00-00 00:00:00'),
(33581, 'Lunca Ilvei', 2939, 0, NULL, 0, '2023-11-23 05:24:32', 0, '0000-00-00 00:00:00'),
(33582, 'Magura Ilvei', 2939, 0, NULL, 0, '2023-11-23 05:24:32', 0, '0000-00-00 00:00:00'),
(33583, 'Maieru', 2939, 0, NULL, 0, '2023-11-23 05:24:32', 0, '0000-00-00 00:00:00'),
(33584, 'Mariselu', 2939, 0, NULL, 0, '2023-11-23 05:24:32', 0, '0000-00-00 00:00:00'),
(33585, 'Matei', 2939, 0, NULL, 0, '2023-11-23 05:24:32', 0, '0000-00-00 00:00:00'),
(33586, 'Micestii de Campie', 2939, 0, NULL, 0, '2023-11-23 05:24:32', 0, '0000-00-00 00:00:00'),
(33587, 'Milas', 2939, 0, NULL, 0, '2023-11-23 05:24:32', 0, '0000-00-00 00:00:00'),
(33588, 'Monor', 2939, 0, NULL, 0, '2023-11-23 05:24:32', 0, '0000-00-00 00:00:00'),
(33589, 'Nasaud', 2939, 0, NULL, 0, '2023-11-23 05:24:32', 0, '0000-00-00 00:00:00'),
(33590, 'Nimigea', 2939, 0, NULL, 0, '2023-11-23 05:24:32', 0, '0000-00-00 00:00:00'),
(33591, 'Nuseni', 2939, 0, NULL, 0, '2023-11-23 05:24:32', 0, '0000-00-00 00:00:00'),
(33592, 'Parva', 2939, 0, NULL, 0, '2023-11-23 05:24:32', 0, '0000-00-00 00:00:00'),
(33593, 'Petru Rares', 2939, 0, NULL, 0, '2023-11-23 05:24:32', 0, '0000-00-00 00:00:00'),
(33594, 'Prundu Bargaului', 2939, 0, NULL, 0, '2023-11-23 05:24:32', 0, '0000-00-00 00:00:00'),
(33595, 'Rebra', 2939, 0, NULL, 0, '2023-11-23 05:24:32', 0, '0000-00-00 00:00:00'),
(33596, 'Rebrisoara', 2939, 0, NULL, 0, '2023-11-23 05:24:32', 0, '0000-00-00 00:00:00');

-- --------------------------------------------------------

--
-- Table structure for table `client_feedback`
--

CREATE TABLE `client_feedback` (
  `ClientFeedbackId` int NOT NULL,
  `FeedbackQuestionId` int DEFAULT NULL,
  `FeedbackCategoryId` int DEFAULT NULL,
  `FeedbackTemplateId` int DEFAULT NULL,
  `IsFeedbackRating` int DEFAULT NULL,
  `FeedbackComments` text,
  `FeedbackRating` int DEFAULT NULL,
  `FeedbackDate` timestamp NULL DEFAULT CURRENT_TIMESTAMP,
  `ContactId` int DEFAULT NULL,
  `CustomerId` int DEFAULT NULL,
  `FeedbackAnswereLogId` int DEFAULT NULL,
  `Active` tinyint(1) DEFAULT '1',
  `RecordId` varchar(20) DEFAULT NULL,
  `CreatedBy` int DEFAULT '0',
  `CreatedAt` timestamp NULL DEFAULT CURRENT_TIMESTAMP,
  `UpdatedBy` int DEFAULT '0',
  `UpdatedAt` timestamp NULL DEFAULT CURRENT_TIMESTAMP,
  `Source` varchar(255) DEFAULT 'Normal'
) ENGINE=InnoDB DEFAULT CHARSET=utf8mb4 COLLATE=utf8mb4_0900_ai_ci;

--
-- Dumping data for table `client_feedback`
--

INSERT INTO `client_feedback` (`ClientFeedbackId`, `FeedbackQuestionId`, `FeedbackCategoryId`, `FeedbackTemplateId`, `IsFeedbackRating`, `FeedbackComments`, `FeedbackRating`, `FeedbackDate`, `ContactId`, `CustomerId`, `FeedbackAnswereLogId`, `Active`, `RecordId`, `CreatedBy`, `CreatedAt`, `UpdatedBy`, `UpdatedAt`, `Source`) VALUES
(1, 1, 1, 1, 1, NULL, 5, '2025-02-20 06:03:27', 65, 65, 65, 1, '1740051207600', 65, '2025-02-20 11:33:28', 65, '2025-02-20 11:33:27', 'Normal'),
(2, 2, 1, 1, 2, 'Good\n', NULL, '2025-02-20 06:03:27', 65, 65, 65, 1, '1740051207600', 65, '2025-02-20 11:33:28', 65, '2025-02-20 11:33:27', 'Normal'),
(3, 1, 1, 1, 1, NULL, 5, '2025-04-03 00:57:57', 65, 65, 130, 1, '1743661676376', 65, '2025-04-03 06:27:57', 65, '2025-04-03 06:27:57', 'Normal'),
(4, 2, 1, 1, 2, 'Good ', NULL, '2025-04-03 00:57:57', 65, 65, 130, 1, '1743661676376', 65, '2025-04-03 06:27:57', 65, '2025-04-03 06:27:57', 'Normal');

-- --------------------------------------------------------

--
-- Table structure for table `contracts`
--

CREATE TABLE `contracts` (
  `ContractId` int NOT NULL,
  `ContractName` varchar(255) DEFAULT NULL,
  `ContractDate` date DEFAULT NULL,
  `CustomerId` int DEFAULT '0',
  `CustomerBranchId` int DEFAULT NULL,
  `ContactId` int DEFAULT '0',
  `ContractStatusId` int DEFAULT '0',
  `FromDate` date DEFAULT NULL,
  `ToDate` date DEFAULT NULL,
  `Amount` varchar(80) DEFAULT NULL,
  `GSTAmount` int DEFAULT NULL,
  `GSTPercentage` int DEFAULT NULL,
  `TotalAmount` int DEFAULT NULL,
  `Attachment` varchar(180) DEFAULT NULL,
  `RenewedDate` datetime DEFAULT NULL,
  `RenewedCount` int DEFAULT '0',
  `RenewedBy` int DEFAULT '0',
  `ExpiresAt` datetime DEFAULT NULL,
  `ContractLogId` int DEFAULT NULL,
  `Active` tinyint(1) DEFAULT '1',
  `RecordId` varchar(20) DEFAULT NULL,
  `CreatedBy` int DEFAULT '0',
  `CreatedAt` timestamp NULL DEFAULT CURRENT_TIMESTAMP,
  `UpdatedBy` int DEFAULT '0',
  `UpdatedAt` timestamp NULL DEFAULT CURRENT_TIMESTAMP,
  `CancelAt` datetime DEFAULT NULL,
  `CancelBy` int DEFAULT '0',
  `CancelReason` text
) ENGINE=InnoDB DEFAULT CHARSET=utf8mb4 COLLATE=utf8mb4_0900_ai_ci;

--
-- Dumping data for table `contracts`
--

INSERT INTO `contracts` (`ContractId`, `ContractName`, `ContractDate`, `CustomerId`, `CustomerBranchId`, `ContactId`, `ContractStatusId`, `FromDate`, `ToDate`, `Amount`, `GSTAmount`, `GSTPercentage`, `TotalAmount`, `Attachment`, `RenewedDate`, `RenewedCount`, `RenewedBy`, `ExpiresAt`, `ContractLogId`, `Active`, `RecordId`, `CreatedBy`, `CreatedAt`, `UpdatedBy`, `UpdatedAt`, `CancelAt`, `CancelBy`, `CancelReason`) VALUES
(1, 'TabTree', '2025-02-20', 65, 65, 65, 1, '2025-02-20', '2026-02-20', '1000', 120, 12, 1120, 'https://dmsfinance-download.s3.ap-south-1.amazonaws.com/SBLTDocs/20250220100044/1/MAS_CNGR_16_07_24.pdf', NULL, 0, 0, NULL, 1, 0, '1740045657887', 1, '2025-02-20 10:01:05', 1, '2025-02-20 10:01:04', NULL, 0, NULL),
(2, 'Gulf Oil Lubricants India Ltd', '2023-04-01', 58, 58, 58, 2, '2023-04-01', '2026-03-31', '4118400', 494208, 12, 4612608, 'https://dmsfinance-download.s3.ap-south-1.amazonaws.com/SBLTDocs/20250225105329/2/GulfOilAgreement.pdf', NULL, 0, 0, '2026-03-30 08:00:01', 2, 0, '1740481239122', 2, '2025-02-25 11:01:02', 2, '2025-02-25 13:09:17', NULL, 0, NULL),
(3, 'Colgate Palmolive (India) Limited', '2024-01-01', 3, 3, 3, 2, '2024-01-01', '2025-12-31', '6071328', 728559, 12, 6799887, 'https://dmsfinance-download.s3.ap-south-1.amazonaws.com/SBLTDocs/20250225113313/2/ColgateAgreement01-01-24to31-12-25.pdf', NULL, 0, 0, '2025-12-30 08:00:00', 3, 0, '1740483238170', 2, '2025-02-25 11:34:21', 2, '2025-02-25 13:10:30', NULL, 0, NULL),
(4, 'HIL Limited', '2024-09-01', 15, 15, 15, 1, '2024-09-01', '2025-07-31', '1229800', 147576, 12, 1377376, 'https://dmsfinance-download.s3.ap-south-1.amazonaws.com/SBLTDocs/20250225114915/2/1.HILAgreement%2801-09-24to31-07-25%29.pdf', NULL, 0, 0, NULL, 4, 0, '1740484449405', 2, '2025-02-25 11:54:33', 2, '2025-02-25 13:12:33', NULL, 0, NULL),
(5, 'Ravel Electronics Private Limited', '2022-01-17', 51, 51, 51, 3, '2022-01-17', '2025-01-16', '7956000', 954720, 12, 8910720, 'https://dmsfinance-download.s3.ap-south-1.amazonaws.com/SBLTDocs/20250225125859/2/RavelAgreement%2817.01.22to16.01.25%29.pdf', '2025-03-14 16:39:15', 1, 2, '2025-03-14 18:28:15', 18, 0, '1740485960047', 2, '2025-02-25 12:19:43', 2, '2025-03-14 12:58:15', '2025-03-14 18:28:15', 2, 'Duplicate entry'),
(6, 'AJ Higher Secondary School', '2022-06-01', 64, 64, 64, 1, '2025-06-01', '2028-05-31', '6192000', 743040, 12, 6935040, 'https://dmsfinance-download.s3.ap-south-1.amazonaws.com/SBLTDocs/20250225122916/2/AJHighSchool.pdf', '2025-11-21 15:50:41', 1, 2, '2025-05-30 13:30:01', 89, 1, '1740486687141', 2, '2025-02-25 12:31:50', 2, '2025-02-25 12:57:23', NULL, 0, NULL),
(7, 'Nelcast Limited', '2023-05-01', 52, 52, 52, 1, '2023-05-01', '2028-04-30', '25260000', 3031200, 12, 28291200, 'https://dmsfinance-download.s3.ap-south-1.amazonaws.com/SBLTDocs/20250225123959/2/1.NelcastAgreement%2801.05.23to30.06.28%29.pdf', NULL, 0, 0, NULL, 7, 1, '1740487264552', 2, '2025-02-25 12:41:28', 2, '2025-02-25 12:54:01', NULL, 0, NULL),
(8, 'Piramal Pharma Limited', '2023-07-01', 6, 6, 6, 1, '2023-07-01', '2026-06-30', '4824000', 578880, 12, 5402880, 'https://dmsfinance-download.s3.ap-south-1.amazonaws.com/SBLTDocs/20250310101533/2/1.PiramalAgreement01-07-2023to30-06-2026.pdf', NULL, 0, 0, NULL, 8, 1, '1741602430124', 2, '2025-03-10 10:27:38', 2, '2025-03-10 10:27:38', NULL, 0, NULL),
(9, 'Prospira India Automotive Products Pvt Ltd', '2024-08-01', 14, 14, 14, 1, '2024-08-01', '2026-07-31', '7033920', 844070, 12, 7877990, 'https://dmsfinance-download.s3.ap-south-1.amazonaws.com/SBLTDocs/20250310103503/2/1.ProspiraIndiaAutomotive%2801-08-2024to31-07-2026%29.pdf', NULL, 0, 0, NULL, 9, 1, '1741602982831', 2, '2025-03-10 10:36:51', 2, '2025-03-10 10:36:51', NULL, 0, NULL),
(10, 'Kikuwa India Private Limited', '2023-04-01', 5, 5, 5, 1, '2025-04-01', '2027-03-31', '2592000', 311040, 12, 2903040, 'https://dmsfinance-download.s3.ap-south-1.amazonaws.com/SBLTDocs/20250310105820/2/1.KikuwaAgreement%2801.04.23to31.03.25%29.pdf', '2025-11-21 15:51:48', 1, 2, '2025-03-30 13:30:01', 90, 1, '1741604311074', 2, '2025-03-10 10:58:59', 2, '2025-03-10 10:58:59', NULL, 0, NULL),
(11, 'Ravel Electronics Private Limited', '2022-01-17', 51, 51, 51, 1, '2025-04-01', '2028-03-31', '7956000', 954720, 12, 8910720, 'https://dmsfinance-download.s3.ap-south-1.amazonaws.com/SBLTDocs/20250617120327/2/RavelAgreement01-04-2025to31-03-2028.pdf', '2025-06-17 17:33:32', 2, 2, '2025-03-15 13:30:00', 85, 1, '1741605559632', 2, '2025-03-10 11:19:48', 2, '2025-03-15 05:53:35', NULL, 0, NULL),
(12, 'Luftek Engineering Pvt Ltd', '2024-04-01', 41, 41, 41, 1, '2024-04-01', '2027-03-31', '8244000', 989280, 12, 9233280, 'https://dmsfinance-download.s3.ap-south-1.amazonaws.com/SBLTDocs/20250310112850/2/1.LUFTEKEngineeringAgreement%2801-04-2024to31-03-2027%29.pdf', NULL, 0, 0, NULL, 12, 1, '1741606204796', 2, '2025-03-10 11:30:33', 2, '2025-03-10 11:30:33', NULL, 0, NULL),
(13, 'TMTE Metal Tech Pvt Ltd', '2024-04-01', 42, 42, 42, 1, '2024-04-01', '2029-03-31', '21825000', 2619000, 12, 24444000, 'https://dmsfinance-download.s3.ap-south-1.amazonaws.com/SBLTDocs/20250310113549/2/1.TMTEAgreement01-04-2024to31-03-2029.pdf', NULL, 0, 0, NULL, 13, 1, '1741606630336', 2, '2025-03-10 11:37:39', 2, '2025-04-21 07:08:18', NULL, 0, NULL),
(14, 'Wattpower Systems Pvt Ltd', '2024-11-04', 38, 38, 38, 2, '2024-04-11', '2026-03-11', '5304000', 636480, 12, 5940480, 'https://dmsfinance-download.s3.ap-south-1.amazonaws.com/SBLTDocs/20250310114214/2/1.WattpowerAgreement%2804.11.24to03.11.26%29.pdf', NULL, 0, 0, '2026-03-10 08:00:00', 14, 0, '1741609032262', 2, '2025-03-10 12:17:41', 2, '2025-03-10 12:17:40', NULL, 0, NULL),
(15, 'Tecno Doors Private Limited', '2024-12-12', 34, 34, 34, 1, '2024-12-12', '2027-12-11', '12632400', 1515888, 12, 14148288, 'https://dmsfinance-download.s3.ap-south-1.amazonaws.com/SBLTDocs/20250310123604/2/TecnoDoorsAgreement%2812-12-2024to11-12-2027%29Threeyears.pdf', NULL, 0, 0, NULL, 15, 1, '1741610327048', 2, '2025-03-10 12:39:15', 2, '2025-03-10 12:39:15', NULL, 0, NULL),
(16, 'Toshniwal Instruments (Madras) Pvt Ltd', '2024-06-01', 25, 25, 25, 1, '2024-06-01', '2026-05-31', '2195136', 263416, 12, 2458552, 'https://dmsfinance-download.s3.ap-south-1.amazonaws.com/SBLTDocs/20250310124323/2/1.ToshniwalAgreement-01-06-2024to31-05-2026.pdf', NULL, 0, 0, NULL, 16, 1, '1741610838193', 2, '2025-03-10 12:47:47', 2, '2025-03-10 12:47:46', NULL, 0, NULL),
(17, 'Ravel Electronics Private Limited', '2022-01-17', 51, 51, 51, 3, '2022-01-17', '2025-01-16', '7758432', 931012, 12, 8689444, 'https://dmsfinance-download.s3.ap-south-1.amazonaws.com/SBLTDocs/20250314105646/2/RavelAgreement%26Mail%2817.01.22to16.01.25%29.pdf', NULL, 0, 0, '2025-03-14 18:31:23', 17, 0, '1741950175573', 2, '2025-03-14 11:03:26', 2, '2025-03-14 13:01:23', '2025-03-14 18:31:23', 2, 'Duplicate entry'),
(18, 'Astrotech Steels Private Limited', '2024-09-01', 4, 4, 4, 2, '2024-09-01', '2026-03-31', '25857540', 3102905, 12, 28960445, 'https://dmsfinance-download.s3.ap-south-1.amazonaws.com/SBLTDocs/20250314111655/2/1.AstrotechAgreement%2801.09.24to31.03.26%29.pdf', NULL, 0, 0, '2026-03-30 08:00:01', 19, 0, '1741951129537', 2, '2025-03-14 11:19:20', 2, '2025-03-14 11:19:19', NULL, 0, NULL),
(19, 'Avary Technology (India) Pvt Ltd', '2024-09-01', 31, 31, 31, 1, '2024-09-01', '2026-08-31', '72903936', 8748472, 12, 81652408, 'https://dmsfinance-download.s3.ap-south-1.amazonaws.com/SBLTDocs/20250314112707/2/1.AvaryAgreement%2801-09-2024to31-08-2026%29.pdf', NULL, 0, 0, NULL, 20, 1, '1741951943476', 2, '2025-03-14 11:32:54', 2, '2025-03-14 11:32:53', NULL, 0, NULL),
(20, 'Bharat FIH  Limited', '2024-07-11', 1, 1, 1, 2, '2024-06-01', '2025-11-30', '4226355.84', 507163, 12, 4733519, 'https://dmsfinance-download.s3.ap-south-1.amazonaws.com/SBLTDocs/20250314115358/2/1.BharatFIH-APAgreement%2801-06-2024to30-11-2024%29.pdf', '2025-12-01 17:34:21', 1, 2, '2025-12-02 08:00:00', 94, 0, '1741953342996', 2, '2025-03-14 11:56:13', 2, '2025-03-14 11:56:13', NULL, 0, NULL),
(21, 'Bharat FIH Limited - TN Plant (Site-II)', '2024-07-08', 27, 27, 27, 2, '2024-06-01', '2025-11-30', '17122176', 2054661, 12, 19176837, 'https://dmsfinance-download.s3.ap-south-1.amazonaws.com/SBLTDocs/20250314121003/2/1.BharatFIH-TNAgreement%2801-06-2024to31-05-2025%29.pdf', '2025-12-01 17:35:10', 1, 2, '2025-12-02 08:00:01', 95, 0, '1741954262321', 2, '2025-03-14 12:11:32', 2, '2025-03-14 12:11:32', NULL, 0, NULL),
(22, 'Bharat FIH Limited - TN Plant', '2024-07-08', 19, 19, 19, 2, '2024-06-01', '2025-11-30', '35430012', 4251601, 12, 39681613, 'https://dmsfinance-download.s3.ap-south-1.amazonaws.com/SBLTDocs/20250314122431/2/BharatFIH-TNAgreement%2801-06-2024to31-05-2025%29.pdf', '2025-12-01 17:33:16', 1, 2, '2025-12-02 08:00:01', 93, 0, '1741955136698', 2, '2025-03-14 12:26:07', 2, '2025-03-14 12:26:06', NULL, 0, NULL),
(23, 'Caparo Engineering  India Limited', '2023-04-01', 7, 7, 7, 2, '2023-04-01', '2026-03-31', '50027472', 6003297, 12, 56030769, 'https://dmsfinance-download.s3.ap-south-1.amazonaws.com/SBLTDocs/20250314124618/2/CaparoAgreement%2801-04-2023to31-03-2026.pdf', NULL, 0, 0, '2026-03-30 08:00:01', 24, 0, '1741956878259', 2, '2025-03-14 12:55:08', 2, '2025-04-29 10:25:02', NULL, 0, NULL),
(24, 'TI Clean Mobility Pvt Ltd', '2023-03-27', 54, 54, 54, 2, '2023-04-01', '2026-03-31', '9813528', 1177623, 12, 10991151, 'https://dmsfinance-download.s3.ap-south-1.amazonaws.com/SBLTDocs/20250314130643/2/CELLESTIALE-TRACAgreement01-04-2023to31-03-2026.pdf', NULL, 0, 0, '2026-03-30 08:00:01', 26, 0, '1741957614078', 2, '2025-03-14 13:07:24', 2, '2025-04-21 06:38:14', NULL, 0, NULL),
(25, 'Dell International Services Pvt Ltd', '2022-07-01', 63, 63, 63, 2, '2022-07-01', '2025-06-30', '22224738', 2666969, 12, 24891707, 'https://dmsfinance-download.s3.ap-south-1.amazonaws.com/SBLTDocs/20250315044935/2/DellAgreement01-07-2022to30-06-2025.pdf', NULL, 0, 0, '2025-06-29 13:30:00', 27, 0, '1742014272206', 2, '2025-03-15 04:51:43', 2, '2025-03-15 04:51:42', NULL, 0, NULL),
(26, 'Doosan Bobcat India Pvt Ltd', '2023-04-01', 24, 24, 24, 2, '2023-04-01', '2026-03-31', '50323032', 6038764, 12, 56361796, 'https://dmsfinance-download.s3.ap-south-1.amazonaws.com/SBLTDocs/20250315045355/2/1.DoosanAgreement%2801-04-23to31-03-26%29.pdf', NULL, 0, 0, '2026-03-30 08:00:01', 28, 0, '1742014594382', 2, '2025-03-15 04:57:05', 2, '2025-03-15 04:57:04', NULL, 0, NULL),
(27, 'Excelacom Technologies Pvt Ltd', '2023-08-01', 50, 50, 50, 1, '2023-08-01', '2026-07-31', '7202880', 864346, 12, 8067226, 'https://dmsfinance-download.s3.ap-south-1.amazonaws.com/SBLTDocs/20250315050145/2/Agreenment01-08-2023to31-07-2026.pdf', NULL, 0, 0, NULL, 29, 1, '1742014973815', 2, '2025-03-15 05:03:24', 2, '2025-03-15 05:03:24', NULL, 0, NULL),
(28, 'FS India Solar Ventures Pvt Ltd', '2024-04-01', 56, 56, 56, 1, '2024-04-01', '2027-03-31', '135159480', 16219138, 12, 151378618, 'https://dmsfinance-download.s3.ap-south-1.amazonaws.com/SBLTDocs/20250315051200/2/FirstSolarAgreement%2801.04.24to31.03.27%29.pdf', NULL, 0, 0, NULL, 30, 1, '1742015542508', 2, '2025-03-15 05:12:53', 2, '2025-03-15 05:12:52', NULL, 0, NULL),
(29, 'Foxconn Technology India Private Limited', '2025-01-01', 8, 8, 8, 2, '2025-01-22', '2026-01-21', '22912476', 2749497, 12, 25661973, 'https://dmsfinance-download.s3.ap-south-1.amazonaws.com/SBLTDocs/20250315052433/2/1.NewRateconfirmationMailw.ef01.02.25.pdf', NULL, 0, 0, '2026-01-20 08:00:00', 31, 0, '1742016341272', 2, '2025-03-15 05:26:12', 2, '2025-03-15 05:26:11', NULL, 0, NULL),
(30, 'Foxconn Hon Hai Technology India Mega Development Pvt Ltd', '2023-12-01', 22, 22, 22, 2, '2023-12-01', '2025-12-31', '465173304', 55820796, 12, 520994100, 'https://dmsfinance-download.s3.ap-south-1.amazonaws.com/SBLTDocs/20250315053320/2/3.HonhaiAgreement%2801.12.23to30.11.24%29.pdf', '2025-12-01 17:31:51', 1, 2, '2025-12-30 08:00:01', 92, 0, '1742016820719', 2, '2025-03-15 05:34:11', 2, '2025-03-15 05:34:11', NULL, 0, NULL),
(31, 'Adani Krishnapattinam Port Ltd', '2024-07-01', 35, 35, 35, 1, '2024-07-01', '2027-06-30', '28949277.60', 3473913, 12, 32423191, 'https://dmsfinance-download.s3.ap-south-1.amazonaws.com/SBLTDocs/20250315060442/2/0.PurchaseOrder%2801.07.24to30.06.27%29.PDF', NULL, 0, 0, NULL, 33, 1, '1742018783210', 2, '2025-03-15 06:06:54', 2, '2025-04-21 12:15:41', NULL, 0, NULL),
(32, 'Aisan Auto Parts India Pvt Ltd', '2023-04-01', 23, 23, 23, 2, '2023-04-01', '2026-03-31', '42265224', 5071827, 12, 47337051, 'https://dmsfinance-download.s3.ap-south-1.amazonaws.com/SBLTDocs/20250315061002/2/1.AisanAgreement%2801.04.23to31.03.26%29.pdf', NULL, 0, 0, '2026-03-30 08:00:01', 34, 0, '1742019032917', 2, '2025-03-15 06:11:03', 2, '2025-04-07 11:58:15', NULL, 0, NULL),
(33, 'Ashok Leyland Limited - SPU', '2023-01-01', 21, 21, 21, 1, '2025-10-01', '2029-09-30', '250000000', 45000000, 18, 295000000, 'https://dmsfinance-download.s3.amazonaws.com/SBLTDocs/20251217171022/2/1.ALSPRAgreement%2801-10-2025to30-09-2029%29.pdf', NULL, 0, 0, NULL, 35, 1, '1742019679206', 2, '2025-03-15 06:21:50', 2, '2025-12-17 11:41:00', NULL, 0, NULL),
(34, 'Ashok Leyland Limited - Ennore Plant', '2021-12-01', 46, 46, 46, 2, '2021-12-01', '2025-12-31', '75586560.00', 9070387, 12, 84656947, 'https://dmsfinance-download.s3.ap-south-1.amazonaws.com/SBLTDocs/20250315063124/2/EnnorePlantAgreement01.12.21to31.12.25.pdf', NULL, 0, 0, '2025-12-30 08:00:01', 36, 0, '1742020303700', 2, '2025-03-15 06:32:14', 2, '2025-04-07 11:22:55', NULL, 0, NULL),
(35, 'Ashok Leyland Limited - Foundry Division', '2022-04-01', 57, 57, 57, 2, '2022-04-01', '2025-08-31', '65871270.72', 7904552, 12, 73775823, 'https://dmsfinance-download.s3.ap-south-1.amazonaws.com/SBLTDocs/20251201172643/2/EmployeeBusTransportationinALFDEnnoreplant-ExtensionTillAug%2725_.pdf', '2025-12-01 17:26:47', 1, 2, '2025-12-02 08:00:01', 91, 0, '1742020664361', 2, '2025-03-15 06:38:15', 2, '2025-03-15 06:38:14', NULL, 0, NULL),
(36, 'Foxlink India Electric Private Limited', '2024-02-15', 29, 29, 29, 1, '2025-02-15', '2027-02-14', '40509240.00', 4861109, 12, 45370349, 'https://dmsfinance-download.s3.ap-south-1.amazonaws.com/SBLTDocs/20250617120120/2/1.FoxlinkAggrement15-02-2025to14-02-2027.pdf', '2025-06-17 17:31:25', 1, 2, '2025-03-15 13:30:01', 84, 1, '1742021088995', 2, '2025-03-15 06:45:19', 2, '2025-03-15 06:45:19', NULL, 0, NULL),
(37, 'Hero Motorcorp', '2024-07-01', 44, 44, 44, 1, '2024-07-01', '2029-06-30', '104236440', 12508373, 12, 116744813, 'https://dmsfinance-download.s3.ap-south-1.amazonaws.com/SBLTDocs/20250315065309/2/HeroAgreement%2801.07.24to30.06.29%29.pdf', NULL, 0, 0, NULL, 39, 1, '1742021725068', 2, '2025-03-15 06:55:56', 2, '2025-04-07 10:50:04', NULL, 0, NULL),
(38, 'India Metal One Steel Plate Processing Pvt Ltd', '2024-12-13', 20, 20, 20, 2, '2024-12-01', '2025-11-30', '2154000', 258480, 12, 2412480, 'https://dmsfinance-download.s3.ap-south-1.amazonaws.com/SBLTDocs/20250315070021/2/IMOPAGREEMENT-01-12-2024to30-11-2025.pdf', NULL, 0, 0, '2025-11-29 08:00:01', 40, 0, '1742022044767', 2, '2025-03-15 07:01:15', 2, '2025-04-07 10:27:59', NULL, 0, NULL),
(39, 'Indira Educational Charitable Trust', '2024-11-18', 32, 32, 32, 2, '2024-11-18', '2025-11-17', '2760000', 331200, 12, 3091200, 'https://dmsfinance-download.s3.ap-south-1.amazonaws.com/SBLTDocs/20250315072103/2/IndiraEducationalcharitabletrustRateMail.pdf', NULL, 0, 0, '2025-11-16 13:30:01', 41, 0, '1742023409677', 2, '2025-03-15 07:24:00', 2, '2025-04-07 10:23:28', NULL, 0, NULL),
(40, 'Injecto Plast Pvt Ltd', '2024-04-01', 17, 17, 17, 1, '2025-04-01', '2027-03-31', '3536268', 424352, 12, 3960620, 'https://dmsfinance-download.s3.ap-south-1.amazonaws.com/SBLTDocs/20250617115751/2/1.IPCAgreement01-04-2025to31-03-2027.pdf', '2025-06-17 17:27:56', 1, 2, '2025-03-30 13:30:01', 83, 1, '1742023684091', 2, '2025-03-15 07:28:34', 2, '2025-03-15 07:28:34', NULL, 0, NULL),
(41, 'International Bakery Products Limited', '2022-08-01', 59, 59, 59, 2, '2022-08-01', '2025-07-31', '5274000', 632880, 12, 5906880, 'https://dmsfinance-download.s3.ap-south-1.amazonaws.com/SBLTDocs/20250315081620/2/IBPL-Agreement01-08-2022to31-07-2025.pdf', NULL, 0, 0, '2025-07-30 13:30:01', 43, 0, '1742027336396', 2, '2025-03-15 08:29:27', 2, '2025-04-07 10:14:09', NULL, 0, NULL),
(42, 'ISUZU MOTORS INDIA PRIVATE LIMITED', '2024-12-01', 2, 2, 2, 1, '2024-12-01', '2026-11-30', '69068712', 8288245, 12, 77356957, 'https://dmsfinance-download.s3.ap-south-1.amazonaws.com/SBLTDocs/20250315083522/2/IsuzuAgreement01-12-2024to30-11-2026.pdf', NULL, 0, 0, NULL, 44, 1, '1742027754587', 2, '2025-03-15 08:36:25', 2, '2025-04-07 09:52:55', NULL, 0, NULL),
(43, 'J.K.Tyres Industries Limited', '2024-03-01', 10, 10, 10, 1, '2024-03-01', '2027-02-28', '53719344', 6446321, 12, 60165665, 'https://dmsfinance-download.s3.ap-south-1.amazonaws.com/SBLTDocs/20250315084232/2/JKAgreement%2801-03-2024to28-02-2027%29.pdf', NULL, 0, 0, NULL, 45, 1, '1742028198592', 2, '2025-03-15 08:43:49', 2, '2025-04-07 09:39:33', NULL, 0, NULL),
(44, 'Jusda India Supply Chain Management Pvt Ltd', '2023-08-31', 48, 48, 48, 1, '2023-09-01', '2026-08-31', '21273840', 2552861, 12, 23826701, 'https://dmsfinance-download.s3.ap-south-1.amazonaws.com/SBLTDocs/20250315085146/2/1.JusdaAgreement%2801-09-2023to31-08-2026%29.pdf', NULL, 0, 0, NULL, 46, 1, '1742028711591', 2, '2025-03-15 08:52:22', 2, '2025-04-07 09:31:38', NULL, 0, NULL),
(45, 'Justech Precision Industry India Pvt Ltd', '2024-06-15', 39, 39, 39, 1, '2024-06-15', '2027-06-14', '6389136', 766696, 12, 7155832, 'https://dmsfinance-download.s3.ap-south-1.amazonaws.com/SBLTDocs/20250315092930/2/Justech-QuotationforBengaluru%28ExtraHrs%29.pdf', NULL, 0, 0, NULL, 47, 1, '1742031483849', 2, '2025-03-15 09:38:34', 2, '2025-03-15 09:41:02', NULL, 0, NULL),
(46, 'Mcwane India Pvt Ltd', '2025-02-01', 60, 60, 60, 1, '2025-02-01', '2027-01-31', '40128000', 4815360, 12, 44943360, 'https://dmsfinance-download.s3.ap-south-1.amazonaws.com/SBLTDocs/20250315095741/2/1.McwaneAgreement%2801.02.25to31.01.27%29.pdf', NULL, 0, 0, NULL, 48, 1, '1742032696651', 2, '2025-03-15 09:58:47', 2, '2025-04-07 09:22:06', NULL, 0, NULL),
(47, 'United Telelinks Neolyncs Private Limited', '2023-06-01', 28, 28, 28, 2, '2024-05-01', '2026-04-30', '34703808', 4164457, 12, 38868265, 'https://dmsfinance-download.s3.ap-south-1.amazonaws.com/SBLTDocs/20250315101513/2/Neolyncs01-06-2023to31-05-2025.pdf', '2025-11-21 15:26:46', 1, 2, '2026-04-29 08:00:00', 87, 0, '1742033874422', 2, '2025-03-15 10:18:25', 2, '2025-04-07 09:01:24', NULL, 0, NULL),
(48, 'Neolync Telecommunications Pvt Ltd - Sricity', '2023-10-01', 47, 47, 47, 2, '2023-10-01', '2024-09-30', '28958304', 3474996, 12, 32433300, 'https://dmsfinance-download.s3.ap-south-1.amazonaws.com/SBLTDocs/20250315105848/2/NeolyncsSricity.pdf', NULL, 0, 0, '2025-03-16 13:30:00', 50, 0, '1742036339141', 2, '2025-03-15 10:59:30', 2, '2025-03-15 10:59:29', NULL, 0, NULL),
(49, 'Newgen Nandavanam Charitable Trust', '2022-06-13', 61, 61, 61, 1, '2022-06-13', '2026-06-14', '1092000', 131040, 12, 1223040, 'https://dmsfinance-download.s3.ap-south-1.amazonaws.com/SBLTDocs/20250315111706/2/MailConfirmation-NewgenSchool.pdf', NULL, 0, 0, NULL, 51, 1, '1742037500720', 2, '2025-03-15 11:18:51', 2, '2025-04-07 08:52:10', NULL, 0, NULL),
(50, 'Orchid Pharma Limited', '2024-01-13', 43, 43, 43, 1, '2024-02-01', '2027-01-31', '20314944', 2437793, 12, 22752737, 'https://dmsfinance-download.s3.ap-south-1.amazonaws.com/SBLTDocs/20250315112220/2/1.OrchidPharmaLtdAgreement%2801-02-2024to31-01-2027%29.pdf', NULL, 0, 0, NULL, 52, 1, '1742037758912', 2, '2025-03-15 11:23:09', 2, '2025-04-07 08:49:32', NULL, 0, NULL),
(51, 'Pfizer Healthcare India Pvt Ltd', '2024-10-28', 37, 37, 37, 1, '2024-10-28', '2026-07-31', '11000000', 1980000, 18, 12980000, 'https://dmsfinance-download.s3.ap-south-1.amazonaws.com/SBLTDocs/20251217171719/2/PfizerAgreement%2828.10.24to31.07.26%29.pdf', '2025-12-17 17:18:35', 1, 2, '2025-10-30 13:30:01', 96, 1, '1742038238289', 2, '2025-03-15 11:31:09', 2, '2025-04-07 08:47:02', NULL, 0, NULL),
(52, 'Reynolds Pens India Pvt Ltd', '2024-06-01', 16, 16, 16, 1, '2024-06-01', '2026-05-31', '23871840', 2864621, 12, 26736461, 'https://dmsfinance-download.s3.ap-south-1.amazonaws.com/SBLTDocs/20250315122816/2/ReynoldsAgreement01-06-2024to31-05-2026.pdf', NULL, 0, 0, NULL, 54, 1, '1742041781753', 2, '2025-03-15 12:30:12', 2, '2025-04-07 08:36:38', NULL, 0, NULL),
(53, 'Saipem India Projects Private Limited-Perungudi', '2024-08-01', 55, 55, 55, 1, '2024-08-01', '2027-07-31', '100000000', 12000000, 12, 112000000, 'https://dmsfinance-download.s3.ap-south-1.amazonaws.com/SBLTDocs/20250315125514/2/1.SaipemAgreement01-08-2024to31-07-2027Perungudi.pdf', NULL, 0, 0, NULL, 55, 1, '1742043347041', 2, '2025-03-15 12:56:18', 2, '2025-04-07 08:28:55', NULL, 0, NULL),
(54, 'Saipem India Projects Private Limited - Kattupallee', '2024-04-17', 55, 55, 55, 2, '2024-04-17', '2026-04-16', '40000000', 4800000, 12, 44800000, 'https://dmsfinance-download.s3.ap-south-1.amazonaws.com/SBLTDocs/20250315125746/2/2.SaipemAgreement16-04-2024to16-04-2026Kattupallee.pdf', NULL, 0, 0, '2026-04-15 08:00:00', 56, 0, '1742043554688', 2, '2025-03-15 12:59:45', 2, '2025-04-07 07:13:53', NULL, 0, NULL),
(55, 'Turbo Energy Pvt Limited,', '2021-07-01', 9, 9, 9, 1, '2025-04-01', '2028-03-31', '101547840', 12185741, 12, 113733581, 'https://dmsfinance-download.s3.ap-south-1.amazonaws.com/SBLTDocs/20250617115544/2/TurboAgreement01-04-2025to31-03-2028.pdf', '2025-06-17 17:25:50', 1, 2, '2025-03-30 13:30:01', 82, 1, '1742043918974', 2, '2025-03-15 13:05:49', 2, '2025-03-15 13:05:49', NULL, 0, NULL),
(56, 'Vishay Precision Transducers India Pvt Ltd.', '2023-09-01', 11, 11, 11, 1, '2023-09-01', '2026-08-31', '159630624', 19155675, 12, 178786299, 'https://dmsfinance-download.s3.ap-south-1.amazonaws.com/SBLTDocs/20250315130814/2/1.VishayAgreement%2801-09-2023to31-08-2026%29.pdf', NULL, 0, 0, NULL, 58, 1, '1742044120885', 2, '2025-03-15 13:09:11', 2, '2025-04-07 07:04:00', NULL, 0, NULL),
(57, 'Sundaram Auto Components Limited', '2024-09-01', 12, 12, 12, 2, '2024-09-01', '2025-08-31', '9419460', 1130335, 12, 10549795, 'https://dmsfinance-download.s3.ap-south-1.amazonaws.com/SBLTDocs/20250317041803/2/1.SACLAggreement%2801-09-24to31-08-25%29.pdf', NULL, 0, 0, '2025-08-30 13:30:01', 59, 0, '1742185122816', 2, '2025-03-17 04:19:14', 2, '2025-04-07 06:53:19', NULL, 0, NULL),
(58, 'Sundaram Clayton (P) Limited', '2024-09-01', 13, 13, 13, 1, '2024-09-01', '2026-08-31', '30534768', 3664172, 12, 34198940, 'https://dmsfinance-download.s3.ap-south-1.amazonaws.com/SBLTDocs/20250317042058/2/1.SundaramClaytonAgreement%2801.09.24to31.08.26%29.pdf', NULL, 0, 0, NULL, 60, 1, '1742185259707', 2, '2025-03-17 04:21:31', 2, '2025-04-07 06:35:48', NULL, 0, NULL),
(59, 'Transworld Breweries and Distilleries Ltd', '2023-04-01', 18, 18, 18, 2, '2023-04-01', '2026-03-31', '69695172', 8363421, 12, 78058593, 'https://dmsfinance-download.s3.amazonaws.com/SBLTDocs/20251201171733/2/1.MBDLAgreement%2801-04-2023to31-03-2026%29.pdf', NULL, 0, 0, '2026-03-30 08:00:01', 61, 0, '1742185506163', 2, '2025-03-17 04:25:37', 2, '2025-12-01 11:47:40', NULL, 0, NULL),
(60, 'Wittur Elevators Components India Pvt Ltd', '2022-08-17', 30, 30, 30, 2, '2022-08-17', '2025-08-16', '71208000.00', 8544960, 12, 79752960, 'https://dmsfinance-download.s3.ap-south-1.amazonaws.com/SBLTDocs/20250317042915/2/WitturAgreement%2817-08-22to16-08-25%29.pdf', NULL, 0, 0, '2025-08-15 13:30:00', 62, 0, '1742185763658', 2, '2025-03-17 04:29:55', 2, '2025-04-07 06:13:55', NULL, 0, NULL),
(61, 'Triune Technofab Private Limited', '2024-09-01', 33, 33, 33, 2, '2024-09-01', '2026-03-31', '9304416.00', 1116530, 12, 10420946, 'https://dmsfinance-download.s3.ap-south-1.amazonaws.com/SBLTDocs/20250317043349/2/TriuneAgreement%2801.09.24to31.03.26%29.pdf', NULL, 0, 0, '2026-03-30 08:00:01', 63, 0, '1742186040714', 2, '2025-03-17 04:34:32', 2, '2025-04-07 06:03:47', NULL, 0, NULL),
(62, 'SPI Technologies India Pvt Ltd-Trichy', '2024-05-01', 49, 49, 49, 1, '2024-05-01', '2027-04-30', '14040000.00', 1684800, 12, 15724800, 'https://dmsfinance-download.s3.ap-south-1.amazonaws.com/SBLTDocs/20250317043840/2/SPIAgreement-01-05-2024to30-04-2027.PDF', NULL, 0, 0, NULL, 64, 1, '1742186335153', 2, '2025-03-17 04:39:26', 2, '2025-03-17 04:39:47', NULL, 0, NULL),
(63, 'Sathyabama Institute of Science & Technology', '2022-03-01', 53, 53, 53, 2, '2022-03-01', '2025-03-01', '91018296', 10922196, 12, 101940492, 'https://dmsfinance-download.s3.ap-south-1.amazonaws.com/SBLTDocs/20250317044212/2/SathyabamaAgreement%2801.03.22to01.03.25%29.pdf', NULL, 0, 0, '2025-03-17 13:30:00', 65, 0, '1742186542537', 2, '2025-03-17 04:42:54', 2, '2025-03-17 04:42:53', NULL, 0, NULL),
(64, 'Vellore Institute of Technology', '2022-10-17', 62, 62, 62, 1, '2022-10-17', '2027-10-16', '291832800.00', 35019936, 12, 326852736, 'https://dmsfinance-download.s3.ap-south-1.amazonaws.com/SBLTDocs/20250317045339/2/VITAgreement%2817.10.22to16.10.27%29.pdf', NULL, 0, 0, NULL, 66, 1, '1742187225807', 2, '2025-03-17 04:54:17', 2, '2025-04-07 05:57:12', NULL, 0, NULL),
(65, 'Hyundai Engineering Chennai Pvt Ltd', '2024-11-20', 36, 36, 36, 1, '2024-11-20', '2027-11-19', '23188176', 2782581, 12, 25970757, 'https://dmsfinance-download.s3.ap-south-1.amazonaws.com/SBLTDocs/20250317051316/2/1.HyundaiEngineeringAgreement-%2820-11-2024to19-11-2027%29.pdf', NULL, 0, 0, NULL, 67, 1, '1742188652085', 2, '2025-03-17 05:18:03', 2, '2025-03-17 05:18:03', NULL, 0, NULL),
(66, 'Voltas Limited', '2024-01-22', 45, 45, 45, 1, '2025-01-21', '2027-01-20', '67165116.00', 8059814, 12, 75224930, 'https://dmsfinance-download.s3.ap-south-1.amazonaws.com/SBLTDocs/20250617115251/2/01.VoltasAgreement%2821.01.25to20.01.27%29.pdf', '2025-06-17 17:22:59', 1, 2, '2025-03-17 13:30:01', 81, 1, '1742189160798', 2, '2025-03-17 05:26:32', 2, '2025-03-17 05:26:31', NULL, 0, NULL),
(67, 'Greenpanel Industries Limited', '2024-09-01', 66, 66, 66, 1, '2025-08-01', '2026-07-31', '3720000.00', 446400, 12, 4166400, 'https://dmsfinance-download.s3.ap-south-1.amazonaws.com/SBLTDocs/20250317102505/2/SriBhagyalakshmiToursandTravelsMail-Re_Newclient.pdf', '2025-11-21 15:43:59', 1, 2, '2025-08-30 13:30:02', 88, 1, '1742207144224', 2, '2025-03-17 10:26:15', 2, '2025-04-07 04:38:21', NULL, 0, NULL),
(68, 'Indira Educational Charitable Trust', '2024-11-15', 32, 32, 32, 2, '2024-11-15', '2025-11-14', '2760000', 331200, 12, 3091200, 'https://dmsfinance-download.s3.ap-south-1.amazonaws.com/SBLTDocs/20250317103242/2/IndiraEducationalcharitabletrustRateMail.pdf', NULL, 0, 0, '2025-11-13 13:30:00', 70, 0, '1742207607846', 2, '2025-03-17 10:33:59', 2, '2025-04-07 10:24:26', NULL, 0, NULL),
(69, 'Sree Sastha Institute of Engineering and Technology', '2025-01-01', 70, 70, 70, 2, '2025-01-01', '2025-12-31', '4876728.00', 585207, 12, 5461935, 'https://dmsfinance-download.s3.ap-south-1.amazonaws.com/SBLTDocs/20250317110201/2/SriBhagyalakshmiToursandTravelsMail-Fwd_RateChart.pdf', NULL, 0, 0, '2025-12-30 08:00:01', 71, 0, '1742209362600', 2, '2025-03-17 11:03:14', 2, '2025-04-05 12:49:58', NULL, 0, NULL),
(70, 'Sanmina-Sci India Pvt Ltd - SEZ', '2025-01-08', 67, 67, 67, 1, '2025-02-01', '2028-01-31', '112300000', 13476000, 12, 125776000, 'https://dmsfinance-download.s3.ap-south-1.amazonaws.com/SBLTDocs/20250317110802/2/1.SanminaAgreement%2801.02.25to31.1.28%29.pdf', NULL, 0, 0, NULL, 72, 1, '1742209716114', 2, '2025-03-17 11:09:07', 2, '2025-04-07 04:41:26', NULL, 0, NULL),
(71, 'Sanmina-Sci India Pvt Ltd.', '2025-01-08', 68, 68, 68, 1, '2025-02-01', '2028-01-31', '91700000', 11004000, 12, 102704000, 'https://dmsfinance-download.s3.ap-south-1.amazonaws.com/SBLTDocs/20250317111105/2/1.SanminaAgreement%2801.02.25to31.1.28%29.pdf', NULL, 0, 0, NULL, 73, 1, '1742209914750', 2, '2025-03-17 11:12:26', 2, '2025-04-07 04:42:23', NULL, 0, NULL),
(72, 'Ashok Leyland Limited - Vijayawada Plant', '2025-02-07', 72, 72, 72, 2, '2025-02-07', '2026-02-06', '1638000', 196560, 12, 1834560, 'https://dmsfinance-download.s3.amazonaws.com/SBLTDocs/20250421084401/2/SBLTRevisedquote.pdf', NULL, 0, 0, '2026-02-05 08:00:00', 74, 0, '1745225277050', 2, '2025-04-21 08:48:36', 2, '2025-04-21 08:48:36', NULL, 0, NULL),
(73, 'Sundam Clayton Limited - TK', '2025-02-01', 69, 69, 69, 2, '2025-02-01', '2026-03-31', '19936320', 2392358, 12, 22328678, 'https://dmsfinance-download.s3.ap-south-1.amazonaws.com/SBLTDocs/20250421093031/2/1.SCLTKAgreement%2801-02-2025TO31-03-2026%29.pdf', NULL, 0, 0, '2026-03-30 08:00:01', 75, 0, '1745228065925', 2, '2025-04-21 09:35:05', 2, '2025-04-21 09:35:05', NULL, 0, NULL),
(74, 'Shree Marutinandan Logistics Pvt Ltd', '2024-07-01', 71, 71, 71, 1, '2024-07-01', '2026-06-30', '25471786.56', 3056614, 12, 28528401, 'https://dmsfinance-download.s3.ap-south-1.amazonaws.com/SBLTDocs/20250421093917/2/SMNLServiceOrder%2801.07.24to30.06.27%29.pdf', NULL, 0, 0, NULL, 76, 1, '1745229422297', 2, '2025-04-21 09:57:42', 2, '2025-04-21 09:57:41', NULL, 0, NULL),
(75, 'Turbo Energy Pvt Limited,', '2025-04-01', 9, 9, 9, 1, '2025-04-01', '2028-03-31', '89256625.92', 10710795, 12, 99967421, 'https://dmsfinance-download.s3.ap-south-1.amazonaws.com/SBLTDocs/20250421110507/2/TurboAgreement01-04-2025to31-03-2028.pdf', NULL, 0, 0, NULL, 77, 1, '1745234086451', 2, '2025-04-21 11:15:26', 2, '2025-04-21 11:15:25', NULL, 0, NULL),
(76, 'Injecto Plast Pvt Ltd', '2025-04-01', 17, 17, 17, 1, '2025-04-01', '2027-03-31', '7309080', 877090, 12, 8186170, 'https://dmsfinance-download.s3.ap-south-1.amazonaws.com/SBLTDocs/20250421111759/2/1.IPCAgreement01-04-2025to31-03-2027.pdf', NULL, 0, 0, NULL, 78, 1, '1745234408528', 2, '2025-04-21 11:20:48', 2, '2025-04-21 11:20:47', NULL, 0, NULL),
(77, 'Foxlink India Electric Private Limited', '2025-02-15', 29, 29, 29, 1, '2025-02-15', '2027-02-14', '80340024.00', 9640803, 12, 89980827, 'https://dmsfinance-download.s3.ap-south-1.amazonaws.com/SBLTDocs/20250421112608/2/1.FoxlinkAggrement15-02-2025to14-02-2027.pdf', NULL, 0, 0, NULL, 79, 1, '1745235107730', 2, '2025-04-21 11:32:27', 2, '2025-04-21 11:32:27', NULL, 0, NULL),
(78, 'Voltas Limited', '2025-01-21', 45, 45, 45, 1, '2025-01-21', '2027-01-20', '129066048', 15487926, 12, 144553974, 'https://dmsfinance-download.s3.ap-south-1.amazonaws.com/SBLTDocs/20250421113509/2/01.VoltasAgreement%2821.01.25to20.01.27%29.pdf', NULL, 0, 0, NULL, 80, 1, '1745235617697', 2, '2025-04-21 11:40:57', 2, '2025-04-21 11:40:56', NULL, 0, NULL),
(79, 'Cetc Renewable Energy Technology (India) Private Limited	', '2025-05-21', 73, 73, 73, 1, '2025-05-21', '2028-05-20', '34960000.00', 4195200, 12, 39155200, 'https://dmsfinance-download.s3.amazonaws.com/SBLTDocs/20250722060120/2/CETCRevisedRate.pdf', NULL, 0, 0, NULL, 86, 1, '1753164095312', 2, '2025-07-22 06:02:44', 2, '2025-07-22 06:02:44', NULL, 0, NULL);

-- --------------------------------------------------------

--
-- Table structure for table `contracts_log`
--

CREATE TABLE `contracts_log` (
  `ContractLogId` int NOT NULL,
  `ContractId` int DEFAULT NULL,
  `ContractName` varchar(255) DEFAULT NULL,
  `ContractDate` date DEFAULT NULL,
  `CustomerId` int DEFAULT '0',
  `CustomerBranchId` int DEFAULT NULL,
  `ContactId` int DEFAULT '0',
  `ContractStatusId` int DEFAULT '0',
  `FromDate` date DEFAULT NULL,
  `ToDate` date DEFAULT NULL,
  `Amount` varchar(80) DEFAULT NULL,
  `GSTAmount` int DEFAULT NULL,
  `GSTPercentage` int DEFAULT NULL,
  `TotalAmount` int DEFAULT NULL,
  `Attachment` varchar(180) DEFAULT NULL,
  `ExpiresAt` datetime DEFAULT NULL,
  `Active` tinyint(1) DEFAULT '1',
  `RecordId` varchar(20) DEFAULT NULL,
  `CreatedBy` int DEFAULT '0',
  `CreatedAt` timestamp NULL DEFAULT CURRENT_TIMESTAMP,
  `UpdatedBy` int DEFAULT '0',
  `UpdatedAt` timestamp NULL DEFAULT CURRENT_TIMESTAMP
) ENGINE=InnoDB DEFAULT CHARSET=utf8mb4 COLLATE=utf8mb4_0900_ai_ci;

--
-- Dumping data for table `contracts_log`
--

INSERT INTO `contracts_log` (`ContractLogId`, `ContractId`, `ContractName`, `ContractDate`, `CustomerId`, `CustomerBranchId`, `ContactId`, `ContractStatusId`, `FromDate`, `ToDate`, `Amount`, `GSTAmount`, `GSTPercentage`, `TotalAmount`, `Attachment`, `ExpiresAt`, `Active`, `RecordId`, `CreatedBy`, `CreatedAt`, `UpdatedBy`, `UpdatedAt`) VALUES
(1, 1, 'TabTree', '2025-02-20', 65, 65, 65, 1, '2025-02-20', '2026-02-20', '1000', 120, 12, 1120, 'https://dmsfinance-download.s3.ap-south-1.amazonaws.com/SBLTDocs/20250220100044/1/MAS_CNGR_16_07_24.pdf', NULL, 0, '1740045657887', 1, '2025-02-20 10:01:05', 1, '2025-02-20 10:01:04'),
(2, 2, 'Gulf Oil Lubricants India Limited', '2023-04-01', 58, 58, 58, 2, '2023-04-01', '2026-03-31', '4118400', 494208, 12, 4612608, 'https://dmsfinance-download.s3.ap-south-1.amazonaws.com/SBLTDocs/20250225105329/2/GulfOilAgreement.pdf', '2026-03-30 08:00:01', 0, '1740481239122', 2, '2025-02-25 11:01:02', 2, '2025-02-25 13:09:17'),
(3, 3, 'Services of Transport Vehicles Agreement ', '2024-01-01', 3, 3, 3, 2, '2024-01-01', '2025-12-31', '6071328', 728559, 12, 6799887, 'https://dmsfinance-download.s3.ap-south-1.amazonaws.com/SBLTDocs/20250225113313/2/ColgateAgreement01-01-24to31-12-25.pdf', '2025-12-30 08:00:00', 0, '1740483238170', 2, '2025-02-25 11:34:21', 2, '2025-02-25 13:10:30'),
(4, 4, 'HIL Limited', '2024-09-01', 15, 15, 15, 1, '2024-09-01', '2025-07-31', '1229800', 147576, 12, 1377376, 'https://dmsfinance-download.s3.ap-south-1.amazonaws.com/SBLTDocs/20250225114915/2/1.HILAgreement%2801-09-24to31-07-25%29.pdf', NULL, 0, '1740484449405', 2, '2025-02-25 11:54:33', 2, '2025-02-25 13:12:33'),
(5, 5, 'Ravel Electronics Private Limited', '2022-01-17', 51, 51, 51, 2, '2022-01-17', '2025-01-16', '7956000', 954720, 12, 8910720, 'https://dmsfinance-download.s3.ap-south-1.amazonaws.com/SBLTDocs/20250225125859/2/RavelAgreement%2817.01.22to16.01.25%29.pdf', '2025-02-26 13:30:00', 0, '1740485960047', 2, '2025-02-25 12:19:43', 2, '2025-02-25 13:00:09'),
(6, 6, 'AJ Higher Secondary School', '2022-06-01', 64, 64, 64, 2, '2022-06-01', '2025-05-31', '6192000', 743040, 12, 6935040, 'https://dmsfinance-download.s3.ap-south-1.amazonaws.com/SBLTDocs/20250225122916/2/AJHighSchool.pdf', '2025-05-30 13:30:01', 0, '1740486687141', 2, '2025-02-25 12:31:50', 2, '2025-02-25 12:57:23'),
(7, 7, 'Nelcast Limited', '2023-05-01', 52, 52, 52, 1, '2023-05-01', '2028-04-30', '25260000', 3031200, 12, 28291200, 'https://dmsfinance-download.s3.ap-south-1.amazonaws.com/SBLTDocs/20250225123959/2/1.NelcastAgreement%2801.05.23to30.06.28%29.pdf', NULL, 1, '1740487264552', 2, '2025-02-25 12:41:28', 2, '2025-02-25 12:54:01'),
(8, 8, 'Piramal Pharma Limited', '2023-07-01', 6, 6, 6, 1, '2023-07-01', '2026-06-30', '4824000', 578880, 12, 5402880, 'https://dmsfinance-download.s3.ap-south-1.amazonaws.com/SBLTDocs/20250310101533/2/1.PiramalAgreement01-07-2023to30-06-2026.pdf', NULL, 1, '1741602430124', 2, '2025-03-10 10:27:38', 2, '2025-03-10 10:27:38'),
(9, 9, 'Prospira India Automotive Products Pvt Ltd', '2024-08-01', 14, 14, 14, 1, '2024-08-01', '2026-07-31', '7033920', 844070, 12, 7877990, 'https://dmsfinance-download.s3.ap-south-1.amazonaws.com/SBLTDocs/20250310103503/2/1.ProspiraIndiaAutomotive%2801-08-2024to31-07-2026%29.pdf', NULL, 1, '1741602982831', 2, '2025-03-10 10:36:51', 2, '2025-03-10 10:36:51'),
(10, 10, 'Kikuwa India Private Limited', '2023-04-01', 5, 5, 5, 2, '2023-04-01', '2025-03-31', '2592000', 311040, 12, 2903040, 'https://dmsfinance-download.s3.ap-south-1.amazonaws.com/SBLTDocs/20250310105820/2/1.KikuwaAgreement%2801.04.23to31.03.25%29.pdf', '2025-03-30 13:30:00', 0, '1741604311074', 2, '2025-03-10 10:58:59', 2, '2025-03-10 10:58:59'),
(11, 11, 'Ravel Electronics Private Limited', '2022-01-17', 51, 51, 51, 2, '2022-01-17', '2025-01-16', '7956000', 954720, 12, 8910720, 'https://dmsfinance-download.s3.ap-south-1.amazonaws.com/SBLTDocs/20250310111536/2/RavelAgreement%26Mail%2817.01.22to16.01.25%29.pdf', '2025-03-11 13:30:00', 0, '1741605559632', 2, '2025-03-10 11:19:48', 2, '2025-03-10 11:19:48'),
(12, 12, 'Luftek Engineering Pvt Ltd', '2024-04-01', 41, 41, 41, 1, '2024-04-01', '2027-03-31', '8244000', 989280, 12, 9233280, 'https://dmsfinance-download.s3.ap-south-1.amazonaws.com/SBLTDocs/20250310112850/2/1.LUFTEKEngineeringAgreement%2801-04-2024to31-03-2027%29.pdf', NULL, 1, '1741606204796', 2, '2025-03-10 11:30:33', 2, '2025-03-10 11:30:33'),
(13, 13, 'TMTE ( Donracks ) Metal Tech Pvt Ltd', '2024-04-01', 42, 42, 42, 1, '2024-04-01', '2029-03-31', '21825000', 2619000, 12, 24444000, 'https://dmsfinance-download.s3.ap-south-1.amazonaws.com/SBLTDocs/20250310113549/2/1.TMTEAgreement01-04-2024to31-03-2029.pdf', NULL, 1, '1741606630336', 2, '2025-03-10 11:37:39', 2, '2025-04-21 07:08:18'),
(14, 14, 'Wattpower Systems Pvt Ltd', '2024-11-04', 38, 38, 38, 2, '2024-04-11', '2026-03-11', '5304000', 636480, 12, 5940480, 'https://dmsfinance-download.s3.ap-south-1.amazonaws.com/SBLTDocs/20250310114214/2/1.WattpowerAgreement%2804.11.24to03.11.26%29.pdf', '2026-03-10 08:00:00', 0, '1741609032262', 2, '2025-03-10 12:17:41', 2, '2025-03-10 12:17:40'),
(15, 15, 'Tecno Doors Private Limited', '2024-12-12', 34, 34, 34, 1, '2024-12-12', '2027-12-11', '12632400', 1515888, 12, 14148288, 'https://dmsfinance-download.s3.ap-south-1.amazonaws.com/SBLTDocs/20250310123604/2/TecnoDoorsAgreement%2812-12-2024to11-12-2027%29Threeyears.pdf', NULL, 1, '1741610327048', 2, '2025-03-10 12:39:15', 2, '2025-03-10 12:39:15'),
(16, 16, 'Toshniwal Instruments (Madras) Pvt Ltd', '2024-06-01', 25, 25, 25, 1, '2024-06-01', '2026-05-31', '2195136', 263416, 12, 2458552, 'https://dmsfinance-download.s3.ap-south-1.amazonaws.com/SBLTDocs/20250310124323/2/1.ToshniwalAgreement-01-06-2024to31-05-2026.pdf', NULL, 1, '1741610838193', 2, '2025-03-10 12:47:47', 2, '2025-03-10 12:47:46'),
(17, 17, 'Ravel Electronics Private Limited', '2022-01-17', 51, 51, 51, 3, '2022-01-17', '2025-01-16', '7758432', 931012, 12, 8689444, 'https://dmsfinance-download.s3.ap-south-1.amazonaws.com/SBLTDocs/20250314105646/2/RavelAgreement%26Mail%2817.01.22to16.01.25%29.pdf', '2025-03-14 18:31:23', 0, '1741950175573', 2, '2025-03-14 11:03:26', 2, '2025-03-14 13:01:23'),
(18, 5, 'Ravel Electronics Private Limited', '2022-01-17', 51, 51, 51, 3, '2022-01-17', '2025-01-16', '7956000', 954720, 12, 8910720, 'https://dmsfinance-download.s3.ap-south-1.amazonaws.com/SBLTDocs/20250225125859/2/RavelAgreement%2817.01.22to16.01.25%29.pdf', '2025-03-14 18:28:15', 0, '1741950524902', 2, '2025-03-14 11:09:15', 2, '2025-03-14 12:58:15'),
(19, 18, 'Astrotech Steels Private Limited', '2024-09-01', 4, 4, 4, 2, '2024-09-01', '2026-03-31', '25857540', 3102905, 12, 28960445, 'https://dmsfinance-download.s3.ap-south-1.amazonaws.com/SBLTDocs/20250314111655/2/1.AstrotechAgreement%2801.09.24to31.03.26%29.pdf', '2026-03-30 08:00:01', 0, '1741951129537', 2, '2025-03-14 11:19:20', 2, '2025-03-14 11:19:19'),
(20, 19, 'Avary Technology (India) Pvt Ltd', '2024-09-01', 31, 31, 31, 1, '2024-09-01', '2026-08-31', '72903936', 8748472, 12, 81652408, 'https://dmsfinance-download.s3.ap-south-1.amazonaws.com/SBLTDocs/20250314112707/2/1.AvaryAgreement%2801-09-2024to31-08-2026%29.pdf', NULL, 1, '1741951943476', 2, '2025-03-14 11:32:54', 2, '2025-03-14 11:32:53'),
(21, 20, 'Bharat FIH  Limited', '2024-07-11', 1, 1, 1, 2, '2024-06-01', '2024-11-30', '4226355.84', 507163, 12, 4733519, 'https://dmsfinance-download.s3.ap-south-1.amazonaws.com/SBLTDocs/20250314115358/2/1.BharatFIH-APAgreement%2801-06-2024to30-11-2024%29.pdf', '2025-03-15 13:30:00', 0, '1741953342996', 2, '2025-03-14 11:56:13', 2, '2025-03-14 11:56:13'),
(22, 21, 'Bharat FIH Limited - TN Plant (Site-II)', '2024-07-08', 27, 27, 27, 2, '2024-06-01', '2025-05-31', '17122176', 2054661, 12, 19176837, 'https://dmsfinance-download.s3.ap-south-1.amazonaws.com/SBLTDocs/20250314121003/2/1.BharatFIH-TNAgreement%2801-06-2024to31-05-2025%29.pdf', '2025-05-30 13:30:01', 0, '1741954262321', 2, '2025-03-14 12:11:32', 2, '2025-03-14 12:11:32'),
(23, 22, 'Bharat FIH Limited - TN Plant', '2024-07-08', 19, 19, 19, 2, '2024-06-01', '2025-05-31', '35430012', 4251601, 12, 39681613, 'https://dmsfinance-download.s3.ap-south-1.amazonaws.com/SBLTDocs/20250314122431/2/BharatFIH-TNAgreement%2801-06-2024to31-05-2025%29.pdf', '2025-05-30 13:30:01', 0, '1741955136698', 2, '2025-03-14 12:26:07', 2, '2025-03-14 12:26:06'),
(24, 23, 'Caparo Engineering  India Limited', '2023-04-01', 7, 7, 7, 2, '2023-04-01', '2026-03-31', '50027472', 6003297, 12, 56030769, 'https://dmsfinance-download.s3.ap-south-1.amazonaws.com/SBLTDocs/20250314124618/2/CaparoAgreement%2801-04-2023to31-03-2026.pdf', '2026-03-30 08:00:01', 0, '1741956878259', 2, '2025-03-14 12:55:08', 2, '2025-04-29 10:25:02'),
(25, 11, 'Ravel Electronics Private Limited', '2022-01-17', 51, 51, 51, 2, '2022-01-17', '2025-01-16', '7956000', 954720, 12, 8910720, 'https://dmsfinance-download.s3.ap-south-1.amazonaws.com/SBLTDocs/20250310111536/2/RavelAgreement%26Mail%2817.01.22to16.01.25%29.pdf', '2025-03-15 13:30:00', 0, '1741957135706', 2, '2025-03-14 12:59:25', 2, '2025-03-15 05:53:35'),
(26, 24, 'Cellestial E-Trac Pvt Ltd', '2023-03-27', 54, 54, 54, 2, '2023-04-01', '2026-03-31', '9813528', 1177623, 12, 10991151, 'https://dmsfinance-download.s3.ap-south-1.amazonaws.com/SBLTDocs/20250314130643/2/CELLESTIALE-TRACAgreement01-04-2023to31-03-2026.pdf', '2026-03-30 08:00:01', 0, '1741957614078', 2, '2025-03-14 13:07:24', 2, '2025-04-21 06:38:14'),
(27, 25, 'Dell International Services Pvt Ltd', '2022-07-01', 63, 63, 63, 2, '2022-07-01', '2025-06-30', '22224738', 2666969, 12, 24891707, 'https://dmsfinance-download.s3.ap-south-1.amazonaws.com/SBLTDocs/20250315044935/2/DellAgreement01-07-2022to30-06-2025.pdf', '2025-06-29 13:30:00', 0, '1742014272206', 2, '2025-03-15 04:51:43', 2, '2025-03-15 04:51:42'),
(28, 26, 'Doosan Bobcat India Pvt Ltd', '2023-04-01', 24, 24, 24, 2, '2023-04-01', '2026-03-31', '50323032', 6038764, 12, 56361796, 'https://dmsfinance-download.s3.ap-south-1.amazonaws.com/SBLTDocs/20250315045355/2/1.DoosanAgreement%2801-04-23to31-03-26%29.pdf', '2026-03-30 08:00:01', 0, '1742014594382', 2, '2025-03-15 04:57:05', 2, '2025-03-15 04:57:04'),
(29, 27, 'Excelacom Technologies Pvt Ltd', '2023-08-01', 50, 50, 50, 1, '2023-08-01', '2026-07-31', '7202880', 864346, 12, 8067226, 'https://dmsfinance-download.s3.ap-south-1.amazonaws.com/SBLTDocs/20250315050145/2/Agreenment01-08-2023to31-07-2026.pdf', NULL, 1, '1742014973815', 2, '2025-03-15 05:03:24', 2, '2025-03-15 05:03:24'),
(30, 28, 'FS India Solar Ventures Pvt Ltd', '2024-04-01', 56, 56, 56, 1, '2024-04-01', '2027-03-31', '135159480', 16219138, 12, 151378618, 'https://dmsfinance-download.s3.ap-south-1.amazonaws.com/SBLTDocs/20250315051200/2/FirstSolarAgreement%2801.04.24to31.03.27%29.pdf', NULL, 1, '1742015542508', 2, '2025-03-15 05:12:53', 2, '2025-03-15 05:12:52'),
(31, 29, 'Foxconn Technology India Private Limited', '2025-01-01', 8, 8, 8, 2, '2025-01-22', '2026-01-21', '22912476', 2749497, 12, 25661973, 'https://dmsfinance-download.s3.ap-south-1.amazonaws.com/SBLTDocs/20250315052433/2/1.NewRateconfirmationMailw.ef01.02.25.pdf', '2026-01-20 08:00:00', 0, '1742016341272', 2, '2025-03-15 05:26:12', 2, '2025-03-15 05:26:11'),
(32, 30, 'Foxconn Hon Hai Technology India Mega Development Pvt Ltd', '2023-12-01', 22, 22, 22, 2, '2023-12-01', '2024-11-30', '465173304', 55820796, 12, 520994100, 'https://dmsfinance-download.s3.ap-south-1.amazonaws.com/SBLTDocs/20250315053320/2/3.HonhaiAgreement%2801.12.23to30.11.24%29.pdf', '2025-03-15 13:30:00', 0, '1742016820719', 2, '2025-03-15 05:34:11', 2, '2025-03-15 05:34:11'),
(33, 31, 'Adani Krishnapattinam Port Ltd', '2024-07-01', 35, 35, 35, 1, '2024-07-01', '2027-06-30', '28949277.60', 3473913, 12, 32423191, 'https://dmsfinance-download.s3.ap-south-1.amazonaws.com/SBLTDocs/20250315060442/2/0.PurchaseOrder%2801.07.24to30.06.27%29.PDF', NULL, 1, '1742018783210', 2, '2025-03-15 06:06:54', 2, '2025-04-21 12:15:41'),
(34, 32, 'Aisan Auto Parts India Pvt Ltd', '2023-04-01', 23, 23, 23, 2, '2023-04-01', '2026-03-31', '42265224', 5071827, 12, 47337051, 'https://dmsfinance-download.s3.ap-south-1.amazonaws.com/SBLTDocs/20250315061002/2/1.AisanAgreement%2801.04.23to31.03.26%29.pdf', '2026-03-30 08:00:01', 0, '1742019032917', 2, '2025-03-15 06:11:03', 2, '2025-04-07 11:58:15'),
(35, 33, 'Ashok Leyland Limited - SPU', '2023-01-01', 21, 21, 21, 1, '2025-10-01', '2029-09-30', '250000000', 45000000, 18, 295000000, 'https://dmsfinance-download.s3.amazonaws.com/SBLTDocs/20251217171022/2/1.ALSPRAgreement%2801-10-2025to30-09-2029%29.pdf', NULL, 1, '1742019679206', 2, '2025-03-15 06:21:50', 2, '2025-12-17 11:41:00'),
(36, 34, 'Ashok Leyland Limited - Ennore Plant', '2021-12-01', 46, 46, 46, 2, '2021-12-01', '2025-12-31', '75586560.00', 9070387, 12, 84656947, 'https://dmsfinance-download.s3.ap-south-1.amazonaws.com/SBLTDocs/20250315063124/2/EnnorePlantAgreement01.12.21to31.12.25.pdf', '2025-12-30 08:00:01', 0, '1742020303700', 2, '2025-03-15 06:32:14', 2, '2025-04-07 11:22:55'),
(37, 35, 'Ashok Leyland Limited - Foundry Division', '2022-04-01', 57, 57, 57, 2, '2022-04-01', '2025-03-31', '65871270.72', 7904552, 12, 73775823, 'https://dmsfinance-download.s3.ap-south-1.amazonaws.com/SBLTDocs/20250315063717/2/1.AL%28Ennore%29FoundryDivision%2801.04.22to31.03.25%29.pdf', '2025-03-30 13:30:01', 0, '1742020664361', 2, '2025-03-15 06:38:15', 2, '2025-03-15 06:38:14'),
(38, 36, 'Foxlink India Electric Private Limited', '2024-02-15', 29, 29, 29, 2, '2024-02-15', '2025-02-14', '40509240.00', 4861109, 12, 45370349, 'https://dmsfinance-download.s3.ap-south-1.amazonaws.com/SBLTDocs/20250315064441/2/1.FoxlinkAgreement15-02-2024ti14-02-2025.pdf', '2025-03-15 13:30:01', 0, '1742021088995', 2, '2025-03-15 06:45:19', 2, '2025-03-15 06:45:19'),
(39, 37, 'Hero Motorcorp', '2024-07-01', 44, 44, 44, 1, '2024-07-01', '2029-06-30', '104236440', 12508373, 12, 116744813, 'https://dmsfinance-download.s3.ap-south-1.amazonaws.com/SBLTDocs/20250315065309/2/HeroAgreement%2801.07.24to30.06.29%29.pdf', NULL, 1, '1742021725068', 2, '2025-03-15 06:55:56', 2, '2025-04-07 10:50:04'),
(40, 38, 'India Metal One Steel Plate Processing Pvt Ltd', '2024-12-13', 20, 20, 20, 2, '2024-12-01', '2025-11-30', '2154000', 258480, 12, 2412480, 'https://dmsfinance-download.s3.ap-south-1.amazonaws.com/SBLTDocs/20250315070021/2/IMOPAGREEMENT-01-12-2024to30-11-2025.pdf', '2025-11-29 08:00:00', 0, '1742022044767', 2, '2025-03-15 07:01:15', 2, '2025-04-07 10:27:59'),
(41, 39, 'Indira Educational Charitable Trust', '2024-11-18', 32, 32, 32, 2, '2024-11-18', '2025-11-17', '2760000', 331200, 12, 3091200, 'https://dmsfinance-download.s3.ap-south-1.amazonaws.com/SBLTDocs/20250315072103/2/IndiraEducationalcharitabletrustRateMail.pdf', '2025-11-16 13:30:00', 0, '1742023409677', 2, '2025-03-15 07:24:00', 2, '2025-04-07 10:23:28'),
(42, 40, 'Injecto Plast Pvt Ltd', '2024-04-01', 17, 17, 17, 2, '2024-04-01', '2025-03-31', '3536268', 424352, 12, 3960620, 'https://dmsfinance-download.s3.ap-south-1.amazonaws.com/SBLTDocs/20250315072712/2/1.IPCAgreement%2801-04-24to31-03-25%29.pdf', '2025-03-30 13:30:01', 0, '1742023684091', 2, '2025-03-15 07:28:35', 2, '2025-03-15 07:28:34'),
(43, 41, 'International Bakery Products Limited', '2022-08-01', 59, 59, 59, 2, '2022-08-01', '2025-07-31', '5274000', 632880, 12, 5906880, 'https://dmsfinance-download.s3.ap-south-1.amazonaws.com/SBLTDocs/20250315081620/2/IBPL-Agreement01-08-2022to31-07-2025.pdf', '2025-07-30 13:30:00', 0, '1742027336396', 2, '2025-03-15 08:29:27', 2, '2025-04-07 10:14:09'),
(44, 42, 'ISUZU MOTORS INDIA PRIVATE LIMITED', '2024-12-01', 2, 2, 2, 1, '2024-12-01', '2026-11-30', '69068712', 8288245, 12, 77356957, 'https://dmsfinance-download.s3.ap-south-1.amazonaws.com/SBLTDocs/20250315083522/2/IsuzuAgreement01-12-2024to30-11-2026.pdf', NULL, 1, '1742027754587', 2, '2025-03-15 08:36:25', 2, '2025-04-07 09:52:55'),
(45, 43, 'J.K.Tyres Industries Limited', '2024-03-01', 10, 10, 10, 1, '2024-03-01', '2027-02-28', '53719344', 6446321, 12, 60165665, 'https://dmsfinance-download.s3.ap-south-1.amazonaws.com/SBLTDocs/20250315084232/2/JKAgreement%2801-03-2024to28-02-2027%29.pdf', NULL, 1, '1742028198592', 2, '2025-03-15 08:43:49', 2, '2025-04-07 09:39:33'),
(46, 44, 'Jusda India Supply Chain Management Pvt Ltd', '2023-08-31', 48, 48, 48, 1, '2023-09-01', '2026-08-31', '21273840', 2552861, 12, 23826701, 'https://dmsfinance-download.s3.ap-south-1.amazonaws.com/SBLTDocs/20250315085146/2/1.JusdaAgreement%2801-09-2023to31-08-2026%29.pdf', NULL, 1, '1742028711591', 2, '2025-03-15 08:52:22', 2, '2025-04-07 09:31:38'),
(47, 45, 'Justech Precision Industry India Pvt Ltd', '2024-06-15', 39, 39, 39, 1, '2024-06-15', '2027-06-14', '6389136', 766696, 12, 7155832, 'https://dmsfinance-download.s3.ap-south-1.amazonaws.com/SBLTDocs/20250315092930/2/Justech-QuotationforBengaluru%28ExtraHrs%29.pdf', NULL, 1, '1742031483849', 2, '2025-03-15 09:38:34', 2, '2025-03-15 09:41:02'),
(48, 46, 'Mcwane India Pvt Ltd', '2025-02-01', 60, 60, 60, 1, '2025-02-01', '2027-01-31', '40128000', 4815360, 12, 44943360, 'https://dmsfinance-download.s3.ap-south-1.amazonaws.com/SBLTDocs/20250315095741/2/1.McwaneAgreement%2801.02.25to31.01.27%29.pdf', NULL, 1, '1742032696651', 2, '2025-03-15 09:58:47', 2, '2025-04-07 09:22:06'),
(49, 47, 'United Telelinks Neolyncs Private Limited', '2023-06-01', 28, 28, 28, 2, '2023-06-01', '2025-05-31', '34703808', 4164457, 12, 38868265, 'https://dmsfinance-download.s3.ap-south-1.amazonaws.com/SBLTDocs/20250315101513/2/Neolyncs01-06-2023to31-05-2025.pdf', '2025-05-30 13:30:01', 0, '1742033874422', 2, '2025-03-15 10:18:25', 2, '2025-04-07 09:01:24'),
(50, 48, 'Neolync Telecommunications Pvt Ltd - Sricity', '2023-10-01', 47, 47, 47, 2, '2023-10-01', '2024-09-30', '28958304', 3474996, 12, 32433300, 'https://dmsfinance-download.s3.ap-south-1.amazonaws.com/SBLTDocs/20250315105848/2/NeolyncsSricity.pdf', '2025-03-16 13:30:00', 0, '1742036339141', 2, '2025-03-15 10:59:30', 2, '2025-03-15 10:59:29'),
(51, 49, 'Newgen Nandavanam Charitable Trust', '2022-06-13', 61, 61, 61, 1, '2022-06-13', '2026-06-14', '1092000', 131040, 12, 1223040, 'https://dmsfinance-download.s3.ap-south-1.amazonaws.com/SBLTDocs/20250315111706/2/MailConfirmation-NewgenSchool.pdf', NULL, 1, '1742037500720', 2, '2025-03-15 11:18:51', 2, '2025-04-07 08:52:10'),
(52, 50, 'Orchid Pharma Limited', '2024-01-13', 43, 43, 43, 1, '2024-02-01', '2027-01-31', '20314944', 2437793, 12, 22752737, 'https://dmsfinance-download.s3.ap-south-1.amazonaws.com/SBLTDocs/20250315112220/2/1.OrchidPharmaLtdAgreement%2801-02-2024to31-01-2027%29.pdf', NULL, 1, '1742037758912', 2, '2025-03-15 11:23:09', 2, '2025-04-07 08:49:32'),
(53, 51, 'Pfizer Healthcare India Pvt Ltd', '2024-10-28', 37, 37, 37, 2, '2024-11-04', '2025-10-31', '6239640.00', 748757, 12, 6988397, 'https://dmsfinance-download.s3.ap-south-1.amazonaws.com/SBLTDocs/20250315112538/2/1.PfizerAgreement%2804.11.24to31.10.25%29.pdf', '2025-10-30 13:30:00', 0, '1742038238289', 2, '2025-03-15 11:31:09', 2, '2025-04-07 08:47:02'),
(54, 52, 'Reynolds Pens India Pvt Ltd', '2024-06-01', 16, 16, 16, 1, '2024-06-01', '2026-05-31', '23871840', 2864621, 12, 26736461, 'https://dmsfinance-download.s3.ap-south-1.amazonaws.com/SBLTDocs/20250315122816/2/ReynoldsAgreement01-06-2024to31-05-2026.pdf', NULL, 1, '1742041781753', 2, '2025-03-15 12:30:12', 2, '2025-04-07 08:36:38'),
(55, 53, 'Saipem India Projects Private Limited-Perungudi', '2024-08-01', 55, 55, 55, 1, '2024-08-01', '2027-07-31', '100000000', 12000000, 12, 112000000, 'https://dmsfinance-download.s3.ap-south-1.amazonaws.com/SBLTDocs/20250315125514/2/1.SaipemAgreement01-08-2024to31-07-2027Perungudi.pdf', NULL, 1, '1742043347041', 2, '2025-03-15 12:56:18', 2, '2025-04-07 08:28:55'),
(56, 54, 'Saipem India Projects Private Limited', '2024-04-17', 55, 55, 55, 2, '2024-04-17', '2026-04-16', '40000000', 4800000, 12, 44800000, 'https://dmsfinance-download.s3.ap-south-1.amazonaws.com/SBLTDocs/20250315125746/2/2.SaipemAgreement16-04-2024to16-04-2026Kattupallee.pdf', '2026-04-15 08:00:00', 0, '1742043554688', 2, '2025-03-15 12:59:45', 2, '2025-04-07 07:13:53'),
(57, 55, 'Turbo Energy Pvt Limited,', '2021-07-01', 9, 9, 9, 2, '2021-07-01', '2025-03-31', '101547840', 12185741, 12, 113733581, 'https://dmsfinance-download.s3.ap-south-1.amazonaws.com/SBLTDocs/20250315130453/2/1.TurboAgreement%2801.07.21to30.06.24%29.pdf', '2025-03-30 13:30:01', 0, '1742043918974', 2, '2025-03-15 13:05:49', 2, '2025-03-15 13:05:49'),
(58, 56, 'Vishay Precision Transducers India Pvt Ltd.', '2023-09-01', 11, 11, 11, 1, '2023-09-01', '2026-08-31', '159630624', 19155675, 12, 178786299, 'https://dmsfinance-download.s3.ap-south-1.amazonaws.com/SBLTDocs/20250315130814/2/1.VishayAgreement%2801-09-2023to31-08-2026%29.pdf', NULL, 1, '1742044120885', 2, '2025-03-15 13:09:11', 2, '2025-04-07 07:04:00'),
(59, 57, 'Sundaram Auto Components Limited', '2024-09-01', 12, 12, 12, 2, '2024-09-01', '2025-08-31', '9419460', 1130335, 12, 10549795, 'https://dmsfinance-download.s3.ap-south-1.amazonaws.com/SBLTDocs/20250317041803/2/1.SACLAggreement%2801-09-24to31-08-25%29.pdf', '2025-08-30 13:30:01', 0, '1742185122816', 2, '2025-03-17 04:19:14', 2, '2025-04-07 06:53:19'),
(60, 58, 'Sundaram Clayton (P) Limited', '2024-09-01', 13, 13, 13, 1, '2024-09-01', '2026-08-31', '30534768', 3664172, 12, 34198940, 'https://dmsfinance-download.s3.ap-south-1.amazonaws.com/SBLTDocs/20250317042058/2/1.SundaramClaytonAgreement%2801.09.24to31.08.26%29.pdf', NULL, 1, '1742185259707', 2, '2025-03-17 04:21:31', 2, '2025-04-07 06:35:48'),
(61, 59, 'Transworld Breweries and Distilleries Ltd', '2023-04-01', 18, 18, 18, 2, '2023-04-01', '2026-03-31', '69695172', 8363421, 12, 78058593, 'https://dmsfinance-download.s3.amazonaws.com/SBLTDocs/20251201171733/2/1.MBDLAgreement%2801-04-2023to31-03-2026%29.pdf', '2026-03-30 08:00:01', 0, '1742185506163', 2, '2025-03-17 04:25:37', 2, '2025-12-01 11:47:40'),
(62, 60, 'Wittur Elevators Components India Pvt Ltd', '2022-08-17', 30, 30, 30, 2, '2022-08-17', '2025-08-16', '71208000.00', 8544960, 12, 79752960, 'https://dmsfinance-download.s3.ap-south-1.amazonaws.com/SBLTDocs/20250317042915/2/WitturAgreement%2817-08-22to16-08-25%29.pdf', '2025-08-15 13:30:00', 0, '1742185763658', 2, '2025-03-17 04:29:55', 2, '2025-04-07 06:13:55'),
(63, 61, 'Triune Technofab Private Limited', '2024-09-01', 33, 33, 33, 2, '2024-09-01', '2026-03-31', '9304416.00', 1116530, 12, 10420946, 'https://dmsfinance-download.s3.ap-south-1.amazonaws.com/SBLTDocs/20250317043349/2/TriuneAgreement%2801.09.24to31.03.26%29.pdf', '2026-03-30 08:00:01', 0, '1742186040714', 2, '2025-03-17 04:34:32', 2, '2025-04-07 06:03:47'),
(64, 62, 'SPI Technologies India Pvt Ltd-Trichy', '2024-05-01', 49, 49, 49, 1, '2024-05-01', '2027-04-30', '14040000.00', 1684800, 12, 15724800, 'https://dmsfinance-download.s3.ap-south-1.amazonaws.com/SBLTDocs/20250317043840/2/SPIAgreement-01-05-2024to30-04-2027.PDF', NULL, 1, '1742186335153', 2, '2025-03-17 04:39:26', 2, '2025-03-17 04:39:47'),
(65, 63, 'Sathyabama Institute of Science & Technology', '2022-03-01', 53, 53, 53, 2, '2022-03-01', '2025-03-01', '91018296', 10922196, 12, 101940492, 'https://dmsfinance-download.s3.ap-south-1.amazonaws.com/SBLTDocs/20250317044212/2/SathyabamaAgreement%2801.03.22to01.03.25%29.pdf', '2025-03-17 13:30:00', 0, '1742186542537', 2, '2025-03-17 04:42:54', 2, '2025-03-17 04:42:53'),
(66, 64, 'Vellore Institute of Technology', '2022-10-17', 62, 62, 62, 1, '2022-10-17', '2027-10-16', '291832800.00', 35019936, 12, 326852736, 'https://dmsfinance-download.s3.ap-south-1.amazonaws.com/SBLTDocs/20250317045339/2/VITAgreement%2817.10.22to16.10.27%29.pdf', NULL, 1, '1742187225807', 2, '2025-03-17 04:54:17', 2, '2025-04-07 05:57:12'),
(67, 65, 'Hyundai Engineering Chennai Pvt Ltd', '2024-11-20', 36, 36, 36, 1, '2024-11-20', '2027-11-19', '23188176', 2782581, 12, 25970757, 'https://dmsfinance-download.s3.ap-south-1.amazonaws.com/SBLTDocs/20250317051316/2/1.HyundaiEngineeringAgreement-%2820-11-2024to19-11-2027%29.pdf', NULL, 1, '1742188652085', 2, '2025-03-17 05:18:03', 2, '2025-03-17 05:18:03'),
(68, 66, 'Voltas Limited', '2024-01-22', 45, 45, 45, 2, '2024-01-22', '2025-01-21', '67165116.00', 8059814, 12, 75224930, 'https://dmsfinance-download.s3.ap-south-1.amazonaws.com/SBLTDocs/20250317052553/2/VoltasAgreement%2822.01.24to21.01.25%29.pdf', '2025-03-17 13:30:00', 0, '1742189160798', 2, '2025-03-17 05:26:32', 2, '2025-03-17 05:26:31'),
(69, 67, 'Greenpanel Industries Limited', '2024-09-01', 66, 66, 66, 2, '2024-09-01', '2025-08-31', '3720000.00', 446400, 12, 4166400, 'https://dmsfinance-download.s3.ap-south-1.amazonaws.com/SBLTDocs/20250317102505/2/SriBhagyalakshmiToursandTravelsMail-Re_Newclient.pdf', '2025-08-30 13:30:01', 0, '1742207144224', 2, '2025-03-17 10:26:16', 2, '2025-04-07 04:38:21'),
(70, 68, 'Indira Educational Charitable Trust', '2024-11-15', 32, 32, 32, 2, '2024-11-15', '2025-11-14', '2760000', 331200, 12, 3091200, 'https://dmsfinance-download.s3.ap-south-1.amazonaws.com/SBLTDocs/20250317103242/2/IndiraEducationalcharitabletrustRateMail.pdf', '2025-11-13 13:30:00', 0, '1742207607846', 2, '2025-03-17 10:33:59', 2, '2025-04-07 10:24:26'),
(71, 69, 'Sree Sastha Institute of Engineering and Technology', '2025-01-01', 70, 70, 70, 2, '2025-01-01', '2025-12-31', '4876728.00', 585207, 12, 5461935, 'https://dmsfinance-download.s3.ap-south-1.amazonaws.com/SBLTDocs/20250317110201/2/SriBhagyalakshmiToursandTravelsMail-Fwd_RateChart.pdf', '2025-12-30 08:00:01', 0, '1742209362600', 2, '2025-03-17 11:03:14', 2, '2025-04-05 12:49:58'),
(72, 70, 'Sanmina-Sci India Pvt Ltd - SEZ', '2025-01-08', 67, 67, 67, 1, '2025-02-01', '2028-01-31', '112300000', 13476000, 12, 125776000, 'https://dmsfinance-download.s3.ap-south-1.amazonaws.com/SBLTDocs/20250317110802/2/1.SanminaAgreement%2801.02.25to31.1.28%29.pdf', NULL, 1, '1742209716114', 2, '2025-03-17 11:09:07', 2, '2025-04-07 04:41:26'),
(73, 71, 'Sanmina-Sci India Pvt Ltd.', '2025-01-08', 68, 68, 68, 1, '2025-02-01', '2028-01-31', '91700000', 11004000, 12, 102704000, 'https://dmsfinance-download.s3.ap-south-1.amazonaws.com/SBLTDocs/20250317111105/2/1.SanminaAgreement%2801.02.25to31.1.28%29.pdf', NULL, 1, '1742209914750', 2, '2025-03-17 11:12:26', 2, '2025-04-07 04:42:23'),
(74, 72, 'Ashok Leyland Limited - Vijayawada Plant', '2025-02-07', 72, 72, 72, 2, '2025-02-07', '2026-02-06', '1638000', 196560, 12, 1834560, 'https://dmsfinance-download.s3.amazonaws.com/SBLTDocs/20250421084401/2/SBLTRevisedquote.pdf', '2026-02-05 08:00:00', 0, '1745225277050', 2, '2025-04-21 08:48:36', 2, '2025-04-21 08:48:36'),
(75, 73, 'Sundam Clayton Limited - TK', '2025-02-01', 69, 69, 69, 2, '2025-02-01', '2026-03-31', '19936320', 2392358, 12, 22328678, 'https://dmsfinance-download.s3.ap-south-1.amazonaws.com/SBLTDocs/20250421093031/2/1.SCLTKAgreement%2801-02-2025TO31-03-2026%29.pdf', '2026-03-30 08:00:01', 0, '1745228065925', 2, '2025-04-21 09:35:05', 2, '2025-04-21 09:35:05'),
(76, 74, 'Shree Marutinandan Logistics Pvt Ltd', '2024-07-01', 71, 71, 71, 1, '2024-07-01', '2026-06-30', '25471786.56', 3056614, 12, 28528401, 'https://dmsfinance-download.s3.ap-south-1.amazonaws.com/SBLTDocs/20250421093917/2/SMNLServiceOrder%2801.07.24to30.06.27%29.pdf', NULL, 1, '1745229422297', 2, '2025-04-21 09:57:42', 2, '2025-04-21 09:57:41'),
(77, 75, 'Turbo Energy Pvt Limited,', '2025-04-01', 9, 9, 9, 1, '2025-04-01', '2028-03-31', '89256625.92', 10710795, 12, 99967421, 'https://dmsfinance-download.s3.ap-south-1.amazonaws.com/SBLTDocs/20250421110507/2/TurboAgreement01-04-2025to31-03-2028.pdf', NULL, 1, '1745234086451', 2, '2025-04-21 11:15:26', 2, '2025-04-21 11:15:25'),
(78, 76, 'Injecto Plast Pvt Ltd', '2025-04-01', 17, 17, 17, 1, '2025-04-01', '2027-03-31', '7309080', 877090, 12, 8186170, 'https://dmsfinance-download.s3.ap-south-1.amazonaws.com/SBLTDocs/20250421111759/2/1.IPCAgreement01-04-2025to31-03-2027.pdf', NULL, 1, '1745234408528', 2, '2025-04-21 11:20:48', 2, '2025-04-21 11:20:47'),
(79, 77, 'Foxlink India Electric Private Limited', '2025-02-15', 29, 29, 29, 1, '2025-02-15', '2027-02-14', '80340024.00', 9640803, 12, 89980827, 'https://dmsfinance-download.s3.ap-south-1.amazonaws.com/SBLTDocs/20250421112608/2/1.FoxlinkAggrement15-02-2025to14-02-2027.pdf', NULL, 1, '1745235107730', 2, '2025-04-21 11:32:27', 2, '2025-04-21 11:32:27'),
(80, 78, 'Voltas Limited', '2025-01-21', 45, 45, 45, 1, '2025-01-21', '2027-01-20', '129066048', 15487926, 12, 144553974, 'https://dmsfinance-download.s3.ap-south-1.amazonaws.com/SBLTDocs/20250421113509/2/01.VoltasAgreement%2821.01.25to20.01.27%29.pdf', NULL, 1, '1745235617697', 2, '2025-04-21 11:40:57', 2, '2025-04-21 11:40:56'),
(81, 66, 'Voltas Limited', '2024-01-22', 45, 45, 45, 1, '2025-01-21', '2027-01-20', '67165116.00', 8059814, 12, 75224930, 'https://dmsfinance-download.s3.ap-south-1.amazonaws.com/SBLTDocs/20250617115251/2/01.VoltasAgreement%2821.01.25to20.01.27%29.pdf', NULL, 1, '1750161121386', 2, '2025-06-17 11:52:59', 2, '2025-06-17 11:52:59'),
(82, 55, 'Turbo Energy Pvt Limited,', '2021-07-01', 9, 9, 9, 1, '2025-04-01', '2028-03-31', '101547840', 12185741, 12, 113733581, 'https://dmsfinance-download.s3.ap-south-1.amazonaws.com/SBLTDocs/20250617115544/2/TurboAgreement01-04-2025to31-03-2028.pdf', NULL, 1, '1750161292937', 2, '2025-06-17 11:55:50', 2, '2025-06-17 11:55:50'),
(83, 40, 'Injecto Plast Pvt Ltd', '2024-04-01', 17, 17, 17, 1, '2025-04-01', '2027-03-31', '3536268', 424352, 12, 3960620, 'https://dmsfinance-download.s3.ap-south-1.amazonaws.com/SBLTDocs/20250617115751/2/1.IPCAgreement01-04-2025to31-03-2027.pdf', NULL, 1, '1750161418944', 2, '2025-06-17 11:57:56', 2, '2025-06-17 11:57:56'),
(84, 36, 'Foxlink India Electric Private Limited', '2024-02-15', 29, 29, 29, 1, '2025-02-15', '2027-02-14', '40509240.00', 4861109, 12, 45370349, 'https://dmsfinance-download.s3.ap-south-1.amazonaws.com/SBLTDocs/20250617120120/2/1.FoxlinkAggrement15-02-2025to14-02-2027.pdf', NULL, 1, '1750161627511', 2, '2025-06-17 12:01:25', 2, '2025-06-17 12:01:25'),
(85, 11, 'Ravel Electronics Private Limited', '2022-01-17', 51, 51, 51, 1, '2025-04-01', '2028-03-31', '7956000', 954720, 12, 8910720, 'https://dmsfinance-download.s3.ap-south-1.amazonaws.com/SBLTDocs/20250617120327/2/RavelAgreement01-04-2025to31-03-2028.pdf', NULL, 1, '1750161754454', 2, '2025-06-17 12:03:32', 2, '2025-06-17 12:03:32'),
(86, 79, 'Cetc Renewable Energy Technology (India) Private Limited	', '2025-05-21', 73, 73, 73, 1, '2025-05-21', '2028-05-20', '34960000.00', 4195200, 12, 39155200, 'https://dmsfinance-download.s3.amazonaws.com/SBLTDocs/20250722060120/2/CETCRevisedRate.pdf', NULL, 1, '1753164095312', 2, '2025-07-22 06:02:44', 2, '2025-07-22 06:02:44'),
(87, 47, 'United Telelinks Neolyncs Private Limited', '2023-06-01', 28, 28, 28, 2, '2024-05-01', '2026-04-30', '34703808', 4164457, 12, 38868265, 'https://dmsfinance-download.s3.ap-south-1.amazonaws.com/SBLTDocs/20250315101513/2/Neolyncs01-06-2023to31-05-2025.pdf', '2026-04-29 08:00:00', 0, '1763718892008', 2, '2025-11-21 09:56:46', 2, '2025-11-21 09:56:46'),
(88, 67, 'Greenpanel Industries Limited', '2024-09-01', 66, 66, 66, 1, '2025-08-01', '2026-07-31', '3720000.00', 446400, 12, 4166400, 'https://dmsfinance-download.s3.ap-south-1.amazonaws.com/SBLTDocs/20250317102505/2/SriBhagyalakshmiToursandTravelsMail-Re_Newclient.pdf', NULL, 1, '1763719925289', 2, '2025-11-21 10:13:59', 2, '2025-11-21 10:13:59'),
(89, 6, 'AJ Higher Secondary School', '2022-06-01', 64, 64, 64, 1, '2025-06-01', '2028-05-31', '6192000', 743040, 12, 6935040, 'https://dmsfinance-download.s3.ap-south-1.amazonaws.com/SBLTDocs/20250225122916/2/AJHighSchool.pdf', NULL, 1, '1763720327595', 2, '2025-11-21 10:20:41', 2, '2025-11-21 10:20:41'),
(90, 10, 'Kikuwa India Private Limited', '2023-04-01', 5, 5, 5, 1, '2025-04-01', '2027-03-31', '2592000', 311040, 12, 2903040, 'https://dmsfinance-download.s3.ap-south-1.amazonaws.com/SBLTDocs/20250310105820/2/1.KikuwaAgreement%2801.04.23to31.03.25%29.pdf', NULL, 1, '1763720394210', 2, '2025-11-21 10:21:48', 2, '2025-11-21 10:21:48'),
(91, 35, 'Ashok Leyland Limited - Foundry Division', '2022-04-01', 57, 57, 57, 2, '2022-04-01', '2025-08-31', '65871270.72', 7904552, 12, 73775823, 'https://dmsfinance-download.s3.ap-south-1.amazonaws.com/SBLTDocs/20251201172643/2/EmployeeBusTransportationinALFDEnnoreplant-ExtensionTillAug%2725_.pdf', '2025-12-02 08:00:01', 0, '1764590087121', 2, '2025-12-01 11:56:47', 2, '2025-12-01 11:56:47'),
(92, 30, 'Foxconn Hon Hai Technology India Mega Development Pvt Ltd', '2023-12-01', 22, 22, 22, 2, '2023-12-01', '2025-12-31', '465173304', 55820796, 12, 520994100, 'https://dmsfinance-download.s3.ap-south-1.amazonaws.com/SBLTDocs/20250315053320/2/3.HonhaiAgreement%2801.12.23to30.11.24%29.pdf', '2025-12-30 08:00:00', 0, '1764590391666', 2, '2025-12-01 12:01:51', 2, '2025-12-01 12:01:51'),
(93, 22, 'Bharat FIH Limited - TN Plant', '2024-07-08', 19, 19, 19, 2, '2024-06-01', '2025-11-30', '35430012', 4251601, 12, 39681613, 'https://dmsfinance-download.s3.ap-south-1.amazonaws.com/SBLTDocs/20250314122431/2/BharatFIH-TNAgreement%2801-06-2024to31-05-2025%29.pdf', '2025-12-02 08:00:01', 0, '1764590476409', 2, '2025-12-01 12:03:16', 2, '2025-12-01 12:03:16'),
(94, 20, 'Bharat FIH  Limited', '2024-07-11', 1, 1, 1, 2, '2024-06-01', '2025-11-30', '4226355.84', 507163, 12, 4733519, 'https://dmsfinance-download.s3.ap-south-1.amazonaws.com/SBLTDocs/20250314115358/2/1.BharatFIH-APAgreement%2801-06-2024to30-11-2024%29.pdf', '2025-12-02 08:00:00', 0, '1764590541712', 2, '2025-12-01 12:04:21', 2, '2025-12-01 12:04:21'),
(95, 21, 'Bharat FIH Limited - TN Plant (Site-II)', '2024-07-08', 27, 27, 27, 2, '2024-06-01', '2025-11-30', '17122176', 2054661, 12, 19176837, 'https://dmsfinance-download.s3.ap-south-1.amazonaws.com/SBLTDocs/20250314121003/2/1.BharatFIH-TNAgreement%2801-06-2024to31-05-2025%29.pdf', '2025-12-02 08:00:01', 0, '1764590590518', 2, '2025-12-01 12:05:10', 2, '2025-12-01 12:05:10'),
(96, 51, 'Pfizer Healthcare India Pvt Ltd', '2024-10-28', 37, 37, 37, 1, '2024-10-28', '2026-07-31', '11000000', 1980000, 18, 12980000, 'https://dmsfinance-download.s3.ap-south-1.amazonaws.com/SBLTDocs/20251217171719/2/PfizerAgreement%2828.10.24to31.07.26%29.pdf', NULL, 1, '1765971985796', 2, '2025-12-17 11:48:35', 2, '2025-12-17 11:48:35');

-- --------------------------------------------------------

--
-- Table structure for table `contract_incharge_user`
--

CREATE TABLE `contract_incharge_user` (
  `ContractInchargeUserId` int NOT NULL,
  `UserId` int DEFAULT NULL,
  `ContractId` int DEFAULT NULL,
  `ContractLogId` int DEFAULT NULL,
  `Active` tinyint(1) DEFAULT '1',
  `RecordId` varchar(20) DEFAULT NULL,
  `CreatedBy` int DEFAULT '0',
  `CreatedAt` timestamp NULL DEFAULT CURRENT_TIMESTAMP,
  `UpdatedBy` int DEFAULT '0',
  `UpdatedAt` timestamp NULL DEFAULT CURRENT_TIMESTAMP
) ENGINE=InnoDB DEFAULT CHARSET=utf8mb4 COLLATE=utf8mb4_0900_ai_ci;

--
-- Dumping data for table `contract_incharge_user`
--

INSERT INTO `contract_incharge_user` (`ContractInchargeUserId`, `UserId`, `ContractId`, `ContractLogId`, `Active`, `RecordId`, `CreatedBy`, `CreatedAt`, `UpdatedBy`, `UpdatedAt`) VALUES
(1, 1, 1, 1, 1, '1740045664797', 1, '2025-02-20 10:01:04', 1, '2025-02-20 10:01:04'),
(11, 2, 7, 7, 1, '1740488040740', 2, '2025-02-25 12:54:00', 2, '2025-02-25 12:54:00'),
(12, 2, 6, 6, 1, '1740488243381', 2, '2025-02-25 12:57:23', 2, '2025-02-25 12:57:23'),
(14, 2, 5, 5, 1, '1740488408598', 2, '2025-02-25 13:00:08', 2, '2025-02-25 13:00:08'),
(15, 2, 2, 2, 1, '1740488956731', 2, '2025-02-25 13:09:16', 2, '2025-02-25 13:09:16'),
(16, 2, 3, 3, 1, '1740489030390', 2, '2025-02-25 13:10:30', 2, '2025-02-25 13:10:30'),
(17, 2, 4, 4, 1, '1740489153106', 2, '2025-02-25 13:12:33', 2, '2025-02-25 13:12:33'),
(18, 2, 8, 8, 1, '1741602458517', 2, '2025-03-10 10:27:38', 2, '2025-03-10 10:27:38'),
(19, 2, 9, 9, 1, '1741603011246', 2, '2025-03-10 10:36:51', 2, '2025-03-10 10:36:51'),
(20, 2, 10, 10, 1, '1741604339493', 2, '2025-03-10 10:58:59', 2, '2025-03-10 10:58:59'),
(21, 2, 11, 11, 1, '1741605588047', 2, '2025-03-10 11:19:48', 2, '2025-03-10 11:19:48'),
(22, 2, 12, 12, 1, '1741606233243', 2, '2025-03-10 11:30:33', 2, '2025-03-10 11:30:33'),
(24, 2, 14, 14, 1, '1741609060662', 2, '2025-03-10 12:17:40', 2, '2025-03-10 12:17:40'),
(25, 2, 15, 15, 1, '1741610355469', 2, '2025-03-10 12:39:15', 2, '2025-03-10 12:39:15'),
(26, 2, 16, 16, 1, '1741610866611', 2, '2025-03-10 12:47:46', 2, '2025-03-10 12:47:46'),
(28, 2, 18, 19, 1, '1741951159589', 2, '2025-03-14 11:19:19', 2, '2025-03-14 11:19:19'),
(29, 2, 19, 20, 1, '1741951973538', 2, '2025-03-14 11:32:53', 2, '2025-03-14 11:32:53'),
(30, 2, 20, 21, 1, '1741953373075', 2, '2025-03-14 11:56:13', 2, '2025-03-14 11:56:13'),
(31, 2, 21, 22, 1, '1741954292374', 2, '2025-03-14 12:11:32', 2, '2025-03-14 12:11:32'),
(32, 2, 22, 23, 1, '1741955166767', 2, '2025-03-14 12:26:06', 2, '2025-03-14 12:26:06'),
(34, 2, 17, 17, 1, '1741956963120', 2, '2025-03-14 12:56:03', 2, '2025-03-14 12:56:03'),
(35, 2, 5, 18, 1, '1741956986196', 2, '2025-03-14 12:56:26', 2, '2025-03-14 12:56:26'),
(37, 2, 25, 27, 1, '1742014302800', 2, '2025-03-15 04:51:42', 2, '2025-03-15 04:51:42'),
(38, 2, 26, 28, 1, '1742014624776', 2, '2025-03-15 04:57:04', 2, '2025-03-15 04:57:04'),
(39, 2, 27, 29, 1, '1742015004325', 2, '2025-03-15 05:03:24', 2, '2025-03-15 05:03:24'),
(40, 2, 28, 30, 1, '1742015572932', 2, '2025-03-15 05:12:52', 2, '2025-03-15 05:12:52'),
(41, 2, 29, 31, 1, '1742016371769', 2, '2025-03-15 05:26:11', 2, '2025-03-15 05:26:11'),
(42, 2, 30, 32, 1, '1742016851119', 2, '2025-03-15 05:34:11', 2, '2025-03-15 05:34:11'),
(43, 2, 11, 25, 1, '1742018014768', 2, '2025-03-15 05:53:34', 2, '2025-03-15 05:53:34'),
(48, 2, 35, 37, 1, '1742020694814', 2, '2025-03-15 06:38:14', 2, '2025-03-15 06:38:14'),
(49, 2, 36, 38, 1, '1742021119461', 2, '2025-03-15 06:45:19', 2, '2025-03-15 06:45:19'),
(53, 2, 40, 42, 1, '1742023714550', 2, '2025-03-15 07:28:34', 2, '2025-03-15 07:28:34'),
(60, 2, 45, 47, 1, '1742031661607', 2, '2025-03-15 09:41:01', 2, '2025-03-15 09:41:01'),
(63, 2, 48, 50, 1, '1742036369647', 2, '2025-03-15 10:59:29', 2, '2025-03-15 10:59:29'),
(70, 2, 55, 57, 1, '1742043949471', 2, '2025-03-15 13:05:49', 2, '2025-03-15 13:05:49'),
(79, 2, 62, 64, 1, '1742186387170', 2, '2025-03-17 04:39:47', 2, '2025-03-17 04:39:47'),
(80, 2, 63, 65, 1, '1742186573742', 2, '2025-03-17 04:42:53', 2, '2025-03-17 04:42:53'),
(82, 2, 65, 67, 1, '1742188683293', 2, '2025-03-17 05:18:03', 2, '2025-03-17 05:18:03'),
(83, 2, 66, 68, 1, '1742189192014', 2, '2025-03-17 05:26:32', 2, '2025-03-17 05:26:32'),
(93, 2, 69, 71, 1, '1743857398046', 2, '2025-04-05 12:49:58', 2, '2025-04-05 12:49:58'),
(95, 2, 67, 69, 1, '1744000701242', 2, '2025-04-07 04:38:21', 2, '2025-04-07 04:38:21'),
(96, 2, 70, 72, 1, '1744000885644', 2, '2025-04-07 04:41:25', 2, '2025-04-07 04:41:25'),
(97, 2, 71, 73, 1, '1744000942913', 2, '2025-04-07 04:42:22', 2, '2025-04-07 04:42:22'),
(100, 2, 64, 66, 1, '1744005432298', 2, '2025-04-07 05:57:12', 2, '2025-04-07 05:57:12'),
(101, 2, 61, 63, 1, '1744005827395', 2, '2025-04-07 06:03:47', 2, '2025-04-07 06:03:47'),
(103, 2, 60, 62, 1, '1744006435054', 2, '2025-04-07 06:13:55', 2, '2025-04-07 06:13:55'),
(105, 2, 58, 60, 1, '1744007748372', 2, '2025-04-07 06:35:48', 2, '2025-04-07 06:35:48'),
(106, 2, 57, 59, 1, '1744008798902', 2, '2025-04-07 06:53:18', 2, '2025-04-07 06:53:18'),
(107, 2, 56, 58, 1, '1744009439748', 2, '2025-04-07 07:03:59', 2, '2025-04-07 07:03:59'),
(108, 2, 54, 56, 1, '1744010033166', 2, '2025-04-07 07:13:53', 2, '2025-04-07 07:13:53'),
(109, 2, 53, 55, 1, '1744014534752', 2, '2025-04-07 08:28:54', 2, '2025-04-07 08:28:54'),
(110, 2, 52, 54, 1, '1744014998157', 2, '2025-04-07 08:36:38', 2, '2025-04-07 08:36:38'),
(111, 2, 51, 53, 1, '1744015621839', 2, '2025-04-07 08:47:01', 2, '2025-04-07 08:47:01'),
(112, 2, 50, 52, 1, '1744015772021', 2, '2025-04-07 08:49:32', 2, '2025-04-07 08:49:32'),
(113, 2, 49, 51, 1, '1744015930371', 2, '2025-04-07 08:52:10', 2, '2025-04-07 08:52:10'),
(114, 2, 47, 49, 1, '1744016484093', 2, '2025-04-07 09:01:24', 2, '2025-04-07 09:01:24'),
(115, 2, 46, 48, 1, '1744017725962', 2, '2025-04-07 09:22:05', 2, '2025-04-07 09:22:05'),
(116, 2, 44, 46, 1, '1744018297664', 2, '2025-04-07 09:31:37', 2, '2025-04-07 09:31:37'),
(117, 2, 43, 45, 1, '1744018773070', 2, '2025-04-07 09:39:33', 2, '2025-04-07 09:39:33'),
(118, 2, 42, 44, 1, '1744019574952', 2, '2025-04-07 09:52:54', 2, '2025-04-07 09:52:54'),
(119, 2, 41, 43, 1, '1744020849121', 2, '2025-04-07 10:14:09', 2, '2025-04-07 10:14:09'),
(120, 2, 39, 41, 1, '1744021407801', 2, '2025-04-07 10:23:27', 2, '2025-04-07 10:23:27'),
(121, 2, 68, 70, 1, '1744021465861', 2, '2025-04-07 10:24:25', 2, '2025-04-07 10:24:25'),
(122, 2, 38, 40, 1, '1744021678962', 2, '2025-04-07 10:27:58', 2, '2025-04-07 10:27:58'),
(123, 2, 37, 39, 1, '1744023004217', 2, '2025-04-07 10:50:04', 2, '2025-04-07 10:50:04'),
(125, 2, 34, 36, 1, '1744024975196', 2, '2025-04-07 11:22:55', 2, '2025-04-07 11:22:55'),
(128, 2, 32, 34, 1, '1744027095296', 2, '2025-04-07 11:58:15', 2, '2025-04-07 11:58:15'),
(130, 2, 24, 26, 1, '1745217493805', 2, '2025-04-21 06:38:13', 2, '2025-04-21 06:38:13'),
(131, 2, 13, 13, 1, '1745219297547', 2, '2025-04-21 07:08:17', 2, '2025-04-21 07:08:17'),
(132, 2, 72, 74, 1, '1745225316448', 2, '2025-04-21 08:48:36', 2, '2025-04-21 08:48:36'),
(133, 2, 73, 75, 1, '1745228105201', 2, '2025-04-21 09:35:05', 2, '2025-04-21 09:35:05'),
(134, 2, 74, 76, 1, '1745229461632', 2, '2025-04-21 09:57:41', 2, '2025-04-21 09:57:41'),
(135, 2, 75, 77, 1, '1745234125830', 2, '2025-04-21 11:15:25', 2, '2025-04-21 11:15:25'),
(136, 2, 76, 78, 1, '1745234447842', 2, '2025-04-21 11:20:47', 2, '2025-04-21 11:20:47'),
(137, 2, 77, 79, 1, '1745235147168', 2, '2025-04-21 11:32:27', 2, '2025-04-21 11:32:27'),
(138, 2, 78, 80, 1, '1745235657130', 2, '2025-04-21 11:40:57', 2, '2025-04-21 11:40:57'),
(139, 2, 31, 33, 1, '1745237741247', 2, '2025-04-21 12:15:41', 2, '2025-04-21 12:15:41'),
(140, 2, 23, 24, 1, '1745922302344', 2, '2025-04-29 10:25:02', 2, '2025-04-29 10:25:02'),
(141, 2, 79, 86, 1, '1753164164048', 2, '2025-07-22 06:02:44', 2, '2025-07-22 06:02:44'),
(143, 2, 59, 61, 1, '1764589660267', 2, '2025-12-01 11:47:40', 2, '2025-12-01 11:47:40'),
(144, 2, 33, 35, 1, '1765971660368', 2, '2025-12-17 11:41:00', 2, '2025-12-17 11:41:00');

-- --------------------------------------------------------

--
-- Table structure for table `contract_status`
--

CREATE TABLE `contract_status` (
  `ContractStatusId` int NOT NULL,
  `ContractStatusName` varchar(90) DEFAULT NULL,
  `Active` tinyint(1) DEFAULT '1',
  `RecordId` varchar(20) DEFAULT NULL,
  `CreatedBy` int DEFAULT '0',
  `CreatedAt` timestamp NULL DEFAULT CURRENT_TIMESTAMP,
  `UpdatedBy` int DEFAULT '0',
  `UpdatedAt` timestamp NULL DEFAULT CURRENT_TIMESTAMP
) ENGINE=InnoDB DEFAULT CHARSET=utf8mb4 COLLATE=utf8mb4_0900_ai_ci;

--
-- Dumping data for table `contract_status`
--

INSERT INTO `contract_status` (`ContractStatusId`, `ContractStatusName`, `Active`, `RecordId`, `CreatedBy`, `CreatedAt`, `UpdatedBy`, `UpdatedAt`) VALUES
(1, 'Active', 1, '1739776188898', 1, '2025-02-17 07:09:48', 1, '2025-02-17 07:09:48'),
(2, 'Expired', 1, '1739776202733', 1, '2025-02-17 07:10:02', 1, '2025-02-17 07:10:02'),
(3, 'Cancelled', 1, '1739776209871', 1, '2025-02-17 07:10:09', 1, '2025-02-17 07:10:09');

-- --------------------------------------------------------

--
-- Table structure for table `contract_vehicle`
--

CREATE TABLE `contract_vehicle` (
  `ContractVehicleId` int NOT NULL,
  `ContractId` int DEFAULT NULL,
  `ContractLogId` int DEFAULT NULL,
  `CustomerId` int DEFAULT '0',
  `ContactId` int DEFAULT '0',
  `VehicleModelId` int DEFAULT '0',
  `VehicleId` int DEFAULT NULL,
  `Active` tinyint(1) DEFAULT '1',
  `RecordId` varchar(200) DEFAULT NULL,
  `CreatedBy` int DEFAULT '0',
  `CreatedAt` timestamp NULL DEFAULT CURRENT_TIMESTAMP,
  `UpdatedBy` int DEFAULT '0',
  `UpdatedAt` timestamp NULL DEFAULT CURRENT_TIMESTAMP
) ENGINE=InnoDB DEFAULT CHARSET=utf8mb4 COLLATE=utf8mb4_0900_ai_ci;

--
-- Dumping data for table `contract_vehicle`
--

INSERT INTO `contract_vehicle` (`ContractVehicleId`, `ContractId`, `ContractLogId`, `CustomerId`, `ContactId`, `VehicleModelId`, `VehicleId`, `Active`, `RecordId`, `CreatedBy`, `CreatedAt`, `UpdatedBy`, `UpdatedAt`) VALUES
(1, 1, 1, 65, 65, 1, 34, 1, '1740045664785', 1, '2025-02-20 10:01:04', 1, '2025-02-20 10:01:04'),
(10, 7, 7, 52, 52, 1, 428, 1, '1740488040723', 2, '2025-02-25 12:54:00', 2, '2025-02-25 12:54:00'),
(11, 7, 7, 52, 52, 6, 512, 1, '1740488040723', 2, '2025-02-25 12:54:00', 2, '2025-02-25 12:54:00'),
(12, 6, 6, 64, 64, 6, 55, 0, '1740488243361', 2, '2025-02-25 12:57:23', 2, '2025-02-25 12:57:23'),
(13, 6, 6, 64, 64, 6, 57, 0, '1740488243361', 2, '2025-02-25 12:57:23', 2, '2025-02-25 12:57:23'),
(14, 2, 2, 58, 58, 16, 753, 0, '1740488956713', 2, '2025-02-25 13:09:16', 2, '2025-02-25 13:09:16'),
(15, 2, 2, 58, 58, 9, 754, 0, '1740488956713', 2, '2025-02-25 13:09:16', 2, '2025-02-25 13:09:16'),
(16, 3, 3, 3, 3, 27, 239, 0, '1740489030375', 2, '2025-02-25 13:10:30', 2, '2025-02-25 13:10:30'),
(17, 4, 4, 15, 15, 24, 159, 1, '1740489153090', 2, '2025-02-25 13:12:33', 2, '2025-02-25 13:12:33'),
(18, 8, 8, 6, 6, 1, 302, 1, '1741602458505', 2, '2025-03-10 10:27:38', 2, '2025-03-10 10:27:38'),
(19, 9, 9, 14, 14, 6, 7, 1, '1741603011213', 2, '2025-03-10 10:36:51', 2, '2025-03-10 10:36:51'),
(20, 9, 9, 14, 14, 1, 190, 1, '1741603011225', 2, '2025-03-10 10:36:51', 2, '2025-03-10 10:36:51'),
(21, 9, 9, 14, 14, 16, 545, 1, '1741603011236', 2, '2025-03-10 10:36:51', 2, '2025-03-10 10:36:51'),
(22, 10, 10, 5, 5, 6, 568, 0, '1741604339482', 2, '2025-03-10 10:58:59', 2, '2025-03-10 10:58:59'),
(23, 11, 11, 51, 51, 1, 2, 0, '1741605588024', 2, '2025-03-10 11:19:48', 2, '2025-03-10 11:19:48'),
(24, 11, 11, 51, 51, 10, 501, 0, '1741605588037', 2, '2025-03-10 11:19:48', 2, '2025-03-10 11:19:48'),
(25, 12, 12, 41, 41, 24, 148, 1, '1741606233220', 2, '2025-03-10 11:30:33', 2, '2025-03-10 11:30:33'),
(26, 12, 12, 41, 41, 6, 654, 1, '1741606233232', 2, '2025-03-10 11:30:33', 2, '2025-03-10 11:30:33'),
(27, 13, 13, 42, 42, 1, 303, 1, '1741606658732', 2, '2025-03-10 11:37:38', 2, '2025-03-10 11:37:38'),
(28, 13, 13, 42, 42, 16, 418, 1, '1741606658744', 2, '2025-03-10 11:37:38', 2, '2025-03-10 11:37:38'),
(29, 13, 13, 42, 42, 6, 506, 1, '1741606658755', 2, '2025-03-10 11:37:38', 2, '2025-03-10 11:37:38'),
(30, 14, 14, 38, 38, 16, 541, 0, '1741609060651', 2, '2025-03-10 12:17:40', 2, '2025-03-10 12:17:40'),
(31, 15, 15, 34, 34, 1, 399, 1, '1741610355446', 2, '2025-03-10 12:39:15', 2, '2025-03-10 12:39:15'),
(32, 15, 15, 34, 34, 1, 453, 1, '1741610355457', 2, '2025-03-10 12:39:15', 2, '2025-03-10 12:39:15'),
(33, 16, 16, 25, 25, 20, 665, 1, '1741610866599', 2, '2025-03-10 12:47:46', 2, '2025-03-10 12:47:46'),
(34, 17, 17, 51, 51, 10, 501, 0, '1741950205605', 2, '2025-03-14 11:03:25', 2, '2025-03-14 13:01:23'),
(35, 17, 17, 51, 51, 1, 2, 0, '1741950205618', 2, '2025-03-14 11:03:25', 2, '2025-03-14 13:01:23'),
(36, 18, 19, 4, 4, 26, 655, 0, '1741951159577', 2, '2025-03-14 11:19:19', 2, '2025-03-14 11:19:19'),
(37, 19, 20, 31, 31, 6, 412, 1, '1741951973527', 2, '2025-03-14 11:32:53', 2, '2025-03-14 11:32:53'),
(38, 20, 21, 1, 1, 24, 150, 0, '1741953373056', 2, '2025-03-14 11:56:13', 2, '2025-03-14 11:56:13'),
(39, 21, 22, 27, 27, 1, 180, 0, '1741954292362', 2, '2025-03-14 12:11:32', 2, '2025-03-14 12:11:32'),
(40, 22, 23, 19, 19, 1, 204, 0, '1741955166747', 2, '2025-03-14 12:26:06', 2, '2025-03-14 12:26:06'),
(41, 23, 24, 7, 7, 1, 321, 0, '1741956908440', 2, '2025-03-14 12:55:08', 2, '2025-03-14 12:55:08'),
(42, 11, 25, 51, 51, 1, 2, 0, '1741957165759', 2, '2025-03-14 12:59:25', 2, '2025-03-14 12:59:25'),
(43, 11, 25, 51, 51, 10, 501, 0, '1741957165770', 2, '2025-03-14 12:59:25', 2, '2025-03-14 12:59:25'),
(44, 24, 26, 54, 54, 6, 773, 0, '1741957644134', 2, '2025-03-14 13:07:24', 2, '2025-03-14 13:07:24'),
(45, 25, 27, 63, 63, 6, 639, 0, '1742014302730', 2, '2025-03-15 04:51:42', 2, '2025-03-15 04:51:42'),
(46, 26, 28, 24, 24, 27, 16, 0, '1742014624765', 2, '2025-03-15 04:57:04', 2, '2025-03-15 04:57:04'),
(47, 27, 29, 50, 50, 16, 258, 1, '1742015004221', 2, '2025-03-15 05:03:24', 2, '2025-03-15 05:03:24'),
(48, 27, 29, 50, 50, 24, 788, 1, '1742015004232', 2, '2025-03-15 05:03:24', 2, '2025-03-15 05:03:24'),
(49, 28, 30, 56, 56, 24, 776, 1, '1742015572921', 2, '2025-03-15 05:12:52', 2, '2025-03-15 05:12:52'),
(50, 29, 31, 8, 8, 1, 669, 0, '1742016371757', 2, '2025-03-15 05:26:11', 2, '2025-03-15 05:26:11'),
(51, 30, 32, 22, 22, 1, 699, 0, '1742016851108', 2, '2025-03-15 05:34:11', 2, '2025-03-15 05:34:11'),
(52, 31, 33, 35, 35, 1, 88, 1, '1742018813626', 2, '2025-03-15 06:06:53', 2, '2025-03-15 06:06:53'),
(53, 32, 34, 23, 23, 6, 513, 0, '1742019063314', 2, '2025-03-15 06:11:03', 2, '2025-03-15 06:11:03'),
(56, 35, 37, 57, 57, 1, 616, 0, '1742020694803', 2, '2025-03-15 06:38:14', 2, '2025-03-15 06:38:14'),
(57, 36, 38, 29, 29, 1, 333, 0, '1742021119431', 2, '2025-03-15 06:45:19', 2, '2025-03-15 06:45:19'),
(58, 37, 39, 44, 44, 1, 862, 1, '1742021755568', 2, '2025-03-15 06:55:55', 2, '2025-03-15 06:55:55'),
(59, 38, 40, 20, 20, 1, 530, 0, '1742022075175', 2, '2025-03-15 07:01:15', 2, '2025-03-15 07:01:15'),
(61, 40, 42, 17, 17, 13, 193, 0, '1742023714515', 2, '2025-03-15 07:28:34', 2, '2025-03-15 07:28:34'),
(62, 40, 42, 17, 17, 13, 18, 0, '1742023714527', 2, '2025-03-15 07:28:34', 2, '2025-03-15 07:28:34'),
(63, 40, 42, 17, 17, 13, 101, 0, '1742023714539', 2, '2025-03-15 07:28:34', 2, '2025-03-15 07:28:34'),
(65, 41, 43, 59, 59, 6, 54, 0, '1742027366993', 2, '2025-03-15 08:29:26', 2, '2025-03-15 08:29:26'),
(66, 42, 44, 2, 2, 1, 592, 1, '1742027785027', 2, '2025-03-15 08:36:25', 2, '2025-03-15 08:36:25'),
(67, 43, 45, 10, 10, 1, 612, 1, '1742028229028', 2, '2025-03-15 08:43:49', 2, '2025-03-15 08:43:49'),
(68, 44, 46, 48, 48, 24, 145, 1, '1742028742024', 2, '2025-03-15 08:52:22', 2, '2025-03-15 08:52:22'),
(70, 46, 48, 60, 60, 20, 715, 1, '1742032727235', 2, '2025-03-15 09:58:47', 2, '2025-03-15 09:58:47'),
(71, 47, 49, 28, 28, 1, 286, 0, '1742033904884', 2, '2025-03-15 10:18:24', 2, '2025-03-15 10:18:24'),
(72, 48, 50, 47, 47, 6, 509, 0, '1742036369636', 2, '2025-03-15 10:59:29', 2, '2025-03-15 10:59:29'),
(73, 49, 51, 61, 61, 13, 39, 1, '1742037531187', 2, '2025-03-15 11:18:51', 2, '2025-03-15 11:18:51'),
(74, 50, 52, 43, 43, 6, 816, 1, '1742037789375', 2, '2025-03-15 11:23:09', 2, '2025-03-15 11:23:09'),
(75, 50, 52, 43, 43, 6, 817, 1, '1742037789387', 2, '2025-03-15 11:23:09', 2, '2025-03-15 11:23:09'),
(76, 50, 52, 43, 43, 6, 818, 1, '1742037789399', 2, '2025-03-15 11:23:09', 2, '2025-03-15 11:23:09'),
(77, 50, 52, 43, 43, 6, 819, 1, '1742037789410', 2, '2025-03-15 11:23:09', 2, '2025-03-15 11:23:09'),
(78, 51, 53, 37, 37, 6, 630, 0, '1742038268933', 2, '2025-03-15 11:31:08', 2, '2025-03-15 11:31:08'),
(79, 52, 54, 16, 16, 6, 166, 1, '1742041812365', 2, '2025-03-15 12:30:12', 2, '2025-03-15 12:30:12'),
(80, 52, 54, 16, 16, 6, 167, 1, '1742041812376', 2, '2025-03-15 12:30:12', 2, '2025-03-15 12:30:12'),
(81, 52, 54, 16, 16, 6, 165, 1, '1742041812387', 2, '2025-03-15 12:30:12', 2, '2025-03-15 12:30:12'),
(82, 52, 54, 16, 16, 6, 385, 1, '1742041812399', 2, '2025-03-15 12:30:12', 2, '2025-03-15 12:30:12'),
(83, 52, 54, 16, 16, 6, 49, 1, '1742041812410', 2, '2025-03-15 12:30:12', 2, '2025-03-15 12:30:12'),
(84, 53, 55, 55, 55, 3, 848, 1, '1742043377614', 2, '2025-03-15 12:56:17', 2, '2025-03-15 12:56:17'),
(85, 54, 56, 55, 55, 24, 841, 0, '1742043585242', 2, '2025-03-15 12:59:45', 2, '2025-03-15 12:59:45'),
(86, 55, 57, 9, 9, 27, 237, 0, '1742043949459', 2, '2025-03-15 13:05:49', 2, '2025-03-15 13:05:49'),
(87, 56, 58, 11, 11, 1, 383, 1, '1742044151410', 2, '2025-03-15 13:09:11', 2, '2025-03-15 13:09:11'),
(88, 57, 59, 12, 12, 1, 206, 0, '1742185153770', 2, '2025-03-17 04:19:13', 2, '2025-03-17 04:19:13'),
(89, 58, 60, 13, 13, 1, 100, 1, '1742185290890', 2, '2025-03-17 04:21:30', 2, '2025-03-17 04:21:30'),
(90, 59, 61, 18, 18, 1, 357, 0, '1742185537344', 2, '2025-03-17 04:25:37', 2, '2025-03-17 04:25:37'),
(91, 60, 62, 30, 30, 1, 386, 0, '1742185794847', 2, '2025-03-17 04:29:54', 2, '2025-03-17 04:29:54'),
(92, 61, 63, 33, 33, 6, 367, 0, '1742186071902', 2, '2025-03-17 04:34:31', 2, '2025-03-17 04:34:31'),
(94, 63, 65, 53, 53, 1, 107, 0, '1742186573730', 2, '2025-03-17 04:42:53', 2, '2025-03-17 04:42:53'),
(96, 65, 67, 36, 36, 24, 646, 1, '1742188683281', 2, '2025-03-17 05:18:03', 2, '2025-03-17 05:18:03'),
(97, 66, 68, 45, 45, 20, 675, 0, '1742189191997', 2, '2025-03-17 05:26:31', 2, '2025-03-17 05:26:31'),
(98, 67, 69, 66, 66, 20, 247, 0, '1742207175519', 2, '2025-03-17 10:26:15', 2, '2025-03-17 10:26:15'),
(100, 69, 71, 70, 70, 1, 30, 0, '1742209393888', 2, '2025-03-17 11:03:13', 2, '2025-03-17 11:03:13'),
(116, 71, 73, 68, 68, 1, 79, 1, '1743856389754', 2, '2025-04-05 12:33:09', 2, '2025-04-05 12:33:09'),
(117, 71, 73, 68, 68, 1, 113, 1, '1743856389754', 2, '2025-04-05 12:33:09', 2, '2025-04-05 12:33:09'),
(118, 71, 73, 68, 68, 1, 115, 1, '1743856389754', 2, '2025-04-05 12:33:09', 2, '2025-04-05 12:33:09'),
(119, 71, 73, 68, 68, 1, 118, 1, '1743856389754', 2, '2025-04-05 12:33:09', 2, '2025-04-05 12:33:09'),
(120, 71, 73, 68, 68, 1, 119, 1, '1743856389754', 2, '2025-04-05 12:33:09', 2, '2025-04-05 12:33:09'),
(121, 71, 73, 68, 68, 1, 120, 1, '1743856389754', 2, '2025-04-05 12:33:09', 2, '2025-04-05 12:33:09'),
(122, 71, 73, 68, 68, 1, 121, 1, '1743856389754', 2, '2025-04-05 12:33:09', 2, '2025-04-05 12:33:09'),
(123, 71, 73, 68, 68, 1, 122, 1, '1743856389754', 2, '2025-04-05 12:33:09', 2, '2025-04-05 12:33:09'),
(124, 71, 73, 68, 68, 1, 123, 1, '1743856389754', 2, '2025-04-05 12:33:09', 2, '2025-04-05 12:33:09'),
(125, 71, 73, 68, 68, 1, 124, 1, '1743856389754', 2, '2025-04-05 12:33:09', 2, '2025-04-05 12:33:09'),
(126, 71, 73, 68, 68, 1, 125, 1, '1743856389754', 2, '2025-04-05 12:33:09', 2, '2025-04-05 12:33:09'),
(127, 71, 73, 68, 68, 1, 222, 1, '1743856389754', 2, '2025-04-05 12:33:09', 2, '2025-04-05 12:33:09'),
(128, 71, 73, 68, 68, 1, 223, 1, '1743856389754', 2, '2025-04-05 12:33:09', 2, '2025-04-05 12:33:09'),
(129, 70, 72, 67, 67, 1, 78, 1, '1743856683092', 2, '2025-04-05 12:38:03', 2, '2025-04-05 12:38:03'),
(130, 70, 72, 67, 67, 1, 80, 1, '1743856683092', 2, '2025-04-05 12:38:03', 2, '2025-04-05 12:38:03'),
(131, 70, 72, 67, 67, 1, 85, 1, '1743856683092', 2, '2025-04-05 12:38:03', 2, '2025-04-05 12:38:03'),
(132, 70, 72, 67, 67, 1, 112, 1, '1743856683092', 2, '2025-04-05 12:38:03', 2, '2025-04-05 12:38:03'),
(133, 70, 72, 67, 67, 1, 114, 1, '1743856683092', 2, '2025-04-05 12:38:03', 2, '2025-04-05 12:38:03'),
(134, 70, 72, 67, 67, 1, 117, 1, '1743856683092', 2, '2025-04-05 12:38:03', 2, '2025-04-05 12:38:03'),
(135, 70, 72, 67, 67, 1, 127, 1, '1743856683092', 2, '2025-04-05 12:38:03', 2, '2025-04-05 12:38:03'),
(136, 70, 72, 67, 67, 24, 135, 1, '1743856683092', 2, '2025-04-05 12:38:03', 2, '2025-04-05 12:38:03'),
(137, 70, 72, 67, 67, 1, 213, 1, '1743856683092', 2, '2025-04-05 12:38:03', 2, '2025-04-05 12:38:03'),
(138, 70, 72, 67, 67, 1, 227, 1, '1743856683092', 2, '2025-04-05 12:38:03', 2, '2025-04-05 12:38:03'),
(139, 70, 72, 67, 67, 1, 375, 1, '1743856683092', 2, '2025-04-05 12:38:03', 2, '2025-04-05 12:38:03'),
(140, 70, 72, 67, 67, 1, 401, 1, '1743856683092', 2, '2025-04-05 12:38:03', 2, '2025-04-05 12:38:03'),
(141, 70, 72, 67, 67, 1, 404, 1, '1743856683092', 2, '2025-04-05 12:38:03', 2, '2025-04-05 12:38:03'),
(142, 70, 72, 67, 67, 1, 457, 1, '1743856683092', 2, '2025-04-05 12:38:03', 2, '2025-04-05 12:38:03'),
(143, 70, 72, 67, 67, 1, 467, 1, '1743856683092', 2, '2025-04-05 12:38:03', 2, '2025-04-05 12:38:03'),
(144, 69, 71, 70, 70, 1, 31, 0, '1743857398029', 2, '2025-04-05 12:49:58', 2, '2025-04-05 12:49:58'),
(145, 69, 71, 70, 70, 6, 271, 0, '1743857398029', 2, '2025-04-05 12:49:58', 2, '2025-04-05 12:49:58'),
(146, 68, 70, 32, 32, 13, 41, 0, '1743857664656', 2, '2025-04-05 12:54:24', 2, '2025-04-05 12:54:24'),
(147, 68, 70, 32, 32, 13, 164, 0, '1743857664656', 2, '2025-04-05 12:54:24', 2, '2025-04-05 12:54:24'),
(148, 67, 69, 66, 66, 20, 245, 0, '1744000701225', 2, '2025-04-07 04:38:21', 2, '2025-04-07 04:38:21'),
(149, 70, 72, 67, 67, 24, 141, 1, '1744000885627', 2, '2025-04-07 04:41:25', 2, '2025-04-07 04:41:25'),
(150, 71, 73, 68, 68, 6, 110, 1, '1744000942896', 2, '2025-04-07 04:42:22', 2, '2025-04-07 04:42:22'),
(151, 64, 66, 62, 62, 1, 330, 1, '1744005063665', 2, '2025-04-07 05:51:03', 2, '2025-04-07 05:51:03'),
(152, 64, 66, 62, 62, 1, 344, 1, '1744005063665', 2, '2025-04-07 05:51:03', 2, '2025-04-07 05:51:03'),
(153, 64, 66, 62, 62, 1, 345, 1, '1744005063665', 2, '2025-04-07 05:51:03', 2, '2025-04-07 05:51:03'),
(154, 64, 66, 62, 62, 1, 573, 1, '1744005063665', 2, '2025-04-07 05:51:03', 2, '2025-04-07 05:51:03'),
(155, 64, 66, 62, 62, 1, 574, 1, '1744005063665', 2, '2025-04-07 05:51:03', 2, '2025-04-07 05:51:03'),
(156, 64, 66, 62, 62, 1, 575, 1, '1744005063665', 2, '2025-04-07 05:51:03', 2, '2025-04-07 05:51:03'),
(157, 64, 66, 62, 62, 1, 576, 1, '1744005063665', 2, '2025-04-07 05:51:03', 2, '2025-04-07 05:51:03'),
(158, 64, 66, 62, 62, 1, 577, 1, '1744005063665', 2, '2025-04-07 05:51:03', 2, '2025-04-07 05:51:03'),
(159, 64, 66, 62, 62, 1, 578, 1, '1744005063665', 2, '2025-04-07 05:51:03', 2, '2025-04-07 05:51:03'),
(160, 64, 66, 62, 62, 1, 579, 1, '1744005063665', 2, '2025-04-07 05:51:03', 2, '2025-04-07 05:51:03'),
(161, 64, 66, 62, 62, 1, 580, 1, '1744005063665', 2, '2025-04-07 05:51:03', 2, '2025-04-07 05:51:03'),
(162, 64, 66, 62, 62, 1, 581, 1, '1744005063665', 2, '2025-04-07 05:51:03', 2, '2025-04-07 05:51:03'),
(163, 64, 66, 62, 62, 1, 582, 1, '1744005063665', 2, '2025-04-07 05:51:03', 2, '2025-04-07 05:51:03'),
(164, 64, 66, 62, 62, 1, 583, 1, '1744005063665', 2, '2025-04-07 05:51:03', 2, '2025-04-07 05:51:03'),
(165, 64, 66, 62, 62, 1, 584, 1, '1744005063665', 2, '2025-04-07 05:51:03', 2, '2025-04-07 05:51:03'),
(166, 64, 66, 62, 62, 1, 585, 1, '1744005063665', 2, '2025-04-07 05:51:03', 2, '2025-04-07 05:51:03'),
(167, 64, 66, 62, 62, 1, 586, 1, '1744005063665', 2, '2025-04-07 05:51:03', 2, '2025-04-07 05:51:03'),
(168, 64, 66, 62, 62, 1, 587, 1, '1744005063665', 2, '2025-04-07 05:51:03', 2, '2025-04-07 05:51:03'),
(169, 64, 66, 62, 62, 1, 656, 1, '1744005063665', 2, '2025-04-07 05:51:03', 2, '2025-04-07 05:51:03'),
(170, 64, 66, 62, 62, 1, 658, 1, '1744005063665', 2, '2025-04-07 05:51:03', 2, '2025-04-07 05:51:03'),
(171, 64, 66, 62, 62, 1, 659, 1, '1744005063665', 2, '2025-04-07 05:51:03', 2, '2025-04-07 05:51:03'),
(172, 64, 66, 62, 62, 1, 660, 1, '1744005063665', 2, '2025-04-07 05:51:03', 2, '2025-04-07 05:51:03'),
(173, 64, 66, 62, 62, 1, 662, 1, '1744005063665', 2, '2025-04-07 05:51:03', 2, '2025-04-07 05:51:03'),
(174, 64, 66, 62, 62, 1, 663, 1, '1744005063665', 2, '2025-04-07 05:51:03', 2, '2025-04-07 05:51:03'),
(175, 64, 66, 62, 62, 1, 676, 1, '1744005063665', 2, '2025-04-07 05:51:03', 2, '2025-04-07 05:51:03'),
(176, 64, 66, 62, 62, 1, 677, 1, '1744005063665', 2, '2025-04-07 05:51:03', 2, '2025-04-07 05:51:03'),
(177, 64, 66, 62, 62, 1, 678, 1, '1744005063665', 2, '2025-04-07 05:51:03', 2, '2025-04-07 05:51:03'),
(178, 64, 66, 62, 62, 1, 679, 1, '1744005063665', 2, '2025-04-07 05:51:03', 2, '2025-04-07 05:51:03'),
(179, 64, 66, 62, 62, 1, 680, 1, '1744005063665', 2, '2025-04-07 05:51:03', 2, '2025-04-07 05:51:03'),
(180, 64, 66, 62, 62, 1, 681, 1, '1744005063665', 2, '2025-04-07 05:51:03', 2, '2025-04-07 05:51:03'),
(181, 64, 66, 62, 62, 1, 683, 1, '1744005063665', 2, '2025-04-07 05:51:03', 2, '2025-04-07 05:51:03'),
(182, 64, 66, 62, 62, 1, 684, 1, '1744005063665', 2, '2025-04-07 05:51:03', 2, '2025-04-07 05:51:03'),
(183, 64, 66, 62, 62, 1, 685, 1, '1744005063665', 2, '2025-04-07 05:51:03', 2, '2025-04-07 05:51:03'),
(184, 64, 66, 62, 62, 20, 17, 1, '1744005147487', 2, '2025-04-07 05:52:27', 2, '2025-04-07 05:52:27'),
(185, 64, 66, 62, 62, 20, 664, 1, '1744005147487', 2, '2025-04-07 05:52:27', 2, '2025-04-07 05:52:27'),
(186, 64, 66, 62, 62, 1, 657, 1, '1744005432282', 2, '2025-04-07 05:57:12', 2, '2025-04-07 05:57:12'),
(187, 61, 63, 33, 33, 1, 597, 0, '1744005827378', 2, '2025-04-07 06:03:47', 2, '2025-04-07 06:03:47'),
(188, 60, 62, 30, 30, 16, 628, 0, '1744006219290', 2, '2025-04-07 06:10:19', 2, '2025-04-07 06:10:19'),
(189, 60, 62, 30, 30, 16, 629, 0, '1744006219290', 2, '2025-04-07 06:10:19', 2, '2025-04-07 06:10:19'),
(190, 60, 62, 30, 30, 16, 633, 0, '1744006219290', 2, '2025-04-07 06:10:19', 2, '2025-04-07 06:10:19'),
(191, 60, 62, 30, 30, 16, 634, 0, '1744006219290', 2, '2025-04-07 06:10:19', 2, '2025-04-07 06:10:19'),
(192, 60, 62, 30, 30, 16, 635, 0, '1744006219290', 2, '2025-04-07 06:10:19', 2, '2025-04-07 06:10:19'),
(193, 60, 62, 30, 30, 16, 636, 0, '1744006219290', 2, '2025-04-07 06:10:19', 2, '2025-04-07 06:10:19'),
(194, 60, 62, 30, 30, 24, 642, 0, '1744006219290', 2, '2025-04-07 06:10:19', 2, '2025-04-07 06:10:19'),
(195, 60, 62, 30, 30, 24, 644, 0, '1744006219290', 2, '2025-04-07 06:10:19', 2, '2025-04-07 06:10:19'),
(196, 60, 62, 30, 30, 16, 801, 0, '1744006219290', 2, '2025-04-07 06:10:19', 2, '2025-04-07 06:10:19'),
(197, 60, 62, 30, 30, 16, 802, 0, '1744006219290', 2, '2025-04-07 06:10:19', 2, '2025-04-07 06:10:19'),
(198, 60, 62, 30, 30, 16, 803, 0, '1744006219290', 2, '2025-04-07 06:10:19', 2, '2025-04-07 06:10:19'),
(199, 60, 62, 30, 30, 16, 804, 0, '1744006219290', 2, '2025-04-07 06:10:19', 2, '2025-04-07 06:10:19'),
(200, 59, 61, 18, 18, 1, 14, 0, '1744007033714', 2, '2025-04-07 06:23:53', 2, '2025-04-07 06:23:53'),
(201, 59, 61, 18, 18, 1, 15, 0, '1744007033714', 2, '2025-04-07 06:23:53', 2, '2025-04-07 06:23:53'),
(202, 59, 61, 18, 18, 1, 25, 0, '1744007033714', 2, '2025-04-07 06:23:53', 2, '2025-04-07 06:23:53'),
(203, 59, 61, 18, 18, 1, 27, 0, '1744007033714', 2, '2025-04-07 06:23:53', 2, '2025-04-07 06:23:53'),
(204, 59, 61, 18, 18, 1, 28, 0, '1744007033714', 2, '2025-04-07 06:23:53', 2, '2025-04-07 06:23:53'),
(205, 59, 61, 18, 18, 6, 44, 0, '1744007033714', 2, '2025-04-07 06:23:53', 2, '2025-04-07 06:23:53'),
(206, 59, 61, 18, 18, 6, 46, 0, '1744007033714', 2, '2025-04-07 06:23:53', 2, '2025-04-07 06:23:53'),
(207, 59, 61, 18, 18, 6, 47, 0, '1744007033714', 2, '2025-04-07 06:23:53', 2, '2025-04-07 06:23:53'),
(208, 59, 61, 18, 18, 6, 196, 0, '1744007033714', 2, '2025-04-07 06:23:53', 2, '2025-04-07 06:23:53'),
(209, 59, 61, 18, 18, 1, 355, 0, '1744007033714', 2, '2025-04-07 06:23:53', 2, '2025-04-07 06:23:53'),
(210, 59, 61, 18, 18, 1, 356, 0, '1744007033714', 2, '2025-04-07 06:23:53', 2, '2025-04-07 06:23:53'),
(211, 59, 61, 18, 18, 1, 359, 0, '1744007033714', 2, '2025-04-07 06:23:53', 2, '2025-04-07 06:23:53'),
(212, 59, 61, 18, 18, 1, 360, 0, '1744007033714', 2, '2025-04-07 06:23:53', 2, '2025-04-07 06:23:53'),
(213, 58, 60, 13, 13, 5, 12, 1, '1744007748349', 2, '2025-04-07 06:35:48', 2, '2025-04-07 06:35:48'),
(214, 58, 60, 13, 13, 6, 104, 1, '1744007748349', 2, '2025-04-07 06:35:48', 2, '2025-04-07 06:35:48'),
(215, 58, 60, 13, 13, 6, 169, 1, '1744007748349', 2, '2025-04-07 06:35:48', 2, '2025-04-07 06:35:48'),
(216, 58, 60, 13, 13, 1, 170, 1, '1744007748349', 2, '2025-04-07 06:35:48', 2, '2025-04-07 06:35:48'),
(217, 58, 60, 13, 13, 1, 171, 1, '1744007748349', 2, '2025-04-07 06:35:48', 2, '2025-04-07 06:35:48'),
(218, 58, 60, 13, 13, 6, 189, 1, '1744007748349', 2, '2025-04-07 06:35:48', 2, '2025-04-07 06:35:48'),
(219, 58, 60, 13, 13, 1, 379, 1, '1744007748349', 2, '2025-04-07 06:35:48', 2, '2025-04-07 06:35:48'),
(220, 57, 59, 12, 12, 1, 24, 0, '1744008798885', 2, '2025-04-07 06:53:18', 2, '2025-04-07 06:53:18'),
(221, 57, 59, 12, 12, 1, 32, 0, '1744008798885', 2, '2025-04-07 06:53:18', 2, '2025-04-07 06:53:18'),
(222, 57, 59, 12, 12, 1, 99, 0, '1744008798885', 2, '2025-04-07 06:53:18', 2, '2025-04-07 06:53:18'),
(223, 56, 58, 11, 11, 1, 4, 1, '1744009439731', 2, '2025-04-07 07:03:59', 2, '2025-04-07 07:03:59'),
(224, 56, 58, 11, 11, 6, 60, 1, '1744009439731', 2, '2025-04-07 07:03:59', 2, '2025-04-07 07:03:59'),
(225, 56, 58, 11, 11, 1, 71, 1, '1744009439731', 2, '2025-04-07 07:03:59', 2, '2025-04-07 07:03:59'),
(226, 56, 58, 11, 11, 16, 371, 1, '1744009439731', 2, '2025-04-07 07:03:59', 2, '2025-04-07 07:03:59'),
(227, 56, 58, 11, 11, 1, 372, 1, '1744009439731', 2, '2025-04-07 07:03:59', 2, '2025-04-07 07:03:59'),
(228, 56, 58, 11, 11, 1, 373, 1, '1744009439731', 2, '2025-04-07 07:03:59', 2, '2025-04-07 07:03:59'),
(229, 56, 58, 11, 11, 1, 380, 1, '1744009439731', 2, '2025-04-07 07:03:59', 2, '2025-04-07 07:03:59'),
(230, 56, 58, 11, 11, 1, 381, 1, '1744009439731', 2, '2025-04-07 07:03:59', 2, '2025-04-07 07:03:59'),
(231, 56, 58, 11, 11, 1, 382, 1, '1744009439731', 2, '2025-04-07 07:03:59', 2, '2025-04-07 07:03:59'),
(232, 56, 58, 11, 11, 1, 523, 1, '1744009439731', 2, '2025-04-07 07:03:59', 2, '2025-04-07 07:03:59'),
(233, 56, 58, 11, 11, 1, 703, 1, '1744009439731', 2, '2025-04-07 07:03:59', 2, '2025-04-07 07:03:59'),
(234, 54, 56, 55, 55, 24, 793, 0, '1744010033147', 2, '2025-04-07 07:13:53', 2, '2025-04-07 07:13:53'),
(235, 54, 56, 55, 55, 24, 839, 0, '1744010033147', 2, '2025-04-07 07:13:53', 2, '2025-04-07 07:13:53'),
(236, 54, 56, 55, 55, 24, 840, 0, '1744010033147', 2, '2025-04-07 07:13:53', 2, '2025-04-07 07:13:53'),
(237, 54, 56, 55, 55, 24, 842, 0, '1744010033147', 2, '2025-04-07 07:13:53', 2, '2025-04-07 07:13:53'),
(238, 54, 56, 55, 55, 24, 860, 0, '1744010033147', 2, '2025-04-07 07:13:53', 2, '2025-04-07 07:13:53'),
(239, 54, 56, 55, 55, 24, 861, 0, '1744010033147', 2, '2025-04-07 07:13:53', 2, '2025-04-07 07:13:53'),
(240, 53, 55, 55, 55, 24, 143, 1, '1744014534735', 2, '2025-04-07 08:28:54', 2, '2025-04-07 08:28:54'),
(241, 53, 55, 55, 55, 3, 844, 1, '1744014534735', 2, '2025-04-07 08:28:54', 2, '2025-04-07 08:28:54'),
(242, 53, 55, 55, 55, 3, 845, 1, '1744014534735', 2, '2025-04-07 08:28:54', 2, '2025-04-07 08:28:54'),
(243, 53, 55, 55, 55, 3, 846, 1, '1744014534735', 2, '2025-04-07 08:28:54', 2, '2025-04-07 08:28:54'),
(244, 53, 55, 55, 55, 3, 847, 1, '1744014534735', 2, '2025-04-07 08:28:54', 2, '2025-04-07 08:28:54'),
(245, 53, 55, 55, 55, 3, 849, 1, '1744014534735', 2, '2025-04-07 08:28:54', 2, '2025-04-07 08:28:54'),
(246, 53, 55, 55, 55, 3, 850, 1, '1744014534735', 2, '2025-04-07 08:28:54', 2, '2025-04-07 08:28:54'),
(247, 53, 55, 55, 55, 3, 851, 1, '1744014534735', 2, '2025-04-07 08:28:54', 2, '2025-04-07 08:28:54'),
(248, 53, 55, 55, 55, 24, 853, 1, '1744014534735', 2, '2025-04-07 08:28:54', 2, '2025-04-07 08:28:54'),
(249, 53, 55, 55, 55, 24, 855, 1, '1744014534735', 2, '2025-04-07 08:28:54', 2, '2025-04-07 08:28:54'),
(250, 47, 49, 28, 28, 6, 265, 0, '1744016484075', 2, '2025-04-07 09:01:24', 2, '2025-04-07 09:01:24'),
(251, 47, 49, 28, 28, 6, 267, 0, '1744016484075', 2, '2025-04-07 09:01:24', 2, '2025-04-07 09:01:24'),
(252, 47, 49, 28, 28, 6, 268, 0, '1744016484075', 2, '2025-04-07 09:01:24', 2, '2025-04-07 09:01:24'),
(253, 47, 49, 28, 28, 1, 284, 0, '1744016484075', 2, '2025-04-07 09:01:24', 2, '2025-04-07 09:01:24'),
(254, 47, 49, 28, 28, 1, 290, 0, '1744016484075', 2, '2025-04-07 09:01:24', 2, '2025-04-07 09:01:24'),
(255, 47, 49, 28, 28, 1, 292, 0, '1744016484075', 2, '2025-04-07 09:01:24', 2, '2025-04-07 09:01:24'),
(256, 47, 49, 28, 28, 1, 320, 0, '1744016484075', 2, '2025-04-07 09:01:24', 2, '2025-04-07 09:01:24'),
(257, 47, 49, 28, 28, 1, 340, 0, '1744016484075', 2, '2025-04-07 09:01:24', 2, '2025-04-07 09:01:24'),
(258, 47, 49, 28, 28, 1, 650, 0, '1744016484075', 2, '2025-04-07 09:01:24', 2, '2025-04-07 09:01:24'),
(259, 47, 49, 28, 28, 1, 652, 0, '1744016484075', 2, '2025-04-07 09:01:24', 2, '2025-04-07 09:01:24'),
(260, 46, 48, 60, 60, 20, 736, 1, '1744017725943', 2, '2025-04-07 09:22:05', 2, '2025-04-07 09:22:05'),
(261, 46, 48, 60, 60, 20, 737, 1, '1744017725943', 2, '2025-04-07 09:22:05', 2, '2025-04-07 09:22:05'),
(262, 46, 48, 60, 60, 6, 738, 1, '1744017725943', 2, '2025-04-07 09:22:05', 2, '2025-04-07 09:22:05'),
(263, 46, 48, 60, 60, 24, 739, 1, '1744017725943', 2, '2025-04-07 09:22:05', 2, '2025-04-07 09:22:05'),
(264, 46, 48, 60, 60, 20, 740, 1, '1744017725943', 2, '2025-04-07 09:22:05', 2, '2025-04-07 09:22:05'),
(265, 46, 48, 60, 60, 8, 767, 1, '1744017725943', 2, '2025-04-07 09:22:05', 2, '2025-04-07 09:22:05'),
(266, 46, 48, 60, 60, 8, 768, 1, '1744017725943', 2, '2025-04-07 09:22:05', 2, '2025-04-07 09:22:05'),
(267, 44, 46, 48, 48, 24, 136, 1, '1744018297648', 2, '2025-04-07 09:31:37', 2, '2025-04-07 09:31:37'),
(268, 44, 46, 48, 48, 24, 138, 1, '1744018297648', 2, '2025-04-07 09:31:37', 2, '2025-04-07 09:31:37'),
(269, 44, 46, 48, 48, 24, 144, 1, '1744018297648', 2, '2025-04-07 09:31:37', 2, '2025-04-07 09:31:37'),
(270, 44, 46, 48, 48, 24, 147, 1, '1744018297648', 2, '2025-04-07 09:31:37', 2, '2025-04-07 09:31:37'),
(271, 44, 46, 48, 48, 24, 156, 1, '1744018297648', 2, '2025-04-07 09:31:37', 2, '2025-04-07 09:31:37'),
(272, 43, 45, 10, 10, 1, 609, 1, '1744018773051', 2, '2025-04-07 09:39:33', 2, '2025-04-07 09:39:33'),
(273, 43, 45, 10, 10, 1, 611, 1, '1744018773051', 2, '2025-04-07 09:39:33', 2, '2025-04-07 09:39:33'),
(274, 43, 45, 10, 10, 1, 613, 1, '1744018773051', 2, '2025-04-07 09:39:33', 2, '2025-04-07 09:39:33'),
(275, 43, 45, 10, 10, 1, 697, 1, '1744018773051', 2, '2025-04-07 09:39:33', 2, '2025-04-07 09:39:33'),
(276, 43, 45, 10, 10, 2, 833, 1, '1744018773051', 2, '2025-04-07 09:39:33', 2, '2025-04-07 09:39:33'),
(277, 42, 44, 2, 2, 24, 131, 1, '1744019574934', 2, '2025-04-07 09:52:54', 2, '2025-04-07 09:52:54'),
(278, 42, 44, 2, 2, 24, 133, 1, '1744019574934', 2, '2025-04-07 09:52:54', 2, '2025-04-07 09:52:54'),
(279, 42, 44, 2, 2, 24, 142, 1, '1744019574934', 2, '2025-04-07 09:52:54', 2, '2025-04-07 09:52:54'),
(280, 42, 44, 2, 2, 1, 350, 1, '1744019574934', 2, '2025-04-07 09:52:54', 2, '2025-04-07 09:52:54'),
(281, 42, 44, 2, 2, 1, 353, 1, '1744019574934', 2, '2025-04-07 09:52:54', 2, '2025-04-07 09:52:54'),
(282, 42, 44, 2, 2, 1, 354, 1, '1744019574934', 2, '2025-04-07 09:52:54', 2, '2025-04-07 09:52:54'),
(283, 42, 44, 2, 2, 1, 431, 1, '1744019574934', 2, '2025-04-07 09:52:54', 2, '2025-04-07 09:52:54'),
(284, 42, 44, 2, 2, 1, 480, 1, '1744019574934', 2, '2025-04-07 09:52:54', 2, '2025-04-07 09:52:54'),
(285, 42, 44, 2, 2, 1, 482, 1, '1744019574934', 2, '2025-04-07 09:52:54', 2, '2025-04-07 09:52:54'),
(286, 42, 44, 2, 2, 1, 485, 1, '1744019574934', 2, '2025-04-07 09:52:54', 2, '2025-04-07 09:52:54'),
(287, 42, 44, 2, 2, 1, 491, 1, '1744019574934', 2, '2025-04-07 09:52:54', 2, '2025-04-07 09:52:54'),
(288, 42, 44, 2, 2, 1, 493, 1, '1744019574934', 2, '2025-04-07 09:52:54', 2, '2025-04-07 09:52:54'),
(289, 42, 44, 2, 2, 1, 588, 1, '1744019574934', 2, '2025-04-07 09:52:54', 2, '2025-04-07 09:52:54'),
(290, 41, 43, 59, 59, 6, 111, 0, '1744020849105', 2, '2025-04-07 10:14:09', 2, '2025-04-07 10:14:09'),
(291, 68, 70, 32, 32, 1, 68, 0, '1744021465845', 2, '2025-04-07 10:24:25', 2, '2025-04-07 10:24:25'),
(292, 37, 39, 44, 44, 1, 531, 1, '1744023004197', 2, '2025-04-07 10:50:04', 2, '2025-04-07 10:50:04'),
(293, 37, 39, 44, 44, 1, 532, 1, '1744023004197', 2, '2025-04-07 10:50:04', 2, '2025-04-07 10:50:04'),
(294, 37, 39, 44, 44, 1, 863, 1, '1744023004197', 2, '2025-04-07 10:50:04', 2, '2025-04-07 10:50:04'),
(295, 37, 39, 44, 44, 1, 864, 1, '1744023004197', 2, '2025-04-07 10:50:04', 2, '2025-04-07 10:50:04'),
(296, 37, 39, 44, 44, 1, 866, 1, '1744023004197', 2, '2025-04-07 10:50:04', 2, '2025-04-07 10:50:04'),
(297, 34, 36, 46, 46, 1, 547, 0, '1744024909943', 2, '2025-04-07 11:21:49', 2, '2025-04-07 11:21:49'),
(298, 34, 36, 46, 46, 1, 548, 0, '1744024909943', 2, '2025-04-07 11:21:49', 2, '2025-04-07 11:21:49'),
(299, 34, 36, 46, 46, 1, 549, 0, '1744024909943', 2, '2025-04-07 11:21:49', 2, '2025-04-07 11:21:49'),
(300, 34, 36, 46, 46, 1, 551, 0, '1744024909943', 2, '2025-04-07 11:21:49', 2, '2025-04-07 11:21:49'),
(301, 34, 36, 46, 46, 1, 552, 0, '1744024909943', 2, '2025-04-07 11:21:49', 2, '2025-04-07 11:21:49'),
(302, 34, 36, 46, 46, 1, 553, 0, '1744024909943', 2, '2025-04-07 11:21:49', 2, '2025-04-07 11:21:49'),
(303, 34, 36, 46, 46, 1, 554, 0, '1744024909943', 2, '2025-04-07 11:21:49', 2, '2025-04-07 11:21:49'),
(304, 34, 36, 46, 46, 1, 555, 0, '1744024909943', 2, '2025-04-07 11:21:49', 2, '2025-04-07 11:21:49'),
(305, 34, 36, 46, 46, 1, 556, 0, '1744024909943', 2, '2025-04-07 11:21:49', 2, '2025-04-07 11:21:49'),
(306, 34, 36, 46, 46, 1, 557, 0, '1744024909943', 2, '2025-04-07 11:21:49', 2, '2025-04-07 11:21:49'),
(307, 34, 36, 46, 46, 1, 558, 0, '1744024909943', 2, '2025-04-07 11:21:49', 2, '2025-04-07 11:21:49'),
(308, 34, 36, 46, 46, 1, 559, 0, '1744024909943', 2, '2025-04-07 11:21:49', 2, '2025-04-07 11:21:49'),
(309, 34, 36, 46, 46, 1, 550, 0, '1744024975180', 2, '2025-04-07 11:22:55', 2, '2025-04-07 11:22:55'),
(310, 33, 35, 21, 21, 1, 717, 1, '1744026331453', 2, '2025-04-07 11:45:31', 2, '2025-04-07 11:45:31'),
(311, 33, 35, 21, 21, 1, 728, 1, '1744026331453', 2, '2025-04-07 11:45:31', 2, '2025-04-07 11:45:31'),
(312, 33, 35, 21, 21, 1, 729, 1, '1744026331453', 2, '2025-04-07 11:45:31', 2, '2025-04-07 11:45:31'),
(313, 33, 35, 21, 21, 1, 730, 1, '1744026331453', 2, '2025-04-07 11:45:31', 2, '2025-04-07 11:45:31'),
(314, 33, 35, 21, 21, 1, 731, 1, '1744026331453', 2, '2025-04-07 11:45:31', 2, '2025-04-07 11:45:31'),
(315, 33, 35, 21, 21, 1, 732, 1, '1744026331453', 2, '2025-04-07 11:45:31', 2, '2025-04-07 11:45:31'),
(316, 33, 35, 21, 21, 1, 734, 1, '1744026331453', 2, '2025-04-07 11:45:31', 2, '2025-04-07 11:45:31'),
(317, 33, 35, 21, 21, 1, 735, 1, '1744026331453', 2, '2025-04-07 11:45:31', 2, '2025-04-07 11:45:31'),
(318, 33, 35, 21, 21, 24, 140, 1, '1744026617080', 2, '2025-04-07 11:50:17', 2, '2025-04-07 11:50:17'),
(319, 33, 35, 21, 21, 24, 158, 1, '1744026617080', 2, '2025-04-07 11:50:17', 2, '2025-04-07 11:50:17'),
(320, 33, 35, 21, 21, 11, 500, 1, '1744026617080', 2, '2025-04-07 11:50:17', 2, '2025-04-07 11:50:17'),
(321, 33, 35, 21, 21, 10, 502, 1, '1744026617080', 2, '2025-04-07 11:50:17', 2, '2025-04-07 11:50:17'),
(322, 33, 35, 21, 21, 25, 517, 1, '1744026617080', 2, '2025-04-07 11:50:17', 2, '2025-04-07 11:50:17'),
(323, 33, 35, 21, 21, 1, 727, 1, '1744026617080', 2, '2025-04-07 11:50:17', 2, '2025-04-07 11:50:17'),
(324, 32, 34, 23, 23, 1, 352, 0, '1744027095279', 2, '2025-04-07 11:58:15', 2, '2025-04-07 11:58:15'),
(325, 32, 34, 23, 23, 6, 365, 0, '1744027095279', 2, '2025-04-07 11:58:15', 2, '2025-04-07 11:58:15'),
(326, 32, 34, 23, 23, 1, 589, 0, '1744027095279', 2, '2025-04-07 11:58:15', 2, '2025-04-07 11:58:15'),
(327, 32, 34, 23, 23, 1, 593, 0, '1744027095279', 2, '2025-04-07 11:58:15', 2, '2025-04-07 11:58:15'),
(328, 32, 34, 23, 23, 1, 599, 0, '1744027095279', 2, '2025-04-07 11:58:15', 2, '2025-04-07 11:58:15'),
(329, 31, 33, 35, 35, 1, 837, 1, '1744029762750', 2, '2025-04-07 12:42:42', 2, '2025-04-07 12:42:42'),
(330, 31, 33, 35, 35, 1, 838, 1, '1744029762750', 2, '2025-04-07 12:42:42', 2, '2025-04-07 12:42:42'),
(331, 72, 74, 72, 72, 1, 594, 0, '1745225316432', 2, '2025-04-21 08:48:36', 2, '2025-04-21 08:48:36'),
(332, 73, 75, 69, 69, 1, 291, 0, '1745228105171', 2, '2025-04-21 09:35:05', 2, '2025-04-21 09:35:05'),
(333, 73, 75, 69, 69, 6, 58, 0, '1745228105177', 2, '2025-04-21 09:35:05', 2, '2025-04-21 09:35:05'),
(334, 73, 75, 69, 69, 6, 61, 0, '1745228105184', 2, '2025-04-21 09:35:05', 2, '2025-04-21 09:35:05'),
(335, 73, 75, 69, 69, 6, 631, 0, '1745228105189', 2, '2025-04-21 09:35:05', 2, '2025-04-21 09:35:05'),
(336, 74, 76, 71, 71, 1, 299, 1, '1745229461557', 2, '2025-04-21 09:57:41', 2, '2025-04-21 09:57:41'),
(337, 74, 76, 71, 71, 1, 280, 1, '1745229461564', 2, '2025-04-21 09:57:41', 2, '2025-04-21 09:57:41'),
(338, 74, 76, 71, 71, 1, 311, 1, '1745229461570', 2, '2025-04-21 09:57:41', 2, '2025-04-21 09:57:41'),
(339, 74, 76, 71, 71, 1, 314, 1, '1745229461576', 2, '2025-04-21 09:57:41', 2, '2025-04-21 09:57:41'),
(340, 74, 76, 71, 71, 1, 317, 1, '1745229461582', 2, '2025-04-21 09:57:41', 2, '2025-04-21 09:57:41'),
(341, 74, 76, 71, 71, 1, 326, 1, '1745229461588', 2, '2025-04-21 09:57:41', 2, '2025-04-21 09:57:41'),
(342, 74, 76, 71, 71, 1, 433, 1, '1745229461594', 2, '2025-04-21 09:57:41', 2, '2025-04-21 09:57:41'),
(343, 74, 76, 71, 71, 1, 434, 1, '1745229461602', 2, '2025-04-21 09:57:41', 2, '2025-04-21 09:57:41'),
(344, 74, 76, 71, 71, 20, 248, 1, '1745229461608', 2, '2025-04-21 09:57:41', 2, '2025-04-21 09:57:41'),
(345, 74, 76, 71, 71, 20, 253, 1, '1745229461614', 2, '2025-04-21 09:57:41', 2, '2025-04-21 09:57:41'),
(346, 74, 76, 71, 71, 20, 256, 1, '1745229461620', 2, '2025-04-21 09:57:41', 2, '2025-04-21 09:57:41'),
(347, 75, 77, 9, 9, 6, 632, 1, '1745234125738', 2, '2025-04-21 11:15:25', 2, '2025-04-21 11:15:25'),
(348, 75, 77, 9, 9, 6, 637, 1, '1745234125746', 2, '2025-04-21 11:15:25', 2, '2025-04-21 11:15:25'),
(349, 75, 77, 9, 9, 24, 153, 1, '1745234125755', 2, '2025-04-21 11:15:25', 2, '2025-04-21 11:15:25'),
(350, 75, 77, 9, 9, 24, 155, 1, '1745234125762', 2, '2025-04-21 11:15:25', 2, '2025-04-21 11:15:25'),
(351, 75, 77, 9, 9, 24, 162, 1, '1745234125768', 2, '2025-04-21 11:15:25', 2, '2025-04-21 11:15:25'),
(352, 75, 77, 9, 9, 24, 542, 1, '1745234125775', 2, '2025-04-21 11:15:25', 2, '2025-04-21 11:15:25'),
(353, 75, 77, 9, 9, 24, 618, 1, '1745234125780', 2, '2025-04-21 11:15:25', 2, '2025-04-21 11:15:25'),
(354, 75, 77, 9, 9, 24, 619, 1, '1745234125787', 2, '2025-04-21 11:15:25', 2, '2025-04-21 11:15:25'),
(355, 75, 77, 9, 9, 24, 645, 1, '1745234125793', 2, '2025-04-21 11:15:25', 2, '2025-04-21 11:15:25'),
(356, 75, 77, 9, 9, 24, 741, 1, '1745234125799', 2, '2025-04-21 11:15:25', 2, '2025-04-21 11:15:25'),
(357, 75, 77, 9, 9, 24, 795, 1, '1745234125805', 2, '2025-04-21 11:15:25', 2, '2025-04-21 11:15:25'),
(358, 75, 77, 9, 9, 27, 237, 1, '1745234125811', 2, '2025-04-21 11:15:25', 2, '2025-04-21 11:15:25'),
(359, 75, 77, 9, 9, 27, 240, 1, '1745234125817', 2, '2025-04-21 11:15:25', 2, '2025-04-21 11:15:25'),
(360, 76, 78, 17, 17, 13, 193, 1, '1745234447818', 2, '2025-04-21 11:20:47', 2, '2025-04-21 11:20:47'),
(361, 76, 78, 17, 17, 13, 18, 1, '1745234447824', 2, '2025-04-21 11:20:47', 2, '2025-04-21 11:20:47'),
(362, 76, 78, 17, 17, 13, 101, 1, '1745234447830', 2, '2025-04-21 11:20:47', 2, '2025-04-21 11:20:47'),
(363, 77, 79, 29, 29, 1, 323, 1, '1745235147021', 2, '2025-04-21 11:32:27', 2, '2025-04-21 11:32:27'),
(364, 77, 79, 29, 29, 1, 285, 1, '1745235147028', 2, '2025-04-21 11:32:27', 2, '2025-04-21 11:32:27'),
(365, 77, 79, 29, 29, 1, 336, 1, '1745235147034', 2, '2025-04-21 11:32:27', 2, '2025-04-21 11:32:27'),
(366, 77, 79, 29, 29, 1, 283, 1, '1745235147040', 2, '2025-04-21 11:32:27', 2, '2025-04-21 11:32:27'),
(367, 77, 79, 29, 29, 1, 277, 1, '1745235147046', 2, '2025-04-21 11:32:27', 2, '2025-04-21 11:32:27'),
(368, 77, 79, 29, 29, 1, 334, 1, '1745235147052', 2, '2025-04-21 11:32:27', 2, '2025-04-21 11:32:27'),
(369, 77, 79, 29, 29, 1, 333, 1, '1745235147058', 2, '2025-04-21 11:32:27', 2, '2025-04-21 11:32:27'),
(370, 77, 79, 29, 29, 1, 335, 1, '1745235147065', 2, '2025-04-21 11:32:27', 2, '2025-04-21 11:32:27'),
(371, 77, 79, 29, 29, 1, 338, 1, '1745235147071', 2, '2025-04-21 11:32:27', 2, '2025-04-21 11:32:27'),
(372, 77, 79, 29, 29, 1, 339, 1, '1745235147077', 2, '2025-04-21 11:32:27', 2, '2025-04-21 11:32:27'),
(373, 77, 79, 29, 29, 1, 341, 1, '1745235147083', 2, '2025-04-21 11:32:27', 2, '2025-04-21 11:32:27'),
(374, 77, 79, 29, 29, 1, 342, 1, '1745235147089', 2, '2025-04-21 11:32:27', 2, '2025-04-21 11:32:27'),
(375, 77, 79, 29, 29, 1, 649, 1, '1745235147095', 2, '2025-04-21 11:32:27', 2, '2025-04-21 11:32:27'),
(376, 77, 79, 29, 29, 1, 648, 1, '1745235147101', 2, '2025-04-21 11:32:27', 2, '2025-04-21 11:32:27'),
(377, 77, 79, 29, 29, 1, 651, 1, '1745235147107', 2, '2025-04-21 11:32:27', 2, '2025-04-21 11:32:27'),
(378, 77, 79, 29, 29, 1, 348, 1, '1745235147113', 2, '2025-04-21 11:32:27', 2, '2025-04-21 11:32:27'),
(379, 77, 79, 29, 29, 1, 537, 1, '1745235147119', 2, '2025-04-21 11:32:27', 2, '2025-04-21 11:32:27'),
(380, 77, 79, 29, 29, 1, 598, 1, '1745235147125', 2, '2025-04-21 11:32:27', 2, '2025-04-21 11:32:27'),
(381, 77, 79, 29, 29, 1, 600, 1, '1745235147131', 2, '2025-04-21 11:32:27', 2, '2025-04-21 11:32:27'),
(382, 77, 79, 29, 29, 1, 601, 1, '1745235147137', 2, '2025-04-21 11:32:27', 2, '2025-04-21 11:32:27'),
(383, 77, 79, 29, 29, 20, 246, 1, '1745235147143', 2, '2025-04-21 11:32:27', 2, '2025-04-21 11:32:27'),
(384, 77, 79, 29, 29, 20, 254, 1, '1745235147149', 2, '2025-04-21 11:32:27', 2, '2025-04-21 11:32:27'),
(385, 77, 79, 29, 29, 20, 255, 1, '1745235147154', 2, '2025-04-21 11:32:27', 2, '2025-04-21 11:32:27'),
(386, 78, 80, 45, 45, 6, 370, 1, '1745235656993', 2, '2025-04-21 11:40:56', 2, '2025-04-21 11:40:56'),
(387, 78, 80, 45, 45, 6, 270, 1, '1745235656999', 2, '2025-04-21 11:40:57', 2, '2025-04-21 11:40:57'),
(388, 78, 80, 45, 45, 6, 511, 1, '1745235657009', 2, '2025-04-21 11:40:57', 2, '2025-04-21 11:40:57'),
(389, 78, 80, 45, 45, 20, 675, 1, '1745235657015', 2, '2025-04-21 11:40:57', 2, '2025-04-21 11:40:57'),
(390, 78, 80, 45, 45, 20, 249, 1, '1745235657022', 2, '2025-04-21 11:40:57', 2, '2025-04-21 11:40:57'),
(391, 78, 80, 45, 45, 20, 250, 1, '1745235657031', 2, '2025-04-21 11:40:57', 2, '2025-04-21 11:40:57'),
(392, 78, 80, 45, 45, 20, 252, 1, '1745235657037', 2, '2025-04-21 11:40:57', 2, '2025-04-21 11:40:57'),
(393, 78, 80, 45, 45, 1, 343, 1, '1745235657044', 2, '2025-04-21 11:40:57', 2, '2025-04-21 11:40:57'),
(394, 78, 80, 45, 45, 1, 73, 1, '1745235657050', 2, '2025-04-21 11:40:57', 2, '2025-04-21 11:40:57'),
(395, 78, 80, 45, 45, 1, 6, 1, '1745235657056', 2, '2025-04-21 11:40:57', 2, '2025-04-21 11:40:57'),
(396, 78, 80, 45, 45, 1, 429, 1, '1745235657062', 2, '2025-04-21 11:40:57', 2, '2025-04-21 11:40:57'),
(397, 78, 80, 45, 45, 1, 483, 1, '1745235657068', 2, '2025-04-21 11:40:57', 2, '2025-04-21 11:40:57'),
(398, 78, 80, 45, 45, 1, 484, 1, '1745235657074', 2, '2025-04-21 11:40:57', 2, '2025-04-21 11:40:57'),
(399, 78, 80, 45, 45, 1, 488, 1, '1745235657080', 2, '2025-04-21 11:40:57', 2, '2025-04-21 11:40:57'),
(400, 78, 80, 45, 45, 1, 490, 1, '1745235657086', 2, '2025-04-21 11:40:57', 2, '2025-04-21 11:40:57'),
(401, 78, 80, 45, 45, 1, 494, 1, '1745235657093', 2, '2025-04-21 11:40:57', 2, '2025-04-21 11:40:57'),
(402, 78, 80, 45, 45, 1, 498, 1, '1745235657098', 2, '2025-04-21 11:40:57', 2, '2025-04-21 11:40:57'),
(403, 78, 80, 45, 45, 1, 533, 1, '1745235657105', 2, '2025-04-21 11:40:57', 2, '2025-04-21 11:40:57'),
(404, 78, 80, 45, 45, 1, 534, 1, '1745235657110', 2, '2025-04-21 11:40:57', 2, '2025-04-21 11:40:57'),
(405, 78, 80, 45, 45, 1, 536, 1, '1745235657116', 2, '2025-04-21 11:40:57', 2, '2025-04-21 11:40:57'),
(406, 31, 33, 35, 35, 1, 87, 1, '1745237741226', 2, '2025-04-21 12:15:41', 2, '2025-04-21 12:15:41'),
(407, 31, 33, 35, 35, 1, 89, 1, '1745237741226', 2, '2025-04-21 12:15:41', 2, '2025-04-21 12:15:41'),
(408, 31, 33, 35, 35, 1, 90, 1, '1745237741226', 2, '2025-04-21 12:15:41', 2, '2025-04-21 12:15:41'),
(409, 31, 33, 35, 35, 1, 92, 1, '1745237741226', 2, '2025-04-21 12:15:41', 2, '2025-04-21 12:15:41'),
(410, 31, 33, 35, 35, 1, 94, 1, '1745237741226', 2, '2025-04-21 12:15:41', 2, '2025-04-21 12:15:41'),
(411, 31, 33, 35, 35, 1, 96, 1, '1745237741226', 2, '2025-04-21 12:15:41', 2, '2025-04-21 12:15:41'),
(412, 31, 33, 35, 35, 1, 97, 1, '1745237741226', 2, '2025-04-21 12:15:41', 2, '2025-04-21 12:15:41'),
(413, 31, 33, 35, 35, 1, 281, 1, '1745237741226', 2, '2025-04-21 12:15:41', 2, '2025-04-21 12:15:41'),
(414, 31, 33, 35, 35, 1, 298, 1, '1745237741226', 2, '2025-04-21 12:15:41', 2, '2025-04-21 12:15:41'),
(415, 31, 33, 35, 35, 1, 312, 1, '1745237741226', 2, '2025-04-21 12:15:41', 2, '2025-04-21 12:15:41'),
(416, 31, 33, 35, 35, 1, 313, 1, '1745237741226', 2, '2025-04-21 12:15:41', 2, '2025-04-21 12:15:41'),
(417, 31, 33, 35, 35, 1, 315, 1, '1745237741226', 2, '2025-04-21 12:15:41', 2, '2025-04-21 12:15:41'),
(418, 31, 33, 35, 35, 1, 318, 1, '1745237741226', 2, '2025-04-21 12:15:41', 2, '2025-04-21 12:15:41'),
(419, 31, 33, 35, 35, 1, 319, 1, '1745237741226', 2, '2025-04-21 12:15:41', 2, '2025-04-21 12:15:41'),
(420, 31, 33, 35, 35, 1, 325, 1, '1745237741226', 2, '2025-04-21 12:15:41', 2, '2025-04-21 12:15:41'),
(421, 31, 33, 35, 35, 1, 327, 1, '1745237741226', 2, '2025-04-21 12:15:41', 2, '2025-04-21 12:15:41'),
(422, 31, 33, 35, 35, 1, 529, 1, '1745237741226', 2, '2025-04-21 12:15:41', 2, '2025-04-21 12:15:41'),
(423, 31, 33, 35, 35, 1, 835, 1, '1745237741226', 2, '2025-04-21 12:15:41', 2, '2025-04-21 12:15:41'),
(424, 31, 33, 35, 35, 1, 836, 1, '1745237741226', 2, '2025-04-21 12:15:41', 2, '2025-04-21 12:15:41'),
(425, 23, 24, 7, 7, 6, 51, 0, '1745922302301', 2, '2025-04-29 10:25:02', 2, '2025-04-29 10:25:02'),
(426, 23, 24, 7, 7, 1, 272, 0, '1745922302301', 2, '2025-04-29 10:25:02', 2, '2025-04-29 10:25:02'),
(427, 23, 24, 7, 7, 1, 347, 0, '1745922302301', 2, '2025-04-29 10:25:02', 2, '2025-04-29 10:25:02'),
(428, 66, 81, 45, 45, 20, 675, 1, '1750161179450', 2, '2025-06-17 11:52:59', 2, '2025-06-17 11:52:59'),
(429, 55, 82, 9, 9, 27, 237, 1, '1750161351006', 2, '2025-06-17 11:55:51', 2, '2025-06-17 11:55:51'),
(430, 40, 83, 17, 17, 13, 193, 1, '1750161477006', 2, '2025-06-17 11:57:57', 2, '2025-06-17 11:57:57'),
(431, 40, 83, 17, 17, 13, 18, 1, '1750161477019', 2, '2025-06-17 11:57:57', 2, '2025-06-17 11:57:57'),
(432, 40, 83, 17, 17, 13, 101, 1, '1750161477030', 2, '2025-06-17 11:57:57', 2, '2025-06-17 11:57:57'),
(433, 36, 84, 29, 29, 1, 333, 1, '1750161685571', 2, '2025-06-17 12:01:25', 2, '2025-06-17 12:01:25'),
(434, 11, 85, 51, 51, 1, 2, 1, '1750161812515', 2, '2025-06-17 12:03:32', 2, '2025-06-17 12:03:32'),
(435, 11, 85, 51, 51, 10, 501, 1, '1750161812528', 2, '2025-06-17 12:03:32', 2, '2025-06-17 12:03:32'),
(436, 79, 86, 73, 73, 1, 489, 1, '1753164164036', 2, '2025-07-22 06:02:44', 2, '2025-07-22 06:02:44'),
(437, 47, 87, 28, 28, 1, 286, 0, '1763719006492', 2, '2025-11-21 09:56:46', 2, '2025-11-21 09:56:46'),
(438, 47, 87, 28, 28, 1, 284, 0, '1763719006507', 2, '2025-11-21 09:56:46', 2, '2025-11-21 09:56:46'),
(439, 47, 87, 28, 28, 1, 290, 0, '1763719006518', 2, '2025-11-21 09:56:46', 2, '2025-11-21 09:56:46'),
(440, 47, 87, 28, 28, 1, 292, 0, '1763719006532', 2, '2025-11-21 09:56:46', 2, '2025-11-21 09:56:46'),
(441, 47, 87, 28, 28, 1, 320, 0, '1763719006543', 2, '2025-11-21 09:56:46', 2, '2025-11-21 09:56:46'),
(442, 47, 87, 28, 28, 1, 340, 0, '1763719006554', 2, '2025-11-21 09:56:46', 2, '2025-11-21 09:56:46'),
(443, 47, 87, 28, 28, 1, 650, 0, '1763719006566', 2, '2025-11-21 09:56:46', 2, '2025-11-21 09:56:46'),
(444, 47, 87, 28, 28, 1, 652, 0, '1763719006577', 2, '2025-11-21 09:56:46', 2, '2025-11-21 09:56:46'),
(445, 47, 87, 28, 28, 6, 265, 0, '1763719006587', 2, '2025-11-21 09:56:46', 2, '2025-11-21 09:56:46'),
(446, 47, 87, 28, 28, 6, 267, 0, '1763719006599', 2, '2025-11-21 09:56:46', 2, '2025-11-21 09:56:46'),
(447, 47, 87, 28, 28, 6, 268, 0, '1763719006611', 2, '2025-11-21 09:56:46', 2, '2025-11-21 09:56:46'),
(448, 67, 88, 66, 66, 20, 247, 1, '1763720039679', 2, '2025-11-21 10:13:59', 2, '2025-11-21 10:13:59'),
(449, 67, 88, 66, 66, 20, 245, 1, '1763720039691', 2, '2025-11-21 10:13:59', 2, '2025-11-21 10:13:59'),
(450, 6, 89, 64, 64, 6, 55, 1, '1763720441976', 2, '2025-11-21 10:20:41', 2, '2025-11-21 10:20:41'),
(451, 6, 89, 64, 64, 6, 57, 1, '1763720441992', 2, '2025-11-21 10:20:41', 2, '2025-11-21 10:20:41'),
(452, 10, 90, 5, 5, 6, 568, 1, '1763720508603', 2, '2025-11-21 10:21:48', 2, '2025-11-21 10:21:48'),
(453, 35, 91, 57, 57, 1, 616, 0, '1764590207149', 2, '2025-12-01 11:56:47', 2, '2025-12-01 11:56:47'),
(454, 30, 92, 22, 22, 1, 699, 0, '1764590511701', 2, '2025-12-01 12:01:51', 2, '2025-12-01 12:01:51'),
(455, 22, 93, 19, 19, 1, 204, 0, '1764590596438', 2, '2025-12-01 12:03:16', 2, '2025-12-01 12:03:16'),
(456, 20, 94, 1, 1, 24, 150, 0, '1764590661743', 2, '2025-12-01 12:04:21', 2, '2025-12-01 12:04:21'),
(457, 21, 95, 27, 27, 1, 180, 0, '1764590710552', 2, '2025-12-01 12:05:10', 2, '2025-12-01 12:05:10'),
(458, 51, 96, 37, 37, 6, 630, 1, '1765972115110', 2, '2025-12-17 11:48:35', 2, '2025-12-17 11:48:35');

-- --------------------------------------------------------

--
-- Table structure for table `country`
--

CREATE TABLE `country` (
  `CountryId` int NOT NULL,
  `ShortName` varchar(10) DEFAULT NULL,
  `CountryName` varchar(90) DEFAULT NULL,
  `PhoneCode` int DEFAULT NULL,
  `UpdatedBy` int DEFAULT '0',
  `RecordId` varchar(20) DEFAULT NULL,
  `CreatedBy` int DEFAULT '0',
  `CreatedAt` timestamp NULL DEFAULT CURRENT_TIMESTAMP,
  `UpdatedAt` timestamp NULL DEFAULT CURRENT_TIMESTAMP,
  `Active` tinyint(1) DEFAULT '1'
) ENGINE=InnoDB DEFAULT CHARSET=latin1;

--
-- Dumping data for table `country`
--

INSERT INTO `country` (`CountryId`, `ShortName`, `CountryName`, `PhoneCode`, `UpdatedBy`, `RecordId`, `CreatedBy`, `CreatedAt`, `UpdatedAt`, `Active`) VALUES
(1, 'AF', 'Afghanistan', 93, 1, NULL, 0, '2023-11-23 05:47:00', '2025-02-15 06:36:33', 0),
(2, 'AL', 'Albania', 355, 2, NULL, 0, '2023-11-23 05:47:00', '2025-01-06 11:44:08', 0),
(3, 'DZ', 'Algeria', 213, 2, NULL, 0, '2023-11-23 05:47:00', '2025-01-06 11:44:12', 0),
(4, 'AS', 'American Samoa', 1684, 2, NULL, 0, '2023-11-23 05:47:00', '2025-01-06 11:44:15', 0),
(5, 'AD', 'Andorra', 376, 2, NULL, 0, '2023-11-23 05:47:00', '2025-01-06 11:44:23', 0),
(6, 'AO', 'Angola', 244, 2, NULL, 0, '2023-11-23 05:47:00', '2025-01-07 07:10:39', 0),
(7, 'AI', 'Anguilla', 1264, 4, NULL, 0, '2023-11-23 05:47:00', '2025-01-28 10:01:21', 0),
(8, 'AQ', 'Antarctica', 0, 0, NULL, 0, '2023-11-23 05:47:00', '2023-11-23 05:48:09', 0),
(9, 'AG', 'Antigua And Barbuda', 1268, 0, NULL, 0, '2023-11-23 05:47:00', '2023-11-23 05:48:09', 0),
(10, 'AR', 'Argentina', 54, 0, NULL, 0, '2023-11-23 05:47:00', '2023-11-23 05:48:09', 0),
(11, 'AM', 'Armenia', 374, 0, NULL, 0, '2023-11-23 05:47:00', '2023-11-23 05:48:09', 0),
(12, 'AW', 'Aruba', 297, 0, NULL, 0, '2023-11-23 05:47:00', '2023-11-23 05:48:09', 0),
(13, 'AU', 'Australia', 61, 0, NULL, 0, '2023-11-23 05:47:00', '2023-11-23 05:48:09', 0),
(14, 'AT', 'Austria', 43, 0, NULL, 0, '2023-11-23 05:47:00', '2023-11-23 05:48:09', 0),
(15, 'AZ', 'Azerbaijan', 994, 0, NULL, 0, '2023-11-23 05:47:00', '2023-11-23 05:48:09', 0),
(16, 'BS', 'Bahamas The', 1242, 4, NULL, 0, '2023-11-23 05:47:00', '2025-01-07 12:12:31', 0),
(17, 'BH', 'Bahrain', 973, 0, NULL, 0, '2023-11-23 05:47:00', '2023-11-23 05:48:09', 0),
(18, 'BD', 'Bangladesh', 880, 0, NULL, 0, '2023-11-23 05:47:00', '2023-11-23 05:48:09', 0),
(19, 'BB', 'Barbados', 1246, 0, NULL, 0, '2023-11-23 05:47:00', '2023-11-23 05:48:09', 0),
(20, 'BY', 'Belarus', 375, 0, NULL, 0, '2023-11-23 05:47:00', '2023-11-23 05:48:09', 0),
(21, 'BE', 'Belgium', 32, 0, NULL, 0, '2023-11-23 05:47:00', '2023-11-23 05:48:09', 0),
(22, 'BZ', 'Belize', 501, 0, NULL, 0, '2023-11-23 05:47:00', '2023-11-23 05:48:09', 0),
(23, 'BJ', 'Benin', 229, 0, NULL, 0, '2023-11-23 05:47:00', '2023-11-23 05:48:09', 0),
(24, 'BM', 'Bermuda', 1441, 0, NULL, 0, '2023-11-23 05:47:00', '2023-11-23 05:48:09', 0),
(25, 'BT', 'Bhutan', 975, 0, NULL, 0, '2023-11-23 05:47:00', '2023-11-23 05:48:09', 0),
(26, 'BO', 'Bolivia', 591, 0, NULL, 0, '2023-11-23 05:47:00', '2023-11-23 05:48:09', 0),
(27, 'BA', 'Bosnia and Herzegovina', 387, 0, NULL, 0, '2023-11-23 05:47:00', '2023-11-23 05:48:09', 0),
(28, 'BW', 'Botswana', 267, 0, NULL, 0, '2023-11-23 05:47:00', '2023-11-23 05:48:09', 0),
(29, 'BV', 'Bouvet Island', 0, 0, NULL, 0, '2023-11-23 05:47:00', '2023-11-23 05:48:09', 0),
(30, 'BR', 'Brazil', 55, 0, NULL, 0, '2023-11-23 05:47:00', '2023-11-23 05:48:09', 0),
(31, 'IO', 'British Indian Ocean Territory', 246, 0, NULL, 0, '2023-11-23 05:47:00', '2023-11-23 05:48:09', 0),
(32, 'BN', 'Brunei', 673, 0, NULL, 0, '2023-11-23 05:47:00', '2023-11-23 05:48:09', 0),
(33, 'BG', 'Bulgaria', 359, 0, NULL, 0, '2023-11-23 05:47:00', '2023-11-23 05:48:09', 0),
(34, 'BF', 'Burkina Faso', 226, 0, NULL, 0, '2023-11-23 05:47:00', '2023-11-23 05:48:09', 0),
(35, 'BI', 'Burundi', 257, 0, NULL, 0, '2023-11-23 05:47:00', '2023-11-23 05:48:09', 0),
(36, 'KH', 'Cambodia', 855, 0, NULL, 0, '2023-11-23 05:47:00', '2023-11-23 05:48:09', 0),
(37, 'CM', 'Cameroon', 237, 0, NULL, 0, '2023-11-23 05:47:00', '2023-11-23 05:48:09', 0),
(38, 'CA', 'Canada', 1, 0, NULL, 0, '2023-11-23 05:47:00', '2023-11-23 05:48:09', 0),
(39, 'CV', 'Cape Verde', 238, 0, NULL, 0, '2023-11-23 05:47:00', '2023-11-23 05:48:09', 0),
(40, 'KY', 'Cayman Islands', 1345, 0, NULL, 0, '2023-11-23 05:47:00', '2023-11-23 05:48:09', 0),
(41, 'CF', 'Central African Republic', 236, 0, NULL, 0, '2023-11-23 05:47:00', '2023-11-23 05:48:09', 0),
(42, 'TD', 'Chad', 235, 0, NULL, 0, '2023-11-23 05:47:00', '2023-11-23 05:48:09', 0),
(43, 'CL', 'Chile', 56, 0, NULL, 0, '2023-11-23 05:47:00', '2023-11-23 05:48:09', 0),
(44, 'CN', 'China', 86, 0, NULL, 0, '2023-11-23 05:47:00', '2023-11-23 05:48:09', 0),
(45, 'CX', 'Christmas Island', 61, 0, NULL, 0, '2023-11-23 05:47:00', '2023-11-23 05:48:09', 0),
(46, 'CC', 'Cocos (Keeling) Islands', 672, 0, NULL, 0, '2023-11-23 05:47:00', '2023-11-23 05:48:09', 0),
(47, 'CO', 'Colombia', 57, 0, NULL, 0, '2023-11-23 05:47:00', '2023-11-23 05:48:09', 0),
(48, 'KM', 'Comoros', 269, 0, NULL, 0, '2023-11-23 05:47:00', '2023-11-23 05:48:09', 0),
(49, 'CG', 'Republic Of The Congo', 242, 0, NULL, 0, '2023-11-23 05:47:00', '2023-11-23 05:48:09', 0),
(50, 'CD', 'Democratic Republic Of The Congo', 242, 0, NULL, 0, '2023-11-23 05:47:00', '2023-11-23 05:48:09', 0),
(51, 'CK', 'Cook Islands', 682, 0, NULL, 0, '2023-11-23 05:47:00', '2023-11-23 05:48:09', 0),
(52, 'CR', 'Costa Rica', 506, 0, NULL, 0, '2023-11-23 05:47:00', '2023-11-23 05:48:09', 0),
(53, 'CI', 'Cote D\'Ivoire (Ivory Coast)', 225, 0, NULL, 0, '2023-11-23 05:47:00', '2023-11-23 05:48:09', 0),
(54, 'HR', 'Croatia (Hrvatska)', 385, 0, NULL, 0, '2023-11-23 05:47:00', '2023-11-23 05:48:09', 0),
(55, 'CU', 'Cuba', 53, 0, NULL, 0, '2023-11-23 05:47:00', '2023-11-23 05:48:09', 0),
(56, 'CY', 'Cyprus', 357, 0, NULL, 0, '2023-11-23 05:47:00', '2023-11-23 05:48:09', 0),
(57, 'CZ', 'Czech Republic', 420, 0, NULL, 0, '2023-11-23 05:47:00', '2023-11-23 05:48:09', 0),
(58, 'DK', 'Denmark', 45, 0, NULL, 0, '2023-11-23 05:47:00', '2023-11-23 05:48:09', 0),
(59, 'DJ', 'Djibouti', 253, 0, NULL, 0, '2023-11-23 05:47:00', '2023-11-23 05:48:09', 0),
(60, 'DM', 'Dominica', 1767, 0, NULL, 0, '2023-11-23 05:47:00', '2023-11-23 05:48:09', 0),
(61, 'DO', 'Dominican Republic', 1809, 0, NULL, 0, '2023-11-23 05:47:00', '2023-11-23 05:48:09', 0),
(62, 'TP', 'East Timor', 670, 0, NULL, 0, '2023-11-23 05:47:00', '2023-11-23 05:48:09', 0),
(63, 'EC', 'Ecuador', 593, 0, NULL, 0, '2023-11-23 05:47:00', '2023-11-23 05:48:09', 0),
(64, 'EG', 'Egypt', 20, 0, NULL, 0, '2023-11-23 05:47:00', '2023-11-23 05:48:09', 0),
(65, 'SV', 'El Salvador', 503, 0, NULL, 0, '2023-11-23 05:47:00', '2023-11-23 05:48:09', 0),
(66, 'GQ', 'Equatorial Guinea', 240, 0, NULL, 0, '2023-11-23 05:47:00', '2023-11-23 05:48:09', 0),
(67, 'ER', 'Eritrea', 291, 0, NULL, 0, '2023-11-23 05:47:00', '2023-11-23 05:48:09', 0),
(68, 'EE', 'Estonia', 372, 0, NULL, 0, '2023-11-23 05:47:00', '2023-11-23 05:48:09', 0),
(69, 'ET', 'Ethiopia', 251, 0, NULL, 0, '2023-11-23 05:47:00', '2023-11-23 05:48:09', 0),
(70, 'XA', 'External Territories of Australia', 61, 0, NULL, 0, '2023-11-23 05:47:00', '2023-11-23 05:48:09', 0),
(71, 'FK', 'Falkland Islands', 500, 0, NULL, 0, '2023-11-23 05:47:00', '2023-11-23 05:48:09', 0),
(72, 'FO', 'Faroe Islands', 298, 0, NULL, 0, '2023-11-23 05:47:00', '2023-11-23 05:48:09', 0),
(73, 'FJ', 'Fiji Islands', 679, 0, NULL, 0, '2023-11-23 05:47:00', '2023-11-23 05:48:09', 0),
(74, 'FI', 'Finland', 358, 0, NULL, 0, '2023-11-23 05:47:00', '2023-11-23 05:48:09', 0),
(75, 'FR', 'France', 33, 0, NULL, 0, '2023-11-23 05:47:00', '2023-11-23 05:48:09', 0),
(76, 'GF', 'French Guiana', 594, 0, NULL, 0, '2023-11-23 05:47:00', '2023-11-23 05:48:09', 0),
(77, 'PF', 'French Polynesia', 689, 0, NULL, 0, '2023-11-23 05:47:00', '2023-11-23 05:48:09', 0),
(78, 'TF', 'French Southern Territories', 0, 0, NULL, 0, '2023-11-23 05:47:00', '2023-11-23 05:48:09', 0),
(79, 'GA', 'Gabon', 241, 0, NULL, 0, '2023-11-23 05:47:00', '2023-11-23 05:48:09', 0),
(80, 'GM', 'Gambia The', 220, 0, NULL, 0, '2023-11-23 05:47:00', '2023-11-23 05:48:09', 0),
(81, 'GE', 'Georgia', 995, 0, NULL, 0, '2023-11-23 05:47:00', '2023-11-23 05:48:09', 0),
(82, 'DE', 'Germany', 49, 0, NULL, 0, '2023-11-23 05:47:00', '2023-11-23 05:48:09', 0),
(83, 'GH', 'Ghana', 233, 0, NULL, 0, '2023-11-23 05:47:00', '2023-11-23 05:48:09', 0),
(84, 'GI', 'Gibraltar', 350, 0, NULL, 0, '2023-11-23 05:47:00', '2023-11-23 05:48:09', 0),
(85, 'GR', 'Greece', 30, 0, NULL, 0, '2023-11-23 05:47:00', '2023-11-23 05:48:09', 0),
(86, 'GL', 'Greenland', 299, 0, NULL, 0, '2023-11-23 05:47:00', '2023-11-23 05:48:09', 0),
(87, 'GD', 'Grenada', 1473, 0, NULL, 0, '2023-11-23 05:47:00', '2023-11-23 05:48:09', 0),
(88, 'GP', 'Guadeloupe', 590, 0, NULL, 0, '2023-11-23 05:47:00', '2023-11-23 05:48:09', 0),
(89, 'GU', 'Guam', 1671, 0, NULL, 0, '2023-11-23 05:47:00', '2023-11-23 05:48:09', 0),
(90, 'GT', 'Guatemala', 502, 0, NULL, 0, '2023-11-23 05:47:00', '2023-11-23 05:48:09', 0),
(91, 'XU', 'Guernsey and Alderney', 44, 0, NULL, 0, '2023-11-23 05:47:00', '2023-11-23 05:48:09', 0),
(92, 'GN', 'Guinea', 224, 0, NULL, 0, '2023-11-23 05:47:00', '2023-11-23 05:48:09', 0),
(93, 'GW', 'Guinea-Bissau', 245, 0, NULL, 0, '2023-11-23 05:47:00', '2023-11-23 05:48:09', 0),
(94, 'GY', 'Guyana', 592, 0, NULL, 0, '2023-11-23 05:47:00', '2023-11-23 05:48:09', 0),
(95, 'HT', 'Haiti', 509, 0, NULL, 0, '2023-11-23 05:47:00', '2023-11-23 05:48:09', 0),
(96, 'HM', 'Heard and McDonald Islands', 0, 0, NULL, 0, '2023-11-23 05:47:00', '2023-11-23 05:48:09', 0),
(97, 'HN', 'Honduras', 504, 0, NULL, 0, '2023-11-23 05:47:00', '2023-11-23 05:48:09', 0),
(98, 'HK', 'Hong Kong S.A.R.', 852, 0, NULL, 0, '2023-11-23 05:47:00', '2023-11-23 05:48:09', 0),
(99, 'HU', 'Hungary', 36, 0, NULL, 0, '2023-11-23 05:47:00', '2023-11-23 05:48:09', 0),
(100, 'IS', 'Iceland', 354, 0, NULL, 0, '2023-11-23 05:47:00', '2023-11-23 05:48:09', 0),
(101, 'IN', 'India', 91, 1, NULL, 0, '2023-11-23 05:47:00', '2025-02-14 10:19:59', 1),
(102, 'ID', 'Indonesia', 62, 0, NULL, 0, '2023-11-23 05:47:00', '2023-11-23 05:48:09', 0),
(103, 'IR', 'Iran', 98, 0, NULL, 0, '2023-11-23 05:47:00', '2023-11-23 05:48:09', 0),
(104, 'IQ', 'Iraq', 964, 0, NULL, 0, '2023-11-23 05:47:00', '2023-11-23 05:48:09', 0),
(105, 'IE', 'Ireland', 353, 0, NULL, 0, '2023-11-23 05:47:00', '2023-11-23 05:48:09', 0),
(106, 'IL', 'Israel', 972, 0, NULL, 0, '2023-11-23 05:47:00', '2023-11-23 05:48:09', 0),
(107, 'IT', 'Italy', 39, 0, NULL, 0, '2023-11-23 05:47:00', '2023-11-23 05:48:09', 0),
(108, 'JM', 'Jamaica', 1876, 0, NULL, 0, '2023-11-23 05:47:00', '2023-11-23 05:48:09', 0),
(109, 'JP', 'Japan', 81, 0, NULL, 0, '2023-11-23 05:47:00', '2023-11-23 05:48:09', 0),
(110, 'XJ', 'Jersey', 44, 0, NULL, 0, '2023-11-23 05:47:00', '2023-11-23 05:48:09', 0),
(111, 'JO', 'Jordan', 962, 0, NULL, 0, '2023-11-23 05:47:00', '2023-11-23 05:48:09', 0),
(112, 'KZ', 'Kazakhstan', 7, 0, NULL, 0, '2023-11-23 05:47:00', '2023-11-23 05:48:09', 0),
(113, 'KE', 'Kenya', 254, 0, NULL, 0, '2023-11-23 05:47:00', '2023-11-23 05:48:09', 0),
(114, 'KI', 'Kiribati', 686, 0, NULL, 0, '2023-11-23 05:47:00', '2023-11-23 05:48:09', 0),
(115, 'KP', 'Korea North', 850, 0, NULL, 0, '2023-11-23 05:47:00', '2023-11-23 05:48:09', 0),
(116, 'KR', 'Korea South', 82, 0, NULL, 0, '2023-11-23 05:47:00', '2023-11-23 05:48:09', 0),
(117, 'KW', 'Kuwait', 965, 0, NULL, 0, '2023-11-23 05:47:00', '2023-11-23 05:48:09', 0),
(118, 'KG', 'Kyrgyzstan', 996, 0, NULL, 0, '2023-11-23 05:47:00', '2023-11-23 05:48:09', 0),
(119, 'LA', 'Laos', 856, 0, NULL, 0, '2023-11-23 05:47:00', '2023-11-23 05:48:09', 0),
(120, 'LV', 'Latvia', 371, 0, NULL, 0, '2023-11-23 05:47:00', '2023-11-23 05:48:09', 0),
(121, 'LB', 'Lebanon', 961, 0, NULL, 0, '2023-11-23 05:47:00', '2023-11-23 05:48:09', 0),
(122, 'LS', 'Lesotho', 266, 0, NULL, 0, '2023-11-23 05:47:00', '2023-11-23 05:48:09', 0),
(123, 'LR', 'Liberia', 231, 0, NULL, 0, '2023-11-23 05:47:00', '2023-11-23 05:48:09', 0),
(124, 'LY', 'Libya', 218, 0, NULL, 0, '2023-11-23 05:47:00', '2023-11-23 05:48:09', 0),
(125, 'LI', 'Liechtenstein', 423, 0, NULL, 0, '2023-11-23 05:47:00', '2023-11-23 05:48:09', 0),
(126, 'LT', 'Lithuania', 370, 0, NULL, 0, '2023-11-23 05:47:00', '2023-11-23 05:48:09', 0),
(127, 'LU', 'Luxembourg', 352, 0, NULL, 0, '2023-11-23 05:47:00', '2023-11-23 05:48:09', 0),
(128, 'MO', 'Macau S.A.R.', 853, 0, NULL, 0, '2023-11-23 05:47:00', '2023-11-23 05:48:09', 0),
(129, 'MK', 'Macedonia', 389, 0, NULL, 0, '2023-11-23 05:47:00', '2023-11-23 05:48:09', 0),
(130, 'MG', 'Madagascar', 261, 0, NULL, 0, '2023-11-23 05:47:00', '2023-11-23 05:48:09', 0),
(131, 'MW', 'Malawi', 265, 0, NULL, 0, '2023-11-23 05:47:00', '2023-11-23 05:48:09', 0),
(132, 'MY', 'Malaysia', 60, 0, NULL, 0, '2023-11-23 05:47:00', '2023-11-23 05:48:09', 0),
(133, 'MV', 'Maldives', 960, 0, NULL, 0, '2023-11-23 05:47:00', '2023-11-23 05:48:09', 0),
(134, 'ML', 'Mali', 223, 0, NULL, 0, '2023-11-23 05:47:00', '2023-11-23 05:48:09', 0),
(135, 'MT', 'Malta', 356, 0, NULL, 0, '2023-11-23 05:47:00', '2023-11-23 05:48:09', 0),
(136, 'XM', 'Man (Isle of)', 44, 0, NULL, 0, '2023-11-23 05:47:00', '2023-11-23 05:48:09', 0),
(137, 'MH', 'Marshall Islands', 692, 0, NULL, 0, '2023-11-23 05:47:00', '2023-11-23 05:48:09', 0),
(138, 'MQ', 'Martinique', 596, 0, NULL, 0, '2023-11-23 05:47:00', '2023-11-23 05:48:09', 0),
(139, 'MR', 'Mauritania', 222, 0, NULL, 0, '2023-11-23 05:47:00', '2023-11-23 05:48:09', 0),
(140, 'MU', 'Mauritius', 230, 0, NULL, 0, '2023-11-23 05:47:00', '2023-11-23 05:48:09', 0),
(141, 'YT', 'Mayotte', 269, 0, NULL, 0, '2023-11-23 05:47:00', '2023-11-23 05:48:09', 0),
(142, 'MX', 'Mexico', 52, 0, NULL, 0, '2023-11-23 05:47:00', '2023-11-23 05:48:09', 0),
(143, 'FM', 'Micronesia', 691, 0, NULL, 0, '2023-11-23 05:47:00', '2023-11-23 05:48:09', 0),
(144, 'MD', 'Moldova', 373, 0, NULL, 0, '2023-11-23 05:47:00', '2023-11-23 05:48:09', 0),
(145, 'MC', 'Monaco', 377, 0, NULL, 0, '2023-11-23 05:47:00', '2023-11-23 05:48:09', 0),
(146, 'MN', 'Mongolia', 976, 0, NULL, 0, '2023-11-23 05:47:00', '2023-11-23 05:48:09', 0),
(147, 'MS', 'Montserrat', 1664, 0, NULL, 0, '2023-11-23 05:47:00', '2023-11-23 05:48:09', 0),
(148, 'MA', 'Morocco', 212, 0, NULL, 0, '2023-11-23 05:47:00', '2023-11-23 05:48:09', 0),
(149, 'MZ', 'Mozambique', 258, 0, NULL, 0, '2023-11-23 05:47:00', '2023-11-23 05:48:09', 0),
(150, 'MM', 'Myanmar', 95, 0, NULL, 0, '2023-11-23 05:47:00', '2023-11-23 05:48:09', 0),
(151, 'NA', 'Namibia', 264, 0, NULL, 0, '2023-11-23 05:47:00', '2023-11-23 05:48:09', 0),
(152, 'NR', 'Nauru', 674, 0, NULL, 0, '2023-11-23 05:47:00', '2023-11-23 05:48:09', 0),
(153, 'NP', 'Nepal', 977, 0, NULL, 0, '2023-11-23 05:47:00', '2023-11-23 05:48:09', 0),
(154, 'AN', 'Netherlands Antilles', 599, 0, NULL, 0, '2023-11-23 05:47:00', '2023-11-23 05:48:09', 0),
(155, 'NL', 'Netherlands The', 31, 0, NULL, 0, '2023-11-23 05:47:00', '2023-11-23 05:48:09', 0),
(156, 'NC', 'New Caledonia', 687, 0, NULL, 0, '2023-11-23 05:47:00', '2023-11-23 05:48:09', 0),
(157, 'NZ', 'New Zealand', 64, 0, NULL, 0, '2023-11-23 05:47:00', '2023-11-23 05:48:09', 0),
(158, 'NI', 'Nicaragua', 505, 0, NULL, 0, '2023-11-23 05:47:00', '2023-11-23 05:48:09', 0),
(159, 'NE', 'Niger', 227, 0, NULL, 0, '2023-11-23 05:47:00', '2023-11-23 05:48:09', 0),
(160, 'NG', 'Nigeria', 234, 0, NULL, 0, '2023-11-23 05:47:00', '2023-11-23 05:48:09', 0),
(161, 'NU', 'Niue', 683, 0, NULL, 0, '2023-11-23 05:47:00', '2023-11-23 05:48:09', 0),
(162, 'NF', 'Norfolk Island', 672, 0, NULL, 0, '2023-11-23 05:47:00', '2023-11-23 05:48:09', 0),
(163, 'MP', 'Northern Mariana Islands', 1670, 0, NULL, 0, '2023-11-23 05:47:00', '2023-11-23 05:48:09', 0),
(164, 'NO', 'Norway', 47, 0, NULL, 0, '2023-11-23 05:47:00', '2023-11-23 05:48:09', 0),
(165, 'OM', 'Oman', 968, 0, NULL, 0, '2023-11-23 05:47:00', '2023-11-23 05:48:09', 0),
(166, 'PK', 'Pakistan', 92, 0, NULL, 0, '2023-11-23 05:47:00', '2023-11-23 05:48:09', 0),
(167, 'PW', 'Palau', 680, 0, NULL, 0, '2023-11-23 05:47:00', '2023-11-23 05:48:09', 0),
(168, 'PS', 'Palestinian Territory Occupied', 970, 0, NULL, 0, '2023-11-23 05:47:00', '2023-11-23 05:48:09', 0),
(169, 'PA', 'Panama', 507, 0, NULL, 0, '2023-11-23 05:47:00', '2023-11-23 05:48:09', 0),
(170, 'PG', 'Papua new Guinea', 675, 0, NULL, 0, '2023-11-23 05:47:00', '2023-11-23 05:48:09', 0),
(171, 'PY', 'Paraguay', 595, 0, NULL, 0, '2023-11-23 05:47:00', '2023-11-23 05:48:09', 0),
(172, 'PE', 'Peru', 51, 0, NULL, 0, '2023-11-23 05:47:00', '2023-11-23 05:48:09', 0),
(173, 'PH', 'Philippines', 63, 0, NULL, 0, '2023-11-23 05:47:00', '2023-11-23 05:48:09', 0),
(174, 'PN', 'Pitcairn Island', 0, 0, NULL, 0, '2023-11-23 05:47:00', '2023-11-23 05:48:09', 0),
(175, 'PL', 'Poland', 48, 0, NULL, 0, '2023-11-23 05:47:00', '2023-11-23 05:48:09', 0),
(176, 'PT', 'Portugal', 351, 0, NULL, 0, '2023-11-23 05:47:00', '2023-11-23 05:48:09', 0),
(177, 'PR', 'Puerto Rico', 1787, 0, NULL, 0, '2023-11-23 05:47:00', '2023-11-23 05:48:09', 0),
(178, 'QA', 'Qatar', 974, 0, NULL, 0, '2023-11-23 05:47:00', '2023-11-23 05:48:09', 0),
(179, 'RE', 'Reunion', 262, 0, NULL, 0, '2023-11-23 05:47:00', '2023-11-23 05:48:09', 0),
(180, 'RO', 'Romania', 40, 0, NULL, 0, '2023-11-23 05:47:00', '2023-11-23 05:48:09', 0),
(181, 'RU', 'Russia', 70, 0, NULL, 0, '2023-11-23 05:47:00', '2023-11-23 05:48:09', 0),
(182, 'RW', 'Rwanda', 250, 0, NULL, 0, '2023-11-23 05:47:00', '2023-11-23 05:48:09', 0),
(183, 'SH', 'Saint Helena', 290, 0, NULL, 0, '2023-11-23 05:47:00', '2023-11-23 05:48:09', 0),
(184, 'KN', 'Saint Kitts And Nevis', 1869, 0, NULL, 0, '2023-11-23 05:47:00', '2023-11-23 05:48:09', 0),
(185, 'LC', 'Saint Lucia', 1758, 0, NULL, 0, '2023-11-23 05:47:00', '2023-11-23 05:48:09', 0),
(186, 'PM', 'Saint Pierre and Miquelon', 508, 0, NULL, 0, '2023-11-23 05:47:00', '2023-11-23 05:48:09', 0),
(187, 'VC', 'Saint Vincent And The Grenadines', 1784, 0, NULL, 0, '2023-11-23 05:47:00', '2023-11-23 05:48:09', 0),
(188, 'WS', 'Samoa', 684, 0, NULL, 0, '2023-11-23 05:47:00', '2023-11-23 05:48:09', 0),
(189, 'SM', 'San Marino', 378, 0, NULL, 0, '2023-11-23 05:47:00', '2023-11-23 05:48:09', 0),
(190, 'ST', 'Sao Tome and Principe', 239, 0, NULL, 0, '2023-11-23 05:47:00', '2023-11-23 05:48:09', 0),
(191, 'SA', 'Saudi Arabia', 966, 0, NULL, 0, '2023-11-23 05:47:00', '2023-11-23 05:48:09', 0),
(192, 'SN', 'Senegal', 221, 0, NULL, 0, '2023-11-23 05:47:00', '2023-11-23 05:48:09', 0),
(193, 'RS', 'Serbia', 381, 0, NULL, 0, '2023-11-23 05:47:00', '2023-11-23 05:48:09', 0),
(194, 'SC', 'Seychelles', 248, 0, NULL, 0, '2023-11-23 05:47:00', '2023-11-23 05:48:09', 0),
(195, 'SL', 'Sierra Leone', 232, 0, NULL, 0, '2023-11-23 05:47:00', '2023-11-23 05:48:09', 0),
(196, 'SG', 'Singapore', 65, 0, NULL, 0, '2023-11-23 05:47:00', '2023-11-23 05:48:09', 0),
(197, 'SK', 'Slovakia', 421, 0, NULL, 0, '2023-11-23 05:47:00', '2023-11-23 05:48:09', 0),
(198, 'SI', 'Slovenia', 386, 0, NULL, 0, '2023-11-23 05:47:00', '2023-11-23 05:48:09', 0),
(199, 'XG', 'Smaller Territories of the UK', 44, 0, NULL, 0, '2023-11-23 05:47:00', '2023-11-23 05:48:09', 0),
(200, 'SB', 'Solomon Islands', 677, 0, NULL, 0, '2023-11-23 05:47:00', '2023-11-23 05:48:09', 0),
(201, 'SO', 'Somalia', 252, 0, NULL, 0, '2023-11-23 05:47:00', '2023-11-23 05:48:09', 0),
(202, 'ZA', 'South Africa', 27, 0, NULL, 0, '2023-11-23 05:47:00', '2023-11-23 05:48:09', 0),
(203, 'GS', 'South Georgia', 0, 0, NULL, 0, '2023-11-23 05:47:00', '2023-11-23 05:48:09', 0),
(204, 'SS', 'South Sudan', 211, 0, NULL, 0, '2023-11-23 05:47:00', '2023-11-23 05:48:09', 0),
(205, 'ES', 'Spain', 34, 0, NULL, 0, '2023-11-23 05:47:00', '2023-11-23 05:48:09', 0),
(206, 'LK', 'Sri Lanka', 94, 0, NULL, 0, '2023-11-23 05:47:00', '2023-11-23 05:48:09', 0),
(207, 'SD', 'Sudan', 249, 0, NULL, 0, '2023-11-23 05:47:00', '2023-11-23 05:48:09', 0),
(208, 'SR', 'Suriname', 597, 0, NULL, 0, '2023-11-23 05:47:00', '2023-11-23 05:48:09', 0),
(209, 'SJ', 'Svalbard And Jan Mayen Islands', 47, 0, NULL, 0, '2023-11-23 05:47:00', '2023-11-23 05:48:09', 0),
(210, 'SZ', 'Swaziland', 268, 0, NULL, 0, '2023-11-23 05:47:00', '2023-11-23 05:48:09', 0),
(211, 'SE', 'Sweden', 46, 0, NULL, 0, '2023-11-23 05:47:00', '2023-11-23 05:48:09', 0),
(212, 'CH', 'Switzerland', 41, 0, NULL, 0, '2023-11-23 05:47:00', '2023-11-23 05:48:09', 0),
(213, 'SY', 'Syria', 963, 0, NULL, 0, '2023-11-23 05:47:00', '2023-11-23 05:48:09', 0),
(214, 'TW', 'Taiwan', 886, 0, NULL, 0, '2023-11-23 05:47:00', '2023-11-23 05:48:09', 0),
(215, 'TJ', 'Tajikistan', 992, 0, NULL, 0, '2023-11-23 05:47:00', '2023-11-23 05:48:09', 0),
(216, 'TZ', 'Tanzania', 255, 0, NULL, 0, '2023-11-23 05:47:00', '2023-11-23 05:48:09', 0),
(217, 'TH', 'Thailand', 66, 0, NULL, 0, '2023-11-23 05:47:00', '2023-11-23 05:48:09', 0),
(218, 'TG', 'Togo', 228, 0, NULL, 0, '2023-11-23 05:47:00', '2023-11-23 05:48:09', 0),
(219, 'TK', 'Tokelau', 690, 0, NULL, 0, '2023-11-23 05:47:00', '2023-11-23 05:48:09', 0),
(220, 'TO', 'Tonga', 676, 0, NULL, 0, '2023-11-23 05:47:00', '2023-11-23 05:48:09', 0),
(221, 'TT', 'Trinidad And Tobago', 1868, 0, NULL, 0, '2023-11-23 05:47:00', '2023-11-23 05:48:09', 0),
(222, 'TN', 'Tunisia', 216, 0, NULL, 0, '2023-11-23 05:47:00', '2023-11-23 05:48:09', 0),
(223, 'TR', 'Turkey', 90, 0, NULL, 0, '2023-11-23 05:47:00', '2023-11-23 05:48:09', 0),
(224, 'TM', 'Turkmenistan', 7370, 0, NULL, 0, '2023-11-23 05:47:00', '2023-11-23 05:48:09', 0),
(225, 'TC', 'Turks And Caicos Islands', 1649, 0, NULL, 0, '2023-11-23 05:47:00', '2023-11-23 05:48:09', 0),
(226, 'TV', 'Tuvalu', 688, 0, NULL, 0, '2023-11-23 05:47:00', '2023-11-23 05:48:09', 0),
(227, 'UG', 'Uganda', 256, 0, NULL, 0, '2023-11-23 05:47:00', '2023-11-23 05:48:09', 0),
(228, 'UA', 'Ukraine', 380, 0, NULL, 0, '2023-11-23 05:47:00', '2023-11-23 05:48:09', 0),
(229, 'AE', 'United Arab Emirates', 971, 0, NULL, 0, '2023-11-23 05:47:00', '2023-11-23 05:48:09', 0),
(230, 'GB', 'United Kingdom', 44, 0, NULL, 0, '2023-11-23 05:47:00', '2023-11-23 05:48:09', 0),
(231, 'US', 'United States', 1, 0, NULL, 0, '2023-11-23 05:47:00', '2023-11-23 05:48:09', 0),
(232, 'UM', 'United States Minor Outlying Islands', 1, 0, NULL, 0, '2023-11-23 05:47:00', '2023-11-23 05:48:09', 0),
(233, 'UY', 'Uruguay', 598, 0, NULL, 0, '2023-11-23 05:47:00', '2023-11-23 05:48:09', 0),
(234, 'UZ', 'Uzbekistan', 998, 0, NULL, 0, '2023-11-23 05:47:00', '2023-11-23 05:48:09', 0),
(235, 'VU', 'Vanuatu', 678, 0, NULL, 0, '2023-11-23 05:47:00', '2023-11-23 05:48:09', 0),
(236, 'VA', 'Vatican City State (Holy See)', 39, 0, NULL, 0, '2023-11-23 05:47:00', '2023-11-23 05:48:09', 0),
(237, 'VE', 'Venezuela', 58, 0, NULL, 0, '2023-11-23 05:47:00', '2023-11-23 05:48:09', 0),
(238, 'VN', 'Vietnam', 84, 0, NULL, 0, '2023-11-23 05:47:00', '2023-11-23 05:48:09', 0),
(239, 'VG', 'Virgin Islands (British)', 1284, 0, NULL, 0, '2023-11-23 05:47:00', '2023-11-23 05:48:09', 0),
(240, 'VI', 'Virgin Islands (US)', 1340, 0, NULL, 0, '2023-11-23 05:47:00', '2023-11-23 05:48:09', 0),
(241, 'WF', 'Wallis And Futuna Islands', 681, 0, NULL, 0, '2023-11-23 05:47:00', '2023-11-23 05:48:09', 0),
(242, 'EH', 'Western Sahara', 212, 0, NULL, 0, '2023-11-23 05:47:00', '2023-11-23 05:48:09', 0),
(243, 'YE', 'Yemen', 967, 0, NULL, 0, '2023-11-23 05:47:00', '2023-11-23 05:48:09', 0),
(244, 'YU', 'Yugoslavia', 38, 0, NULL, 0, '2023-11-23 05:47:00', '2023-11-23 05:48:09', 0),
(245, 'ZM', 'Zambia', 260, 0, NULL, 0, '2023-11-23 05:47:00', '2023-11-23 05:48:09', 0),
(246, 'ZW', 'Zimbabwe', 263, 0, NULL, 0, '2023-11-23 05:47:00', '2023-11-23 05:48:09', 0);

-- --------------------------------------------------------

--
-- Table structure for table `credit_note`
--

CREATE TABLE `credit_note` (
  `CreditNoteId` int NOT NULL,
  `CreditNoteNumber` varchar(80) DEFAULT NULL,
  `CustomerId` int DEFAULT '0',
  `Amount` varchar(80) DEFAULT NULL,
  `CreditNoteDate` date DEFAULT NULL,
  `Attachment` varchar(180) DEFAULT NULL,
  `Particulars` varchar(255) DEFAULT NULL,
  `Active` tinyint(1) DEFAULT '1',
  `RecordId` varchar(20) DEFAULT NULL,
  `CreatedBy` int DEFAULT '0',
  `CreatedAt` timestamp NULL DEFAULT CURRENT_TIMESTAMP,
  `UpdatedBy` int DEFAULT '0',
  `UpdatedAt` timestamp NULL DEFAULT CURRENT_TIMESTAMP,
  `InvoiceId` int DEFAULT '0'
) ENGINE=InnoDB DEFAULT CHARSET=utf8mb4 COLLATE=utf8mb4_0900_ai_ci;

--
-- Dumping data for table `credit_note`
--

INSERT INTO `credit_note` (`CreditNoteId`, `CreditNoteNumber`, `CustomerId`, `Amount`, `CreditNoteDate`, `Attachment`, `Particulars`, `Active`, `RecordId`, `CreatedBy`, `CreatedAt`, `UpdatedBy`, `UpdatedAt`, `InvoiceId`) VALUES
(1, 'TT-001', 65, '100', '2025-07-04', 'https://dmsfinance-download.s3.amazonaws.com/SBLTDocs/20250704040811/1/4928685150.pdf', 'TabTree Test', 1, '1751602101590', 1, '2025-07-04 04:08:32', 1, '2025-07-04 04:08:37', 0),
(2, 'SBLT/25-26/CR051', 56, '4221.95', '2025-07-04', '', 'Credit Note for the Month of June\'2025', 1, '1752142014790', 2, '2025-07-10 10:08:00', 2, '2026-01-30 09:26:24', 506),
(3, 'SBLT/25-26/CR033', 9, '90447.84', '2025-06-01', '', 'Hire Charges Reversal for the Month of June\'2025', 1, '1752657175191', 2, '2025-07-16 09:14:02', 2, '2025-07-16 09:14:02', 0),
(4, 'SBLT/25-26/CR045', 13, '1405165.44', '2025-06-01', '', 'Hire Charges Reversal for the Month of May\'2025', 1, '1752657210152', 2, '2025-07-16 09:14:37', 2, '2025-07-16 09:14:37', 0),
(5, 'SBLT/25-26/CR032', 63, '4550.00', '2025-06-03', '', 'Hire Charges Reversal for the Month of May\'2025', 1, '1752657290185', 2, '2025-07-16 09:15:57', 2, '2025-07-16 09:15:57', 0),
(6, 'SBLT/25-26/CR038', 14, '2723.84', '2025-06-10', '', 'Hire Charges Reversal for the Month of May\'2025', 1, '1752659858446', 2, '2025-07-16 09:58:46', 2, '2026-03-05 05:57:34', 917),
(7, 'SBLT/25-26/CR040', 69, '86240.00', '2025-06-13', '', 'Hire Charges Reversal for the Month of May\'2025', 1, '1752659900001', 2, '2025-07-16 09:59:27', 2, '2025-07-16 09:59:27', 0),
(8, 'SBLT/25-26/CR041', 49, '523055.00', '2025-06-20', '', 'Hire Charges Reversal for the Month of May\'2025', 1, '1752659938585', 2, '2025-07-16 10:00:06', 2, '2025-07-16 10:00:06', 0),
(9, 'SBLT/25-26/CR095', 9, '158369.00', '2025-10-01', '', 'Hire Charges Reversal for September\'2025 -Reference Invoice No : SBLT/25-26/0825  Date : 01-10-2025', 1, '1763720755989', 2, '2025-11-21 10:27:50', 2, '2025-11-21 11:10:35', 0),
(10, 'SBLT/25-26/CR112', 3, '421017', '2025-11-13', '', 'Credit Note for the Month of October\'2025', 1, '1765971082271', 2, '2025-12-17 11:33:31', 2, '2025-12-17 11:33:31', 464),
(11, 'SBLT/25-26/CR117', 43, '454086.08', '2025-11-10', '', 'Credit Note for the Month of 1 to 21 September\'2025', 1, '1769255608942', 2, '2026-01-24 11:53:48', 2, '2026-01-24 11:53:48', 482),
(12, 'SBLT/25-26/CR019', 56, '40950.00', '2025-05-23', '', 'Credit Note for the Month of April\'2025', 1, '1769690596257', 2, '2026-01-29 12:43:36', 2, '2026-01-29 12:43:36', 496),
(13, 'SBLT/25-26/CR020', 56, '1255.80', '2025-05-23', '', 'Credit Note for the Period of April\'2025', 1, '1769690714544', 2, '2026-01-29 12:45:34', 2, '2026-01-29 12:45:34', 496),
(14, 'SBLT/25-26/CR021', 56, '4177.98', '2025-05-23', '', 'Credit Note for the Month of April\'2025', 1, '1769690834867', 2, '2026-01-29 12:47:34', 2, '2026-01-29 12:47:34', 496),
(15, 'SBLT/25-26/CR042', 56, '44100.00', '2025-06-20', '', 'Credit Note for the Month of May\'2025', 1, '1769764173334', 2, '2026-01-30 09:09:53', 2, '2026-01-30 09:09:53', 427),
(16, 'SBLT/25-26/CR043', 56, '1298.59', '2025-06-20', '', ' Credit Note for the Period of May\'2025 ', 1, '1769764291338', 2, '2026-01-30 09:11:51', 2, '2026-01-30 09:15:17', 427),
(17, 'SBLT/25-26/CR044', 56, '5827.17', '2025-06-20', '', 'Credit Note for the Month of May\'2025', 1, '1769764376832', 2, '2026-01-30 09:13:17', 2, '2026-01-30 09:13:17', 427),
(18, 'SBLT/25-26/CR049', 56, '28350.00', '2025-07-04', '', 'Credit Note for the Month of June\'2025', 1, '1769764636804', 2, '2026-01-30 09:17:37', 2, '2026-01-30 09:17:37', 501),
(19, 'SBLT/25-26/CR050', 56, '236.78', '2025-07-04', '', 'Credit Note for the Period of June\'2025', 1, '1769764738996', 2, '2026-01-30 09:19:19', 2, '2026-01-30 09:19:19', 501),
(20, 'SBLT/25-26/CR073', 56, '7350.00', '2025-09-01', '', 'Credit Note for the Month of July\'2025', 1, '1769764949903', 2, '2026-01-30 09:22:50', 2, '2026-01-30 09:22:50', 506),
(21, 'SBLT/25-26/CR074', 56, '852.10', '2025-09-01', '', 'Credit Note for the Period of July\'2025', 1, '1769765042928', 2, '2026-01-30 09:24:23', 2, '2026-01-30 09:24:23', 506),
(22, 'SBLT/25-26/CR075', 56, '197.90', '2025-09-01', '', 'Credit Note for the Month of July\'2025', 1, '1769765116750', 2, '2026-01-30 09:25:37', 2, '2026-01-30 09:25:37', 506),
(23, 'SBLT/25-26/CR082', 56, '1028.48', '2025-09-15', '', 'Credit Note for the Month of August\'2025', 1, '1769765343008', 2, '2026-01-30 09:29:24', 2, '2026-01-30 09:29:24', 514),
(24, 'SBLT/25-26/CR083', 56, '15436.52', '2025-09-15', '', 'Credit Note for the Month of August\'2025', 1, '1769765456264', 2, '2026-01-30 09:31:16', 2, '2026-01-30 09:31:16', 514),
(25, 'SBLT/25-26/CR100', 56, '1420.66', '2025-10-13', '', 'Credit Note for the Month of September\'2025', 1, '1769765623865', 2, '2026-01-30 09:34:04', 2, '2026-01-30 09:34:04', 501),
(26, 'SBLT/25-26/CR101', 56, '10400.95', '2025-10-13', '', 'Credit Note for the Period of September\'2025', 1, '1769765745395', 2, '2026-01-30 09:36:05', 2, '2026-01-30 09:36:05', 501),
(27, 'SBLT/25-26/CR102', 56, '38325.00', '2025-10-13', '', 'Credit Note for the Period of September\'2025', 1, '1769765814395', 2, '2026-01-30 09:37:14', 2, '2026-01-30 09:37:14', 501),
(28, 'SBLT/25-26/CR113', 56, '1149.44', '2025-11-20', '', 'Credit Note for the Period of October\'2025', 1, '1769766037005', 2, '2026-01-30 09:40:57', 2, '2026-01-30 09:40:57', 521),
(29, 'SBLT/25-26/CR114', 56, '6052.57', '2025-11-20', '', 'Credit Note for the Month of October\'2025', 1, '1769766105076', 2, '2026-01-30 09:42:05', 2, '2026-01-30 09:42:05', 521),
(30, 'SBLT/25-26/CR115', 56, '36750.00', '2025-11-20', '', 'Credit Note for the Month of October\'2025', 1, '1769766187972', 2, '2026-01-30 09:43:28', 2, '2026-01-30 09:43:28', 521),
(31, 'SBLT/25-26/CR128', 56, '1033.20', '2025-12-12', '', 'Credit Note for the Period of November\'2025', 1, '1769766372862', 2, '2026-01-30 09:46:33', 2, '2026-01-30 09:46:33', 526),
(32, 'SBLT/25-26/CR129', 56, '2913.58', '2025-12-12', '', 'Credit Note for the Month of November\'2025', 1, '1769766453956', 2, '2026-01-30 09:47:54', 2, '2026-01-30 09:47:54', 526),
(33, 'SBLT/25-26/CR130', 56, '4200', '2025-12-12', '', 'Credit Note for the Month of November2025', 1, '1769766518205', 2, '2026-01-30 09:48:58', 2, '2026-01-30 09:48:58', 526),
(34, 'SBLT/25-26/CR156', 56, '1513.78', '2026-01-27', '', 'Credit Note for the Period of December\'2025', 1, '1769766626180', 2, '2026-01-30 09:50:46', 2, '2026-01-30 09:50:46', 531),
(35, 'SBLT/25-26/CR157', 56, '2220.92', '2026-01-27', '', 'Credit Note for the Month of December\'2025', 1, '1769766768743', 2, '2026-01-30 09:53:09', 2, '2026-01-30 09:53:09', 531),
(36, 'SBLT/25-26/CR158', 56, '29400.00', '2026-01-27', '', 'Credit Note for the Month of December\'2025', 1, '1769766844464', 2, '2026-01-30 09:54:24', 2, '2026-01-30 09:54:24', 531),
(37, 'SBLT/25-26/CR036', 46, '2097724.16', '2025-06-06', '', 'Hire Charges Reversal for the Month of April\'2025', 1, '1770884908705', 2, '2026-02-12 08:28:56', 2, '2026-02-12 08:28:56', 647),
(38, 'SBLT/25-26/CR052', 41, '286050.24', '2025-07-01', '', 'Hire Charges Reversal for the Month of June\'2025', 1, '1770897400256', 2, '2026-02-12 11:57:08', 2, '2026-02-12 11:57:08', 461),
(39, 'SBLT/25-26/CR011', 63, '4150.00', '2025-05-03', '', 'Credit Note for the Month of April\'2025', 1, '1770960662321', 2, '2026-02-13 05:31:31', 2, '2026-02-13 05:31:31', 0),
(40, 'SBLT/25-26/CR047', 63, '9400.00', '2025-07-02', '', 'Credit Note for the Month of June 2025', 1, '1770961775989', 2, '2026-02-13 05:50:04', 2, '2026-02-13 05:50:04', 352),
(41, 'SBLT/25-26/CR064', 63, '3750.00', '2025-08-02', '', 'Credit Note for the Month of July\'2025', 1, '1770961893863', 2, '2026-02-13 05:52:02', 2, '2026-02-13 05:52:02', 677),
(42, 'SBLT/25-26/CR076', 63, '4950.00', '2025-09-02', '', 'Credit Note Charges for the Month Of August 2025', 1, '1770962464381', 2, '2026-02-13 06:01:33', 2, '2026-02-13 06:01:33', 676),
(43, 'SBLT/25-26/CR094', 63, '4150.00', '2025-10-03', '', 'Credit Note Charges for the Month of September\'2025', 1, '1770963106980', 2, '2026-02-13 06:12:15', 2, '2026-02-13 06:12:15', 678),
(44, 'SBLT/25-26/CR108', 63, '3750.00', '2025-11-04', '', 'Credit Note Charges for the Month of October 2025', 1, '1770963586102', 2, '2026-02-13 06:20:14', 2, '2026-02-13 06:20:14', 679),
(45, 'SBLT/25-26/CR124', 63, '4150.00', '2025-12-02', '', 'Credit Note Charges for the Month of November 2025', 1, '1770964049271', 2, '2026-02-13 06:27:58', 2, '2026-02-13 06:27:58', 680),
(46, 'SBLT/25-26/CR008', 16, '3707.20', '2025-04-26', '', 'Credit Note for the Month of April\'2025', 1, '1771043023779', 2, '2026-02-14 04:24:13', 2, '2026-02-14 04:24:13', 0),
(47, 'SBLT/25-26/CR030', 16, '3640.00', '2025-05-26', '', 'Credit Note for the Month of May\'2025', 1, '1771043099086', 2, '2026-02-14 04:25:28', 2, '2026-02-14 04:26:52', 0),
(48, 'SBLT/25-26/CR046', 16, '4726.40', '2025-06-26', '', 'Credit Note for the Month of June\'2025 ', 1, '1771043303419', 2, '2026-02-14 04:28:52', 2, '2026-02-14 04:28:52', 0),
(49, 'SBLT/25-26/CR063', 16, '5779.20', '2025-07-26', '', 'Credit Note for the Month of July\'2025', 1, '1771043401459', 2, '2026-02-14 04:30:30', 2, '2026-02-14 04:30:30', 0),
(50, 'SBLT/25-26/CR072', 16, '5264.00', '2025-08-26', '', 'Credit Note for the Month of August\'2025', 1, '1771043609086', 2, '2026-02-14 04:33:58', 2, '2026-02-14 04:33:58', 0),
(51, 'SBLT/25-26/CR092', 16, '5779.20', '2025-09-21', '', 'Credit Note for the Month of September\'2025', 1, '1771043796267', 2, '2026-02-14 04:37:05', 2, '2026-02-14 04:37:05', 0),
(52, 'SBLT/25-26/CR107', 16, '4200.80', '2025-10-26', '', 'Credit Note for the Month of October\'2025', 1, '1771043906635', 2, '2026-02-14 04:38:56', 2, '2026-02-14 04:38:56', 0),
(53, 'SBLT/25-26/CR123', 16, '5640.40', '2025-11-26', '', 'Credit Note for the Month of November\'2025', 1, '1771044017974', 2, '2026-02-14 04:40:47', 2, '2026-02-14 04:40:47', 0),
(54, 'SBLT/25-26/CR145', 16, '5947.20', '2025-12-26', '', 'Credit Note for the Month of December\'2025', 1, '1771044096847', 2, '2026-02-14 04:42:06', 2, '2026-02-14 04:42:06', 0),
(55, 'SBLT/25-26/CR168', 16, '5664.00', '2026-02-01', '', 'Credit Note for the Month of December\'2025', 1, '1771044227593', 2, '2026-02-14 04:44:17', 2, '2026-02-14 04:44:17', 0),
(56, 'SBLT/25-26/CR018', 24, '133432.32', '2025-05-14', '', 'Credit Note for the Month of March\'2025', 1, '1771052350957', 2, '2026-02-14 06:59:40', 2, '2026-02-14 06:59:40', 576),
(57, 'SBLT/25-26/CR037', 24, '44800.00', '2025-06-09', '', 'Credit Note for the Month of April\'2025', 1, '1771052451997', 2, '2026-02-14 07:01:21', 2, '2026-02-14 07:01:21', 576),
(58, 'SBLT/25-26/CR170', 55, '968796.52', '2026-02-01', '', 'Credit Note for the Month of December\'2025', 1, '1771231181832', 2, '2026-02-16 08:40:12', 2, '2026-02-16 08:40:12', 786),
(59, 'SBLT/25-26/CR096', 75, '2907.52', '2025-10-02', '', 'Hire Charges Reversal for Month of September\'2025', 1, '1772518405406', 2, '2026-03-03 06:13:53', 2, '2026-03-03 06:13:53', 0),
(60, 'SBLT/25-26/CR089', 37, '608227.20', '2025-09-24', '', 'Hire Charges Reversal for the Month of July\'2025', 1, '1772601799686', 2, '2026-03-04 05:23:48', 2, '2026-03-04 05:24:47', 842),
(61, 'SBLT/25-26/CR118', 50, '4202.00', '2025-11-20', '', 'Credit Note for the Month of September\'2025', 1, '1772618378128', 2, '2026-03-04 10:00:07', 2, '2026-03-04 10:00:07', 890),
(62, 'SBLT/25-26/CR122', 10, '913178.40', '2025-11-01', '', 'Hire Charges Reversal for the Month of Oct\'2025', 1, '1773382013802', 2, '2026-03-13 06:07:14', 2, '2026-03-13 06:07:14', 1097),
(63, 'SBLT/25-26/CR174', 10, '5900.00', '2026-02-25', '', 'Credit Note for the Month of January\'2026', 1, '1773382111707', 2, '2026-03-13 06:08:52', 2, '2026-03-13 06:08:52', 1107),
(64, 'SBLT/25-26/CR061', 13, '1255845.92', '2025-07-23', '', 'Hire Charges Reversal for the Month of June\'2025', 1, '1773482919052', 2, '2026-03-14 10:09:00', 2, '2026-03-14 10:14:48', 457),
(65, 'SBLT/25-26/CR062', 13, '6361.60', '2025-07-23', '', 'Toll Charges Reversal for the Month of June\'2025', 1, '1773483104470', 2, '2026-03-14 10:12:06', 2, '2026-03-14 10:13:39', 458),
(66, 'SBLT/25-26/CR133', 13, '206347.68', '2025-12-01', '', ' Hire Charges Reversal for The Month of June\'2025', 1, '1773483434806', 2, '2026-03-14 10:17:36', 2, '2026-03-14 10:17:36', 1237),
(67, 'SBLT/25-26/CR134', 13, '208751.20', '2025-12-01', '', 'Hire Charges Reversal for The Month of July\'2025', 1, '1773483510054', 2, '2026-03-14 10:18:51', 2, '2026-03-14 10:18:51', 1238),
(68, 'SBLT/25-26/CR135', 13, '207018.56', '2025-12-01', '', 'Hire Charges for the Month of August\'2025', 1, '1773483590621', 2, '2026-03-14 10:20:12', 2, '2026-03-14 10:20:12', 1241),
(69, 'SBLT/25-26/CR136', 13, '172542.72', '2025-12-01', '', 'Hire Charges Reversal for The Month of September\'2025', 1, '1773483686815', 2, '2026-03-14 10:21:48', 2, '2026-03-14 10:21:48', 1245),
(70, 'SBLT/25-26/CR137', 13, '657667.65', '2025-12-01', '', 'Hire Charges for the Month of September 2025', 1, '1773483781102', 2, '2026-03-14 10:23:22', 2, '2026-03-14 10:23:22', 1243),
(71, 'SBLT/25-26/CR138', 13, '7067.20', '2025-12-01', '', ' Toll Charges Reversal for The Month of September\'2025', 1, '1773483991809', 2, '2026-03-14 10:26:53', 2, '2026-03-14 10:26:53', 1244),
(72, 'SBLT/25-26/CR139', 13, '108479.84', '2025-12-01', '', 'Hire Charges Reversal for The Month of September\'2025', 1, '1773484072737', 2, '2026-03-14 10:28:14', 2, '2026-03-14 10:28:14', 1246),
(73, 'SBLT/25-26/CR140', 13, '116196.96', '2025-12-01', '', 'Hire Charges Reversal for The Month of September\'2025', 1, '1773484147186', 2, '2026-03-14 10:29:28', 2, '2026-03-14 10:29:28', 1247),
(74, 'SBLT/25-26/CR141', 13, '1079.70', '2025-12-01', '', ' Toll Charges Reversal for The Month of September\'2025', 1, '1773484204673', 2, '2026-03-14 10:30:26', 2, '2026-03-14 10:30:26', 1248),
(75, 'SBLT/25-26/CR142', 13, '27821.75', '2025-12-01', '', 'Hire Charges Reversal for The Month of September\'2025', 1, '1773484291019', 2, '2026-03-14 10:31:52', 2, '2026-03-14 10:31:52', 1249),
(76, 'SBLT/25-26/CR143', 13, '25013.64', '2025-12-01', '', 'Hire Charges Reversal for The Month of September\'2025', 1, '1773485410963', 2, '2026-03-14 10:50:32', 2, '2026-03-14 10:50:32', 1250),
(77, 'SBLT/25-26/CR106', 30, '65790.90', '2026-10-13', '', 'Credit Note Charges for the Month of August 2025', 1, '1774265028444', 2, '2026-03-23 11:24:17', 2, '2026-03-23 11:24:17', 945),
(78, 'SBLT/25-26/CR120', 27, '7994.50', '2025-11-01', '', 'Reversal for Toll Charges for The Month of August\'2025', 1, '1774355890378', 2, '2026-03-24 12:38:39', 2, '2026-03-24 12:38:39', 1353),
(79, 'SBLT/25-26/CR121', 27, '3988.40', '2025-11-01', '', 'Reversal for Toll Charges for The Month of September\'2025', 1, '1774355975794', 2, '2026-03-24 12:40:04', 2, '2026-03-24 12:40:04', 1355),
(80, 'SBLT/25-26/CR022', 27, '4516.96', '2025-05-23', '', 'Hire Charges Reversal for the Month of February\'25', 1, '1774517960432', 2, '2026-03-26 09:39:50', 2, '2026-03-26 09:39:50', 162),
(81, 'SBLT/25-26/CR015', 57, '22267.84', '2026-04-07', '', 'Oncall Charges Reversal For the Month of December\'2024', 1, '1775553677624', 2, '2026-04-07 09:21:56', 2, '2026-04-07 10:04:16', 264),
(82, 'SBLT/25-26/CR031', 57, '861.00', '2025-05-29', '', 'Oncall Charges Reversal For the Month of January\'2025', 1, '1775553755018', 2, '2026-04-07 09:23:13', 2, '2026-04-07 10:07:51', 264),
(83, 'SBLT/25-26/CR144', 57, '1535.18', '2025-12-20', '', 'Credit Note for the Month of Nov\'25', 1, '1775553982738', 2, '2026-04-07 09:27:01', 2, '2026-04-07 09:27:01', 1431),
(84, 'SBLT/25-26/CR196', 57, '266.00', '2026-04-07', '', 'Payment Receipt for March\'2025', 1, '1775555727811', 2, '2026-04-07 09:56:06', 2, '2026-04-07 09:56:42', 1457),
(85, 'SBLT/25-26/CR201', 57, '170948.40', '2026-03-26', '', 'Reversal of Hire Charges for the Month of January\'2026', 1, '1775555892672', 2, '2026-04-07 09:58:51', 2, '2026-04-07 09:58:51', 1467),
(86, 'SBLT/25-26/CR202', 57, '14813.40', '2026-03-26', '', 'Payment Receipt for Feb\'2026', 1, '1775555997783', 2, '2026-04-07 10:00:36', 2, '2026-04-07 10:00:36', 1468);

-- --------------------------------------------------------

--
-- Table structure for table `customer`
--

CREATE TABLE `customer` (
  `CustomerId` int NOT NULL,
  `CustomerName` varchar(90) DEFAULT NULL,
  `ShortName` varchar(90) DEFAULT NULL,
  `MobileNumber` varchar(20) DEFAULT NULL,
  `CategoryId` int DEFAULT NULL,
  `EmailId` varchar(90) DEFAULT NULL,
  `LandlineNumber` varchar(90) DEFAULT NULL,
  `IsGst` tinyint(1) DEFAULT '0',
  `GSTNumber` varchar(30) DEFAULT NULL,
  `Active` tinyint(1) DEFAULT '1',
  `RecordId` varchar(20) DEFAULT NULL,
  `CreatedBy` int DEFAULT '0',
  `FeedbackTemplateId` int DEFAULT NULL,
  `FeedbackRecurringDays` int DEFAULT NULL,
  `isFeedbackSubmited` tinyint(1) DEFAULT '0',
  `TicketAccountId` int DEFAULT NULL,
  `CreatedAt` timestamp NULL DEFAULT CURRENT_TIMESTAMP,
  `UpdatedBy` int DEFAULT '0',
  `UpdatedAt` timestamp NULL DEFAULT CURRENT_TIMESTAMP,
  `ClientCode` varchar(90) DEFAULT NULL,
  `RegionId` int DEFAULT NULL
) ENGINE=InnoDB DEFAULT CHARSET=utf8mb4 COLLATE=utf8mb4_0900_ai_ci;

--
-- Dumping data for table `customer`
--

INSERT INTO `customer` (`CustomerId`, `CustomerName`, `ShortName`, `MobileNumber`, `CategoryId`, `EmailId`, `LandlineNumber`, `IsGst`, `GSTNumber`, `Active`, `RecordId`, `CreatedBy`, `FeedbackTemplateId`, `FeedbackRecurringDays`, `isFeedbackSubmited`, `TicketAccountId`, `CreatedAt`, `UpdatedBy`, `UpdatedAt`, `ClientCode`, `RegionId`) VALUES
(1, 'Bharat FIH  Limited', 'BFIH', '8072262870', 1, 'hemusprg1417@gmail.com', '', 0, '', 1, '1739529035824', 1, 1, 30, 0, 5, '2025-02-14 10:27:53', 2, '2025-06-24 08:48:10', 'CUST001', 1),
(2, 'Isuzu Motors India Private Limited', 'ISUZU', '9940427258', 1, 'yuvaraj.r@isuzu-india.com', '', 0, '', 1, '1739531237549', 1, 1, 30, 0, 6, '2025-02-14 11:04:34', 2, '2025-06-24 08:33:00', 'CUST002', 1),
(3, 'Colgate Palmolive (India) Limited', 'COLGATE', '8328008226', 1, 'bp_raja_sekhar@colpal.com', '', 0, '', 1, '1739533710257', 1, 1, 30, 0, 7, '2025-02-14 11:45:47', 2, '2025-06-24 09:04:52', 'CUST003', 1),
(4, 'Astrotech Steels Private Limited', 'ASTROTECH', '8576309100', 1, 'sheikabdul@astrotechsteels.com', '', 0, '', 1, '1739533868050', 1, 1, 30, 0, 8, '2025-02-14 11:48:25', 2, '2025-06-24 09:05:04', 'CUST004', 1),
(5, 'Kikuwa India Private Limited', 'KIKUWA', '7680908915', 1, 'accounting@kikuwa.co.in', '', 0, '', 1, '1739534018871', 1, 1, 30, 0, 9, '2025-02-14 11:50:55', 2, '2025-06-24 09:05:12', 'CUST006', 1),
(6, 'Piramal Pharma Limited', 'PIRAMAL', '9884663330', 1, 'Subburaj.G@piramal.com', '', 0, '', 1, '1739534381654', 1, 1, 30, 0, 10, '2025-02-14 11:56:58', 2, '2025-06-24 09:05:22', 'CUST009', 2),
(7, 'Caparo Engineering  India Limited', 'CAPARO', '9994216381', 1, 'srikanth.e@caparo.co.in', '', 0, '', 1, '1739535271856', 1, 1, 30, 0, 11, '2025-02-14 12:11:49', 2, '2025-06-24 09:05:30', 'CUST011', 2),
(8, 'Foxconn Technology India Private Limited', 'FOXCONN', '8056207227', 1, 'Nwe-ind-hrd@mail.foxconn.com', '', 0, '', 1, '1739535377831', 1, 1, 30, 0, 12, '2025-02-14 12:13:34', 2, '2025-06-24 09:05:45', 'CUST012', 2),
(9, 'Turbo Energy Pvt Limited,', 'TURBO', '9843412271', 1, 'natarajan.p@turboenergy.co.in', '', 0, '', 1, '1739535571455', 1, 1, 30, 0, 13, '2025-02-14 12:16:48', 2, '2025-06-24 09:05:54', 'CUST015', 2),
(10, 'J.K.Tyres Industries Limited', 'JK', '9500169000', 1, 'sahay@jkmail.com', '', 0, '', 1, '1739535666004', 1, 1, 30, 0, 14, '2025-02-14 12:18:23', 2, '2025-06-24 09:06:06', 'CUST016', 2),
(11, 'Vishay Precision Transducers India Pvt Ltd.', 'VISHAY', '9884447195', 1, 'Senthilkumar.muthaiyan@vpgsensors.com', '', 0, '', 1, '1739535849236', 1, 1, 30, 0, 15, '2025-02-14 12:21:26', 2, '2025-06-24 09:06:18', 'CUST017', 2),
(12, 'Pricol Precision Products Private Limited', 'SACL', '9791009990', 1, 'mahadevan@sacl.co.in', '', 0, '', 1, '1739590424218', 1, 1, 30, 0, 16, '2025-02-15 03:33:50', 2, '2025-06-24 07:54:58', 'CUST019', 2),
(13, 'Sundaram Clayton (P) Limited', 'SCL', '7540040995', 1, 'bosevasanth746@gmail.com', '', 0, '', 1, '1739590532202', 1, 1, 30, 0, 17, '2025-02-15 03:35:38', 2, '2025-06-24 09:06:27', 'CUST020', 2),
(14, 'Prospira India Automotive Products Pvt Ltd', 'PROSPIRA', '9840585748', 1, 'bhagavathi@bsia.co.in', '', 0, '', 1, '1739590661690', 1, 1, 30, 0, 18, '2025-02-15 03:37:47', 2, '2025-06-24 09:06:35', 'CUST022', 2),
(15, 'Birlanu Limited', 'Birlanu', '9444444893', 1, 'sahaya.n@hil.in', '', 0, '', 0, '1739590776769', 1, 1, 30, 0, 19, '2025-02-15 03:39:43', 2, '2025-07-23 10:06:48', 'CUST027', 2),
(16, 'Reynolds Pens India Pvt Ltd', 'REYNOLDS', '9841699912', 1, 'geralda.parthinathan@newellco.com', '', 0, '', 1, '1739590885401', 1, 1, 30, 0, 20, '2025-02-15 03:41:31', 2, '2026-01-30 05:57:16', 'CUST040', 2),
(17, 'Injecto Plast Pvt Ltd', 'IPC', '8939996126', 1, 'injecto.c@injectoplast.com', '', 0, '', 1, '1739591053953', 1, 1, 30, 0, 21, '2025-02-15 03:44:20', 2, '2025-06-24 09:06:50', 'CUST041', 2),
(18, 'Transworld Breweries and Distilleries Ltd', 'TBDL', '9840865153', 1, 'srubakumar@mbdl.co.in', '', 0, '', 1, '1739591199209', 1, 1, 30, 0, 22, '2025-02-15 03:46:45', 2, '2025-06-24 09:07:04', 'CUST043', 2),
(19, 'Bharat FIH Limited - TN Plant', 'BFIH', '9894519633', 1, 'kumar.r@mail.foxconn.com', '', 0, '', 1, '1739591335033', 1, 1, 30, 0, 23, '2025-02-15 03:49:01', 2, '2025-06-24 09:07:16', 'CUST044', 2),
(20, 'India Metal One Steel Plate Processing Pvt Ltd', 'IMOP', '9551056709', 1, 'vk.ganesh@imop.co.in', '', 0, '', 1, '1739591453560', 1, 1, 30, 0, 24, '2025-02-15 03:50:59', 2, '2025-06-24 09:08:12', 'CUST045', 1),
(21, 'Ashok Leyland Limited - SPU', 'AL', '9677123321', 1, 'vijay.g2@ashokleyland.com', '', 0, '', 1, '1739591595088', 1, 1, 30, 0, 25, '2025-02-15 03:53:21', 2, '2025-06-24 09:08:26', 'CUST046', 2),
(22, 'Foxconn Hon Hai Technology India Mega Development Pvt Ltd', 'FOXCONN HONHAI', '8870445934', 1, 'kripa.shankar@foxconn.com', '', 0, '', 1, '1739591712215', 1, 1, 30, 0, 26, '2025-02-15 03:55:18', 2, '2025-06-24 09:08:35', 'CUST048', 2),
(23, 'Aisan Auto Parts India Pvt Ltd', 'AISAN', '7810822216', 1, 'hr.manager@aisan-aai.co.in', '', 0, '', 1, '1739591963847', 1, 1, 30, 0, 27, '2025-02-15 03:59:30', 2, '2025-06-24 09:08:47', 'CUST049', 1),
(24, 'Doosan Bobcat India Pvt Ltd', 'DOOSAN', '9790867048', 1, 'dbin.admin1@doosan.com', '', 0, '', 1, '1739592069391', 1, 1, 30, 0, 28, '2025-02-15 04:01:15', 2, '2025-06-24 09:08:55', 'CUST050', 2),
(25, 'Toshniwal Instruments (Madras) Pvt Ltd', 'TOSHNI', '9500146007', 1, 'smvinod8@gmail.com', '', 0, '', 1, '1739592176887', 1, 1, 30, 0, 29, '2025-02-15 04:03:03', 2, '2025-06-24 09:09:06', 'CUST052', 2),
(26, 'HL Mando Anand India Pvt Ltd', 'MANDO', '7358408611', 1, 'manikandan2.s@halla.com', '', 0, '', 0, '1739592280759', 1, 1, 30, 0, 30, '2025-02-15 04:04:47', 2, '2025-06-24 09:09:14', 'CUST053', 2),
(27, 'Bharat FIH Limited - TN Plant (Site-II)', 'BFIH', '9940127974', 1, 'ganesan.maran@foxconn.com', '', 0, '', 1, '1739592453463', 1, 1, 30, 0, 31, '2025-02-15 04:07:39', 2, '2025-06-24 09:09:25', 'CUST058', 2),
(28, 'United Telelinks Neolyncs Private Limited', 'UTNPL', '9789802148', 1, 'christopher.rajaiah@neolync.com', '', 0, '', 1, '1739592779110', 1, 1, 30, 0, 32, '2025-02-15 04:13:05', 2, '2025-06-24 09:09:32', 'CUST059', 1),
(29, 'Foxlink India Electric Private Limited', 'FOXLINK', '9176999602', 1, 'manikandan_v@foxlink.com', '', 0, '', 1, '1739592888006', 1, 1, 30, 0, 33, '2025-02-15 04:14:54', 2, '2025-06-24 09:09:49', 'CUST066', 1),
(30, 'Wittur Elevators Components India Pvt Ltd', 'WITTUR', '8939991865', 1, 'admin.hr@wittur.com', '', 0, '', 1, '1739592989358', 1, 1, 30, 0, 34, '2025-02-15 04:16:35', 2, '2025-06-24 09:10:05', 'CUST069', 2),
(31, 'Avary Technology (India) Pvt Ltd', 'AVARY', '9940206292', 1, 'parthasarathy.g@avaryholding.com', '', 0, '', 1, '1739593100221', 1, 1, 30, 0, 35, '2025-02-15 04:18:26', 2, '2025-06-24 09:11:06', 'CUST071', 2),
(32, 'Indira Educational Charitable Trust', 'INDIRA', '1111111111', 1, 'eswar@indiraeducational.org', '', 0, '', 1, '1739593523078', 1, 1, 30, 0, 36, '2025-02-15 04:20:13', 2, '2025-06-24 07:53:49', 'CUST136', 2),
(33, 'Triune Technofab Private Limited', 'TRIUNE', '9999999999', 1, 'naren@triunetechnofab.com', '', 0, '', 1, '1739593332381', 1, 1, 30, 0, 37, '2025-02-15 04:22:18', 2, '2025-06-24 09:11:14', 'CUST080', 1),
(34, 'Tecno Doors Private Limited', 'TECNO', '2222222222', 1, 'nelson.mariajohn@fermator.com', '', 0, '', 1, '1739593706706', 1, 1, 30, 0, 38, '2025-02-15 04:23:16', 2, '2025-06-24 09:11:24', 'CUST131', 2),
(35, 'Adani Krishnapattinam Port Ltd', 'AKPL', '7702017773', 1, 'pradeep.b@adani.com', '', 0, '', 1, '1739593481229', 1, 1, 30, 0, 39, '2025-02-15 04:24:47', 2, '2025-06-24 09:04:15', 'CUST081', 1),
(36, 'Hyundai Engineering Chennai Pvt Ltd', 'HYUNDAIENGG', '3333333333', 1, 'jagadeesh.k@hec.co.kr', '', 0, '', 1, '1739593891538', 1, 1, 30, 0, 40, '2025-02-15 04:26:21', 2, '2025-06-24 09:04:04', 'CUST130', 2),
(37, 'Pfizer Healthcare India Pvt Ltd', 'PFIZER', '8939047242', 1, 'mathivanan.k@pfizer.com', '', 0, '', 1, '1739593999410', 1, 1, 30, 0, 41, '2025-02-15 04:28:09', 2, '2025-06-24 09:15:32', 'CUST129', 2),
(38, 'Wattpower Systems Pvt Ltd', 'WATT', '9884822315', 1, 'k.siva@wattpower.in', '', 0, '', 1, '1739594099218', 1, 1, 30, 0, 42, '2025-02-15 04:29:49', 2, '2025-06-24 09:02:31', 'CUST128', 2),
(39, 'Titan Engineering & Automation Limited', 'TITAN ENGINEERING', '7904482815', 1, 'shanmuganandh.p@justech.com', '', 0, '', 1, '1739594186060', 1, 1, 30, 0, 43, '2025-02-15 04:31:15', 2, '2025-06-24 08:58:46', 'CUST126', 2),
(40, 'NHK Spring India Limited', 'NHK', '2233223322', 1, 'devendrasingh@nhkspringindia.com', '', 0, '', 0, '1739594402010', 1, 1, 30, 0, 44, '2025-02-15 04:34:51', 2, '2025-06-24 08:54:08', 'CUST124', 1),
(41, 'Luftek Engineering Pvt Ltd', 'LUFTEK', '5988447984', 1, 'perumal@luftek.in', '', 0, '', 1, '1739594815568', 1, 1, 30, 0, 45, '2025-02-15 04:41:45', 2, '2025-06-24 08:53:52', 'CUST123', 2),
(42, 'TMTE Metal Tech Pvt Ltd', 'TMTE', '1856876775', 1, 'recruiter@donracks.com', '', 0, '', 1, '1739594900164', 1, 1, 30, 0, 46, '2025-02-15 04:43:10', 2, '2025-06-24 08:53:41', 'CUST122', 2),
(43, 'Orchid Pharma Limited', 'ORCHID', '8610772232', 1, 'rathinavel@orchidpharma.com', '', 0, '', 1, '1739595156656', 1, 1, 30, 0, 47, '2025-02-15 04:47:26', 2, '2025-12-18 12:55:37', 'CUST121', 2),
(44, 'Hero MotoCorp Limited', 'HERO', '3354854841', 1, 'vinodkumar.reddy@heromotocorp.com', '', 0, '', 1, '1739595256851', 1, 1, 30, 0, 48, '2025-02-15 04:49:06', 2, '2025-06-24 08:53:10', 'CUST120', 1),
(45, 'Voltas Limited', 'VOLTAS', '9345813054', 1, 'mugilanj@voltas.com', '', 0, '', 1, '1739595383842', 1, 1, 30, 0, 49, '2025-02-15 04:51:13', 2, '2025-06-24 12:00:11', 'CUST119', 2),
(46, 'Ashok Leyland Limited - Ennore Plant', 'AL', '9841330650', 1, 'Satheesh.S@ashokleyland.com', '', 0, '', 1, '1739595179658', 1, 1, 30, 0, 50, '2025-02-15 04:53:05', 2, '2025-06-24 08:51:46', 'CUST082', 2),
(47, 'Neolync Telecommunications Pvt Ltd - Sricity', 'NEOLYNC', '5465462342', 1, 'admin.ad@neolync.com', '', 0, '', 0, '1739595545506', 1, 1, 30, 0, 51, '2025-02-15 04:53:55', 2, '2025-11-21 08:59:48', 'CUST117', 1),
(48, 'Jusda India Supply Chain Management Pvt Ltd', 'JUSDA', '5554678578', 1, 'jyoti.rana@jusdaindia.com', '', 0, '', 1, '1739595641288', 1, 1, 30, 0, 52, '2025-02-15 04:55:31', 2, '2025-06-24 08:51:09', 'CUST116', 2),
(49, 'SPI Technologies India Pvt Ltd-Trichy', 'SPI', '9843150422', 1, 'murugesan@sps.co.in', '', 0, '', 1, '1739595411665', 1, 1, 30, 0, 53, '2025-02-15 04:56:57', 2, '2025-06-24 08:50:56', 'CUST089', 2),
(50, 'Excelacom Technologies Pvt Ltd', 'EXCELACOM', '9043099927', 1, 'Suresh.K@excelacom.in', '', 0, '', 1, '1739595781466', 1, 1, 30, 0, 54, '2025-02-15 04:57:51', 2, '2025-06-24 08:50:46', 'CUST115', 2),
(51, 'Ravel Electronics Private Limited', 'RAVEL', '9688999818', 1, 'hr@ravelfire.com', '', 0, '', 1, '1739595505306', 1, 1, 30, 0, 55, '2025-02-15 04:58:31', 2, '2025-06-24 08:50:34', 'CUST090', 2),
(52, 'Nelcast Limited', 'NELCASE', '8074249622', 1, 'pahr@nelcast.com', '', 0, '', 1, '1739595881047', 1, 1, 30, 0, 56, '2025-02-15 04:59:30', 2, '2025-06-24 08:50:15', 'CUST114', 1),
(53, 'Sathyabama Institute of Science & Technology', 'SATHYABAMA', '7299038384', 1, 'sathyabamatransport1770@gmail.com', '', 0, '', 0, '1739595605505', 1, 1, 30, 0, 57, '2025-02-15 05:00:11', 2, '2025-11-21 08:59:33', 'CUST091', 2),
(54, 'TI Clean Mobility Pvt Ltd', 'CELLESTIAL', '9361619415', 1, 'SaranrajRajendran@cellestial.murugappa.com', '', 0, '', 1, '1739595943946', 1, 1, 30, 0, 58, '2025-02-15 05:00:33', 2, '2025-06-24 08:49:49', 'CUST113', 2),
(55, 'Saipem India Projects Private Limited', 'SAIPEM', '9176940056', 1, 'Babu.Selvaraj@saipem.com', '', 0, '', 1, '1739595692673', 1, 1, 30, 0, 59, '2025-02-15 05:01:38', 2, '2025-06-24 08:49:38', 'CUST092', 2),
(56, 'FS India Solar Ventures Pvt Ltd', 'FIRSTSOLAR', '9841698510', 1, 'muralihr@sblt.co.in', '', 0, '', 1, '1739596029938', 1, 1, 30, 0, 60, '2025-02-15 05:01:59', 2, '2026-01-31 07:12:25', 'CUST111', 2),
(57, 'Ashok Leyland Limited - Foundry Division', 'AL', '8056427833', 1, 'omprakash.v@ashokleyland.com', '', 0, '', 1, '1739595773649', 1, 1, 30, 0, 61, '2025-02-15 05:02:59', 2, '2025-06-24 08:49:07', 'CUST094', 2),
(58, 'Gulf Oil Lubricants India Ltd', 'GULF', '8778163768', 1, 'admin.cp@gulfoil.co.in', '', 0, '', 1, '1739596121466', 1, 1, 30, 0, 62, '2025-02-15 05:03:31', 2, '2025-06-24 08:48:57', 'CUST108', 2),
(59, 'International Bakery Products Limited', 'IBPL', '7845004800', 1, 'ibploragadampurchase@gmail.com', '', 0, '', 1, '1739595874201', 1, 1, 30, 0, 63, '2025-02-15 05:04:40', 2, '2025-06-24 08:48:45', 'CUST095', 2),
(60, 'Mcwane India Pvt Ltd', 'MCWANE', '9100089620', 1, 'pradeepbabu.b@mcwaneindia.com', '', 0, '', 1, '1739596216026', 1, 1, 30, 0, 64, '2025-02-15 05:05:05', 2, '2025-06-24 08:48:33', 'CUST107', 1),
(61, 'Newgen Nandavanam Charitable Trust', 'NEWGEN', '9940638935', 1, 'jayaprakashg@newgen.co', '', 0, '', 1, '1739595967729', 1, 1, 30, 0, 65, '2025-02-15 05:06:14', 2, '2025-06-24 08:48:20', 'CUST100', 2),
(62, 'Vellore Institute of Technology', 'VIT', '9087756181', 1, 'transport.cc@vit.ac.in', '', 0, '', 1, '1739596318139', 1, 1, 30, 0, 66, '2025-02-15 05:06:47', 2, '2025-06-24 08:46:58', 'CUST104', 2),
(63, 'Dell International Services Pvt Ltd', 'DELL', '9094956551', 1, 'Muralidharan.Sundara@dellteam.com', '', 0, '', 1, '1739596065329', 1, 1, 30, 0, 67, '2025-02-15 05:07:51', 2, '2025-06-24 08:46:46', 'CUST101', 2),
(64, 'AJ Higher Secondary School', 'AJ', '1266957634', 1, 'uk_sathish@yahoo.co.in', '', 0, '', 1, '1739596640763', 1, 1, 30, 0, 68, '2025-02-15 05:12:10', 2, '2025-06-24 08:46:28', 'CUST102', 2),
(65, 'TabTree IT Consulting and Services LLP', 'TabTree', '9500046060', 1, 'vijayan.v@tabtree.in', '', 0, '', 0, '1739955931829', 1, 1, 30, 0, 69, '2025-02-19 09:05:38', 2, '2025-11-21 11:07:33', 'TT0001', 2),
(66, 'Greenpanel Industries Limited', 'Greenpanel', '9700272725', 1, 'balasudheer@greenpanel.com', '', 1, '37AAHCG1211B1ZB', 1, '1742201345643', 2, 1, 30, 0, 71, '2025-03-17 08:49:36', 2, '2025-06-24 08:45:53', 'CUST127', 2),
(67, 'Sanmina-Sci India Pvt Ltd - SEZ', 'Sanmina - SEZ', '9384807967', 1, 'perumal.krishnan@sanmina.com', '', 1, '33AAFCS8737E1ZA', 1, '1742201750692', 2, 1, 30, 0, 72, '2025-03-17 08:56:22', 2, '2025-07-17 09:14:23', 'CUST132', 2),
(68, 'Sanmina-Sci India Pvt Ltd. DTA Unit -2', 'Sanmina-Sci', '7418706945', 1, 'vedha.neelakandan@sanmina.com', 'Industrial Growth Centre', 1, '33AAFCS8737E2Z9', 1, '1742202567236', 2, 1, 30, 0, 73, '2025-03-17 09:09:58', 2, '2025-11-21 09:05:37', 'CUST143', 2),
(69, 'Sundam Clayton Limited - TK', 'SCL - TK', '9952702732', 1, 't.thirupathisankar@sundaramclayton.com', '', 1, '33AAGCT4069D1ZH', 1, '1742203860216', 2, 1, 30, 0, 74, '2025-03-17 09:31:31', 2, '2025-06-24 08:45:20', 'CUST134', 2),
(70, 'Sree Sastha Institute of Engineering and Technology', 'Sree Sastha', '7397773353', 1, 'neelho@ssiet.in', '', 1, '33AHEPV2015M1ZB', 1, '1742208953362', 2, 1, 30, 0, 75, '2025-03-17 10:56:24', 2, '2025-06-24 08:45:06', 'CUST135', 2),
(71, 'Shree Marutinandan Logistics Pvt Ltd', 'SMNL', '9000403181', 1, 'krishnach@smnl.in', '', 0, '', 1, '1745049398385', 2, 1, 30, 0, 76, '2025-04-19 07:57:16', 2, '2025-06-24 08:34:38', 'CUST140', 1),
(72, 'Ashok Leyland Limited - Vijayawada Plant', 'Ashok Leyland -Vijayawada', '9414020361', 1, 'gopinath.a2@ashokleyland.com', '', 0, '', 1, '1745224195230', 2, 1, 30, 0, 77, '2025-04-21 08:30:34', 2, '2025-06-24 08:34:11', 'CUST137', 1),
(73, 'Cetc Renewable Energy Technology (India) Private Limited', 'CETC', '8978115879', 1, 'sheik.h@cetcredsolar.com', '', 0, '', 1, '1750753730885', 2, 1, 30, 0, 78, '2025-06-24 08:29:51', 2, '2025-06-24 08:35:04', 'CUST138', 1),
(74, 'Foxconn Technology India Private Limited -A10', 'FOXCONN - A10', '2255566555', 1, 'Nwe-ind-hrd@mail.foxconn.com', '', 0, '', 1, '1750754508836', 2, 1, 30, 0, 79, '2025-06-24 08:42:49', 2, '2025-06-24 08:42:49', 'CUST139', 2),
(75, 'Rane (Madras) Limited', 'Rane', '9962943361', 1, 's.sindhu-contr@ranegroup.com', '', 0, '', 1, '1752134714495', 2, 1, 30, 0, 80, '2025-07-10 08:06:20', 2, '2025-08-19 10:40:23', 'CUST142', 2),
(76, 'Sri Muthukumaran Institute of Technology', 'Muthukumaran Institute', '9443467264', 1, 'Principal@smit.edu.in', '94434 67264', 0, '', 1, '1763712342052', 2, 1, 30, 0, 81, '2025-11-21 08:07:36', 2, '2025-11-21 08:07:36', 'CUST146', 2),
(77, 'The American International School - Chennai', 'American International School', '6385091722', 1, 'transport@aischennai.org', '', 0, '', 1, '1763713836009', 2, 1, 30, 0, 82, '2025-11-21 08:32:30', 2, '2025-11-21 09:02:22', 'CUST150', 2);

-- --------------------------------------------------------

--
